{"id":2569,"date":"2023-01-26T11:27:52","date_gmt":"2023-01-26T10:27:52","guid":{"rendered":"https:\/\/www.nedozery.sk\/vcelarstvo\/?page_id=2569"},"modified":"2023-01-26T11:29:08","modified_gmt":"2023-01-26T10:29:08","slug":"reklamacny-poriadok","status":"publish","type":"page","link":"https:\/\/www.nedozery.sk\/vcelarstvo\/reklamacny-poriadok\/","title":{"rendered":"Reklama\u010dn\u00fd poriadok"},"content":{"rendered":"<p><strong>Reklama\u010dn\u00fd poriadok internetov\u00e9ho obchodu www.nedozery.sk\/vcelarstvo\/<\/strong><\/p>\n<p><strong>\u00a0<\/strong><\/p>\n<ol>\n<li><strong> V\u0161eobecn\u00e9 ustanovenia<\/strong><\/li>\n<\/ol>\n<p>1.1. Tento reklama\u010dn\u00fd poriadok je vydan\u00fd v s\u00falade so z\u00e1konom \u010d. 40\/1964 Zb. Ob\u010diansky z\u00e1konn\u00edk v platnom znen\u00ed (\u010falej len \u201eOb\u010diansky z\u00e1konn\u00edk\u201c), z\u00e1konom \u010d. 250\/2007 Z. z. o ochrane spotrebite\u013ea v platnom znen\u00ed \/\u010falej iba \u201eZ\u00e1kon o ochrane spotrebite\u013ea\u201c\/, z\u00e1kona \u010d.102\/2014 Z. z. o ochrane spotrebite\u013ea pri predaji tovaru alebo poskytovan\u00ed slu\u017eieb na z\u00e1klade zmluvy uzavretej na dia\u013eku alebo zmluvy uzavretej mimo prev\u00e1dzkov\u00fdch priestorov pred\u00e1vaj\u00faceho v platnom znen\u00ed a z\u00e1kona \u010d. 22\/2004 Z. z. o elektronickom obchode v platnom znen\u00ed. Reklama\u010dn\u00fd poriadok upravuje pr\u00e1vny vz\u0165ah medzi pred\u00e1vaj\u00facim, ktor\u00fdm je <strong>Veronika Flimelov\u00e1-V\u010del\u00e1rstvo., so s\u00eddlom V.B.Nedo\u017eersk\u00e9ho 18\/35, 972 12 Nedo\u017eery-Brezany, Slovensk\u00e1 republika, I\u010cO: <\/strong><strong>54079616<\/strong> (\u010falej aj\u00a0<strong>\u201cPred\u00e1vaj\u00faci\u201d<\/strong>) a ka\u017edou osobou, ktor\u00e1 je kupuj\u00facim tovaru pon\u00fakan\u00e9ho Pred\u00e1vaj\u00facim v Internetovom obchode. Pred\u00e1vaj\u00faceho, a ktor\u00e1 vystupuje v poz\u00edcii spotrebite\u013ea v zmysle \u010fal\u0161\u00edch ustanoven\u00ed t\u00fdchto V\u0161eobecn\u00fdch obchodn\u00fdch podmienok a pr\u00edslu\u0161n\u00fdch z\u00e1konov definuj\u00facich spotrebite\u013ea, v zmysle platnej legislat\u00edvy Slovenskej republiky, najm\u00e4 z\u00e1konov, z\u00e1kon \u010d. 102\/2014 Z. z. o ochrane spotrebite\u013ea pri predaji tovaru alebo poskytnut\u00ed slu\u017eieb na z\u00e1klade zmluvy uzavretej na dia\u013eku alebo zmluvy uzavretej mimo prev\u00e1dzkov\u00fdch priestorov pred\u00e1vaj\u00faceho a z\u00e1kona \u010d. 250\/2007 Z.z. o ochrane spotrebite\u013ea v znen\u00ed neskor\u0161\u00edch predpisov.<\/p>\n<p>1.2. Bli\u017e\u0161ie kontaktn\u00e9 a identifika\u010dn\u00e9 \u00fadaje Pred\u00e1vaj\u00faceho s\u00fa k dispoz\u00edcii v \u010dasti\u00a0<a href=\"https:\/\/www.nedozery.sk\/vcelarstvo\/kontakty\/\">Kontakty<\/a><\/p>\n<p>1.3. Tento Reklama\u010dn\u00fd poriadok upravuje pr\u00e1va a povinnosti kupuj\u00faceho, ktor\u00fd je spotrebite\u013e pri uplat\u0148ovan\u00ed pr\u00e1v z v\u00e1d veci (tovaru) v zmysle uzatvorenej k\u00fapnej zmluvy na dia\u013eku s pred\u00e1vaj\u00facim prostredn\u00edctvom elektronick\u00e9ho obchodu pred\u00e1vaj\u00faceho\u00a0<a href=\"https:\/\/www.nedozery.sk\/vcelarstvo\/\">https:\/\/www.nedozery.sk\/vcelarstvo\/<\/a><\/p>\n<p>1.4. Kupuj\u00facim je ka\u017ed\u00e1 osoba (fyzick\u00e1 alebo pr\u00e1vnick\u00e1), ktor\u00e1 vyplnila a odoslala objedn\u00e1vku prostredn\u00edctvom internetovej str\u00e1nky Pred\u00e1vaj\u00faceho a dostala emailov\u00e9 ozn\u00e1menie o potvrden\u00ed prijatia objedn\u00e1vky a uhradila k\u00fapnu cenu.<\/p>\n<p>1.5. Spotrebite\u013eom je Kupuj\u00faci, ktor\u00fd je fyzick\u00e1 osoba, a ktor\u00fd pri uzatv\u00e1ran\u00ed k\u00fapnej zmluvy pod\u013ea tohto Reklama\u010dn\u00e9ho poriadku a pod\u013ea V\u0161eobecn\u00fdch obchodn\u00fdch podmienok zverejnen\u00fdch na str\u00e1nke pred\u00e1vaj\u00faceho nekon\u00e1 v r\u00e1mci predmetu svojej podnikate\u013eskej \u010dinnosti.<\/p>\n<p>1.6. T\u00fdmto reklama\u010dn\u00fdm poriadkom sa upravuj\u00fa pr\u00e1vne vz\u0165ahy medzi kupuj\u00facimi, ktor\u00ed s\u00fa spotrebite\u013emi a pred\u00e1vaj\u00facim.<\/p>\n<p>1.7. Pr\u00e1vne vz\u0165ahy vypl\u00fdvaj\u00face z uplatnenia pr\u00e1v zo zodpovednosti za vady medzi pred\u00e1vaj\u00facim a kupuj\u00facim, ktor\u00fd je pr\u00e1vnick\u00e1 osoba alebo fyzick\u00e1 osoba podnikate\u013e, ktor\u00fd kon\u00e1 v r\u00e1mci svojej podnikate\u013eskej \u010dinnosti \/osoby, ktor\u00e9 nie s\u00fa v postaven\u00ed spotrebite\u013ea\/ sa riadia pod\u013ea z\u00e1kona \u010d. 513\/1991 Zb. Obchodn\u00fd z\u00e1konn\u00edk v platnom znen\u00ed.<\/p>\n<p>1.8. Produkty s\u00fa tovary ktor\u00e9 s\u00fa ur\u010den\u00e9 k predaju a z\u00e1rove\u0148 s\u00fa zverejnen\u00e9 v Internetovom obchode pred\u00e1vaj\u00faceho (\u010falej tie\u017e ako \u201etovar\u201c alebo \u201eveci\u201c).<\/p>\n<ol>\n<li><strong> Odkazy<\/strong><\/li>\n<\/ol>\n<p>2.1. Na vz\u0165ahy zo zodpovednosti pred\u00e1vaj\u00faceho za vady tovaru, alebo slu\u017eieb (ako aj \u010fal\u0161ie pr\u00e1vne vz\u0165ahy, ktor\u00e9 m\u00f4\u017eu zo zmluvn\u00e9ho vz\u0165ahu vyplyn\u00fa\u0165) s fyzick\u00fdmi osobami, ktor\u00e9 pri uzatv\u00e1ran\u00ed k\u00fapnej zmluvy nekonaj\u00fa v r\u00e1mci predmetu svojej podnikate\u013eskej \u010dinnosti \/spotrebite\u013emi\/, sa vz\u0165ahuj\u00fa okrem v\u0161eobecn\u00fdch ustanoven\u00ed z\u00e1kona \u010d.40\/1964 Zb. Ob\u010diansky z\u00e1konn\u00edk v znen\u00ed neskor\u0161\u00edch predpisov, aj osobitn\u00e9 predpisy, najm\u00e4 z\u00e1kon \u010d. 102\/2014 Z. z. o ochrane spotrebite\u013ea pri predaji tovaru alebo poskytnut\u00ed slu\u017eieb na z\u00e1klade zmluvy uzavretej na dia\u013eku alebo zmluvy uzavretej mimo prev\u00e1dzkov\u00fdch priestorov pred\u00e1vaj\u00faceho a z\u00e1kon \u010d. 250\/2007 Z.z. o ochrane spotrebite\u013ea.<\/p>\n<p>2.2. Pr\u00e1vne vz\u0165ahy vypl\u00fdvaj\u00face z uplatnenia pr\u00e1v zo zodpovednosti za vady medzi pred\u00e1vaj\u00facim a kupuj\u00facim, ktor\u00fd je pr\u00e1vnick\u00e1 osoba alebo fyzick\u00e1 osoba podnikate\u013e, ktor\u00fd kon\u00e1 v r\u00e1mci svojej podnikate\u013eskej \u010dinnosti \/osoby, ktor\u00e9 nie s\u00fa v postaven\u00ed spotrebite\u013ea\/ sa riadia pod\u013ea z\u00e1kona \u010d. 513\/1991 Zb. Obchodn\u00fd z\u00e1konn\u00edk v platnom znen\u00ed.<\/p>\n<p><strong>III. Zodpovednos\u0165 pred\u00e1vaj\u00faceho za vady produktov (tovarov a slu\u017eieb)<\/strong><\/p>\n<p>3.1. Pred\u00e1vaj\u00faci je povinn\u00fd doda\u0165 vec (tovar) v s\u00falade s uzavretou k\u00fapnou zmluvou t.j. v po\u017eadovanej akosti, mno\u017estve a bez v\u00e1d (faktick\u00fdch, pr\u00e1vnych).<\/p>\n<p>3.2. Pred\u00e1vaj\u00faci zodpoved\u00e1 za vady, ktor\u00e9 m\u00e1 predan\u00e1 vec pri prevzat\u00ed kupuj\u00facim. Ak nejde o pou\u017eit\u00e9 veci, zodpoved\u00e1 pred\u00e1vaj\u00faci za vady, ktor\u00e9 sa vyskytn\u00fa po prevzat\u00ed veci v z\u00e1ru\u010dnej dobe (z\u00e1ruka). Odpor\u00fa\u010dame kupuj\u00facemu aby vady tovarov uplatnil u pred\u00e1vaj\u00faceho bez zbyto\u010dn\u00e9ho odkladu. Pri pou\u017eit\u00fdch veciach pred\u00e1vaj\u00faci nezodpoved\u00e1 za vady vzniknut\u00e9 ich pou\u017eit\u00edm alebo opotreben\u00edm. Pri veciach pred\u00e1van\u00fdch za ni\u017e\u0161iu cenu nezodpoved\u00e1 pred\u00e1vaj\u00faci za vadu, pre ktor\u00fa bola dojednan\u00e1 ni\u017e\u0161ia cena.<\/p>\n<p>3.3. Kupuj\u00faci je opr\u00e1vnen\u00fd pred\u00e1van\u00fa vec pred prevzat\u00edm prezrie\u0165.<\/p>\n<ol>\n<li><strong> Z\u00e1ru\u010dn\u00e1 doba<\/strong><\/li>\n<\/ol>\n<p>4.1. Z\u00e1ru\u010dn\u00e1 doba je 24 mesiacov. Z\u00e1ru\u010dn\u00e1 doba pokia\u013e ide o pou\u017eit\u00fa vec je 12 mesiacov. Z\u00e1ru\u010dn\u00e9 doby za\u010d\u00ednaj\u00fa plyn\u00fa\u0165 od prevzatia veci kupuj\u00facim. Ak je na pred\u00e1vanej veci, jej obale alebo n\u00e1vode k nej pripojenom vyzna\u010den\u00e1 lehota na pou\u017eitie, neskon\u010d\u00ed sa z\u00e1ru\u010dn\u00e1 doba pred uplynut\u00edm tejto lehoty.<\/p>\n<p>4.2. Na \u017eiados\u0165 kupuj\u00faceho je pred\u00e1vaj\u00faci povinn\u00fd poskytn\u00fa\u0165 z\u00e1ruku p\u00edsomnou formou (z\u00e1ru\u010dn\u00fd list). Ak to povaha veci umo\u017e\u0148uje, posta\u010d\u00ed namiesto z\u00e1ru\u010dn\u00e9ho listu vyda\u0165 doklad o k\u00fape.<\/p>\n<p>4.3. Vyhl\u00e1sen\u00edm v z\u00e1ru\u010dnom liste vydanom kupuj\u00facemu alebo v reklame m\u00f4\u017ee pred\u00e1vaj\u00faci poskytn\u00fa\u0165 z\u00e1ruku presahuj\u00facu rozsah z\u00e1ruky pod\u013ea tohto Reklama\u010dn\u00e9ho poriadku. V z\u00e1ru\u010dnom liste ur\u010d\u00ed pred\u00e1vaj\u00faci podmienky a rozsah tejto z\u00e1ruky.<\/p>\n<p>4.4. Z\u00e1ru\u010dn\u00e9 doby za\u010d\u00ednaj\u00fa plyn\u00fa\u0165 od prevzatia veci kupuj\u00facim.<\/p>\n<p>4.5. Ak kupuj\u00facim nie je spotrebite\u013e, postupuje sa v zmysle ustanoven\u00ed Obchodn\u00e9ho z\u00e1konn\u00edka a z\u00e1ru\u010dn\u00e1 doba je 1 rok. Z\u00e1ru\u010dn\u00e1 doba za\u010d\u00edna plyn\u00fa\u0165 v zmysle ustanovenia \u010cl. IV, bod 4.7. tohto Reklama\u010dn\u00e9ho poriadku.<\/p>\n<p>4.6. Ak d\u00f4jde k v\u00fdmene za nov\u00fa vec, za\u010dne plyn\u00fa\u0165 z\u00e1ru\u010dn\u00e1 doba znova od prevzatia novej veci.<\/p>\n<p>4.7. Pr\u00e1va zo zodpovednosti za vady veci, pre ktor\u00e9 plat\u00ed z\u00e1ru\u010dn\u00e1 doba, zanikn\u00fa, ak sa neuplatnili v z\u00e1ru\u010dnej dobe.<\/p>\n<p>4.8. Z\u00e1ru\u010dn\u00e1 doba sa predl\u017euje o dobu, po ktor\u00fa bol tovar v reklam\u00e1cii. Pr\u00e1va zo zodpovednosti za chyby tovaru, pre ktor\u00e9 plat\u00ed z\u00e1ru\u010dn\u00e1 doba, zanikn\u00fa, ak neboli uplatnen\u00e9 v z\u00e1ru\u010dnej dobe.<\/p>\n<p>4.9.V pr\u00edpade ak je kupuj\u00faci spotrebite\u013eom, v r\u00e1mci z\u00e1konnej z\u00e1ru\u010dnej lehoty sa reklam\u00e1cie riadia z\u00e1konom \u010d 40\/1964 Zb., Ob\u010diansky z\u00e1konn\u00edk a z\u00e1konom \u010d. 250\/2007 Z.z, o ochrane spotrebite\u013ea, oba z\u00e1kony v platnom a \u00fa\u010dinnom znen\u00ed, s prihliadnut\u00edm k spresneniam v tomto Reklama\u010dnom poriadku.<\/p>\n<p>4.10. Ak d\u00f4jde k v\u00fdmene veci, za\u010dne plyn\u00fa\u0165 z\u00e1ru\u010dn\u00e1 lehota znova od prevzatia novej veci. To ist\u00e9 plat\u00ed, ak d\u00f4jde k v\u00fdmene s\u00fa\u010diastky, na ktor\u00fa bola poskytnut\u00e1 z\u00e1ruka.<\/p>\n<ol>\n<li><strong> Postup pri uplat\u0148ovan\u00ed pr\u00e1v zo zodpovednosti za vady (Reklam\u00e1cia)<\/strong><\/li>\n<\/ol>\n<p>5.1. Kupuj\u00faci je opr\u00e1vnen\u00fd uplatni\u0165 pr\u00e1va zo zodpovednosti za vady veci (tovaru) na adrese zverejnenej priamo na str\u00e1nke, v sekcii\u00a0<u><a href=\"https:\/\/www.nedozery.sk\/vcelarstvo\/kontakty\/\">Kontakty<\/a><\/u><\/p>\n<p>Kupuj\u00faci m\u00f4\u017ee v\u017edy vyu\u017ei\u0165 pr\u00e1vo uplatni\u0165 osobne reklam\u00e1ciu v ktorejko\u013evek prev\u00e1dzkarni pred\u00e1vaj\u00faceho, v ktorej je prijatie reklam\u00e1cie vzh\u013eadom na povahu veci mo\u017en\u00e9, alebo v s\u00eddle pred\u00e1vaj\u00faceho, alebo prostredn\u00edctvom tret\u00edch os\u00f4b napr. prepravn\u00e9 spolo\u010dnosti, z\u00e1sielkov\u00e9 spolo\u010dnosti, a. i. Odpor\u00fa\u010dame kupuj\u00facemu aby k uplatneniu reklam\u00e1cie vyu\u017eil kombinovan\u00fd Formul\u00e1r pre Odst\u00fapenie od zmluvy reklam\u00e1ciu\/v\u00fdmenu\/vr\u00e1tenie, ktor\u00fd je dostupn\u00fd na stiahnutie na internetovej str\u00e1nke pred\u00e1vaj\u00faceho.<\/p>\n<p>5.2. V pr\u00edpade ak Kupuj\u00faci reklamuje tovar inak ako osobne, pred\u00e1vaj\u00faci odpor\u00fa\u010da Kupuj\u00facemu, aby zasielal tovar spolu s detailn\u00fdm popisom chyby tovaru, a dokladom preukazuj\u00facim zak\u00fapenie tovaru v na\u0161om obchode \/napr\u00edklad doklad o zaplaten\u00ed, fakt\u00fara, z\u00e1ru\u010dn\u00fd list\/, a to z d\u00f4vodu ur\u00fdchlenia reklama\u010dn\u00e9ho procesu.<\/p>\n<p>5.3. Tovar v pr\u00edpade reklam\u00e1cie, odpor\u00fa\u010dame zasiela\u0165 doporu\u010denou formou. Tovar pred\u00e1vaj\u00faci odpor\u00fa\u010da nezasiela\u0165 formou dobierky, nako\u013eko takto zaslan\u00fd tovar nebude zo strany pred\u00e1vaj\u00faceho zaslan\u00fd.<\/p>\n<p>5.4 Pred\u00e1vaj\u00faci je povinn\u00fd pri uplatnen\u00ed reklam\u00e1cie vyda\u0165 spotrebite\u013eovi potvrdenie. Ak je reklam\u00e1cia uplatnen\u00e1 prostredn\u00edctvom prostriedkov dia\u013ekovej komunik\u00e1cie, pred\u00e1vaj\u00faci je povinn\u00fd potvrdenie o prijat\u00ed reklam\u00e1cie doru\u010di\u0165 spotrebite\u013eovi ihne\u010f; ak nie je mo\u017en\u00e9 potvrdenie doru\u010di\u0165 ihne\u010f, mus\u00ed sa doru\u010di\u0165 bez zbyto\u010dn\u00e9ho odkladu, najnesk\u00f4r v\u0161ak spolu s dokladom o vybaven\u00ed reklam\u00e1cie; potvrdenie o uplatnen\u00ed reklam\u00e1cie sa nemus\u00ed doru\u010dova\u0165, ak spotrebite\u013e m\u00e1 mo\u017enos\u0165 preuk\u00e1za\u0165 uplatnenie reklam\u00e1cie in\u00fdm sp\u00f4sobom.<\/p>\n<p>5.5. Pred\u00e1vaj\u00faci je povinn\u00fd o vybaven\u00ed reklam\u00e1cie vyda\u0165 p\u00edsomn\u00fd doklad najnesk\u00f4r do 30 dn\u00ed odo d\u0148a uplatnenia reklam\u00e1cie.<\/p>\n<p>5.6. Vybaven\u00edm reklam\u00e1cie nie je dotknut\u00e9 pr\u00e1vo spotrebite\u013ea na n\u00e1hradu \u0161kody pod\u013ea osobitn\u00e9ho predpisu.<\/p>\n<p>5.7. Pred\u00e1vaj\u00faci je povinn\u00fd ur\u010di\u0165 sp\u00f4sob vybavenia reklam\u00e1cie ihne\u010f, v zlo\u017eit\u00fdch pr\u00edpadoch do 3 dn\u00ed odo d\u0148a uplatnenia reklam\u00e1cie. V od\u00f4vodnen\u00fdch pr\u00edpadoch, najm\u00e4 ak sa vy\u017eaduje zlo\u017eit\u00e9 technick\u00e9 zhodnotenie tovaru najnesk\u00f4r do 30 dni odo d\u0148a uplatnenia reklam\u00e1cie. Po ur\u010den\u00ed sp\u00f4sobu vybavenia reklam\u00e1cie vybav\u00ed reklam\u00e1ciu pred\u00e1vaj\u00faci ihne\u010f, v od\u00f4vodnen\u00fdch pr\u00edpadoch mo\u017eno reklam\u00e1ciu vybavi\u0165 aj nesk\u00f4r. Vybavenie reklam\u00e1cie v\u0161ak nesmie by\u0165 dlh\u0161ie ako 30 dn\u00ed odo d\u0148a uplatnenia reklam\u00e1cie. Po uplynut\u00ed 30 d\u0148ovej lehoty na vybavenie reklam\u00e1cie m\u00e1 kupuj\u00faci pr\u00e1vo odst\u00fapi\u0165 od k\u00fapnej zmluvy a bude mu vr\u00e1ten\u00e1 pln\u00e1 suma za tovar alebo m\u00e1 pr\u00e1vo na v\u00fdmenu tovaru za nov\u00fd.<\/p>\n<p>5.8. Ak spotrebite\u013e reklam\u00e1ciu v\u00fdrobku uplatnil po\u010das prv\u00fdch 12 mesiacov od k\u00fapy, m\u00f4\u017ee pred\u00e1vaj\u00faci vybavi\u0165 reklam\u00e1ciu zamietnut\u00edm len na z\u00e1klade odborn\u00e9ho pos\u00fadenia; bez oh\u013eadu na v\u00fdsledok odborn\u00e9ho pos\u00fadenia nemo\u017eno od spotrebite\u013ea vy\u017eadova\u0165 \u00fahradu n\u00e1kladov na odborn\u00e9 pos\u00fadenie ani in\u00e9 n\u00e1klady s\u00favisiace s odborn\u00fdm pos\u00faden\u00edm. Pred\u00e1vaj\u00faci je povinn\u00fd poskytn\u00fa\u0165 spotrebite\u013eovi k\u00f3piu odborn\u00e9ho pos\u00fadenia od\u00f4vod\u0148uj\u00faceho zamietnutie reklam\u00e1cie najnesk\u00f4r do 14 dn\u00ed odo d\u0148a vybavenia reklam\u00e1cie.<\/p>\n<p>5.9. Ak spotrebite\u013e reklam\u00e1ciu v\u00fdrobku uplatnil po 12 mesiacoch od k\u00fapy a pred\u00e1vaj\u00faci ju zamietol, osoba, ktor\u00e1 reklam\u00e1ciu vybavila, je povinn\u00e1 v doklade o vybaven\u00ed reklam\u00e1cie uvies\u0165, komu m\u00f4\u017ee spotrebite\u013e zasla\u0165 v\u00fdrobok na odborn\u00e9 pos\u00fadenie. Ak je v\u00fdrobok zaslan\u00fd na odborn\u00e9 pos\u00fadenie ur\u010denej osobe, n\u00e1klady odborn\u00e9ho pos\u00fadenia, ako aj v\u0161etky ostatn\u00e9 s t\u00fdm s\u00favisiace \u00fa\u010delne vynalo\u017een\u00e9 n\u00e1klady zn\u00e1\u0161a pred\u00e1vaj\u00faci bez oh\u013eadu na v\u00fdsledok odborn\u00e9ho pos\u00fadenia. Ak spotrebite\u013e odborn\u00fdm pos\u00faden\u00edm preuk\u00e1\u017ee zodpovednos\u0165 pred\u00e1vaj\u00faceho za vadu, m\u00f4\u017ee reklam\u00e1ciu uplatni\u0165 znova; po\u010das vykon\u00e1vania odborn\u00e9ho pos\u00fadenia z\u00e1ru\u010dn\u00e1 doba neplynie. Pred\u00e1vaj\u00faci je povinn\u00fd spotrebite\u013eovi uhradi\u0165 do 14 dn\u00ed odo d\u0148a znova uplatnenia reklam\u00e1cie v\u0161etky n\u00e1klady vynalo\u017een\u00e9 na odborn\u00e9 pos\u00fadenie, ako aj v\u0161etky s t\u00fdm s\u00favisiace \u00fa\u010delne vynalo\u017een\u00e9 n\u00e1klady. Znova uplatnen\u00fa reklam\u00e1ciu nemo\u017eno zamietnu\u0165.<\/p>\n<p>5.10. Spotrebite\u013e m\u00e1 pr\u00e1vo na \u00fahradu nevyhnutn\u00fdch n\u00e1kladov (najm\u00e4 po\u0161tovn\u00e9ho, ktor\u00e9 uhradil pri odosielan\u00ed reklamovan\u00e9ho tovaru), ktor\u00e9 mu vznikli v s\u00favislosti s uplatnen\u00edm opr\u00e1vnen\u00fdch pr\u00e1v zo zodpovednosti za vady tovarov a slu\u017eieb. V pr\u00edpade odst\u00fapenia od zmluvy z d\u00f4vodu chyby veci, alebo slu\u017eby m\u00e1 spotrebite\u013e tie\u017e pr\u00e1vo na \u00fahradu n\u00e1kladov k tomuto odst\u00fapeniu.<\/p>\n<p>5.11. N\u00e1le\u017eitosti odborn\u00e9ho pos\u00fadenia v zmysle bodu 5.8. tohto \u010dl\u00e1nku: Odborn\u00e9 pos\u00fadenie mus\u00ed obsahova\u0165:<\/p>\n<ol>\n<li>a) identifik\u00e1ciu osoby, ktor\u00e1 vykon\u00e1va odborn\u00e9 pos\u00fadenie,<\/li>\n<li>b) presn\u00fa identifik\u00e1ciu posudzovan\u00e9ho v\u00fdrobku,<\/li>\n<li>c) popis stavu v\u00fdrobku,<\/li>\n<li>d) v\u00fdsledok pos\u00fadenia,<\/li>\n<li>e) d\u00e1tum vyhotovenia odborn\u00e9ho pos\u00fadenia.<\/li>\n<\/ol>\n<p>5.12. O vybaven\u00ed reklam\u00e1cie a o sp\u00f4sobe jej vybavenia je Pred\u00e1vaj\u00faci povinn\u00fd informova\u0165 Spotrebite\u013ea, a to vhodnou a preuk\u00e1zate\u013enou formou, a to najnesk\u00f4r do 30 dn\u00ed odo d\u0148a uplatnenia reklam\u00e1cie. Pred\u00e1vaj\u00faci je povinn\u00fd o vybaven\u00ed reklam\u00e1cie vyda\u0165 p\u00edsomn\u00fd doklad a to najnesk\u00f4r do 30 dn\u00ed odo d\u0148a uplatnenia reklam\u00e1cie.<\/p>\n<p>5.13. Za ukon\u010denie reklama\u010dn\u00e9ho konania \/reklam\u00e1cie\/ sa pova\u017euje jej vybavenie. Pod vybaven\u00edm reklam\u00e1cie sa rozumie ukon\u010denie reklama\u010dn\u00e9ho konania odovzdan\u00edm opraven\u00e9ho v\u00fdrobku osobe, ktor\u00e1 reklam\u00e1ciu uplatnila, v\u00fdmenou v\u00fdrobku, vr\u00e1ten\u00edm k\u00fapnej ceny v\u00fdrobku, vyplaten\u00edm primeranej z\u013eavy z ceny v\u00fdrobku, p\u00edsomn\u00e1 v\u00fdzva na prevzatie plnenia, alebo zamietnutie reklam\u00e1cie v zmysle podmienok ustanoven\u00fdch z\u00e1konom.<\/p>\n<p>5.14. Ak to charakter v\u00fdrobku umo\u017e\u0148uje, spotrebite\u013e pred\u00e1vaj\u00facemu (ur\u010denej osobe) v\u00fdrobok odovzd\u00e1 pri uplatnen\u00ed reklam\u00e1cie. Ak povaha v\u00fdrobku neumo\u017e\u0148uje doru\u010di\u0165 v\u00fdrobok pred\u00e1vaj\u00facemu (ur\u010denej osobe), spotrebite\u013e m\u00f4\u017ee pri uplatnen\u00ed reklam\u00e1cie po\u017eadova\u0165 odstr\u00e1nenie vady na mieste, kde sa v\u00fdrobok nach\u00e1dza alebo si s pred\u00e1vaj\u00facim (ur\u010denou osobou) dohodn\u00fa\u0165 sp\u00f4sob prepravy v\u00fdrobku.<\/p>\n<p>5.15. Doba od uplatnenia pr\u00e1va zo zodpovednosti za vady a\u017e do doby, ke\u010f kupuj\u00faci po skon\u010den\u00ed opravy bol povinn\u00fd vec prevzia\u0165, sa do z\u00e1ru\u010dnej doby nepo\u010d\u00edta. Pred\u00e1vaj\u00faci je povinn\u00fd vyda\u0165 kupuj\u00facemu potvrdenie o tom, kedy pr\u00e1vo uplatnil, ako aj o vykonan\u00ed opravy a o dobe jej trvania.<\/p>\n<ol>\n<li><strong> Pr\u00e1va kupuj\u00faceho pri uplatnen\u00ed pr\u00e1v zo zodpovednosti za vady<\/strong><\/li>\n<\/ol>\n<p>6.1. Ak ide o vadu, ktor\u00fa mo\u017eno odstr\u00e1ni\u0165, m\u00e1 kupuj\u00faci pr\u00e1vo, aby bola bezplatne, v\u010das a riadne odstr\u00e1nen\u00e1. Pred\u00e1vaj\u00faci je povinn\u00fd vadu bez zbyto\u010dn\u00e9ho odkladu odstr\u00e1ni\u0165.<\/p>\n<p>6.2. Kupuj\u00faci m\u00f4\u017ee namiesto odstr\u00e1nenia vady po\u017eadova\u0165 v\u00fdmenu veci, alebo ak sa vada t\u00fdka len s\u00fa\u010dasti veci, v\u00fdmenu s\u00fa\u010dasti, ak t\u00fdm pred\u00e1vaj\u00facemu nevznikn\u00fa neprimeran\u00e9 n\u00e1klady vzh\u013eadom na cenu tovaru alebo z\u00e1va\u017enos\u0165 vady.<\/p>\n<p>6.3. Pred\u00e1vaj\u00faci m\u00f4\u017ee v\u017edy namiesto odstr\u00e1nenia vady vymeni\u0165 vadn\u00fa vec za bezvadn\u00fa, ak to kupuj\u00facemu nesp\u00f4sob\u00ed z\u00e1va\u017en\u00e9 \u0165a\u017ekosti.<\/p>\n<p>6.4. Ak ide o vadu, ktor\u00fa nemo\u017eno odstr\u00e1ni\u0165 a ktor\u00e1 br\u00e1ni tomu, aby sa vec mohla riadne u\u017e\u00edva\u0165 ako vec bez vady, m\u00e1 kupuj\u00faci pr\u00e1vo na v\u00fdmenu veci alebo m\u00e1 pr\u00e1vo od zmluvy odst\u00fapi\u0165. Tie ist\u00e9 pr\u00e1va prisl\u00fachaj\u00fa kupuj\u00facemu, ak ide s\u00edce o odstr\u00e1nite\u013en\u00e9 vady, ak v\u0161ak kupuj\u00faci nem\u00f4\u017ee pre op\u00e4tovn\u00e9 vyskytnutie sa vady po oprave alebo pre v\u00e4\u010d\u0161\u00ed po\u010det v\u00e1d, vec riadne u\u017e\u00edva\u0165.<\/p>\n<p>6.5. Ak ide o in\u00e9 neodstr\u00e1nite\u013en\u00e9 vady, m\u00e1 kupuj\u00faci tie\u017e pr\u00e1vo na primeran\u00fa z\u013eavu z k\u00fapnej ceny veci.<\/p>\n<p><strong>VII. Z\u00e1vere\u010dn\u00e9 ustanovenia<\/strong><\/p>\n<p>7.1. Tento Reklama\u010dn\u00fd poriadok tvor\u00ed neoddelite\u013en\u00fa s\u00fa\u010das\u0165 V\u0161eobecn\u00fdch obchodn\u00fdch podmienok a Z\u00e1sad a pou\u010denia o ochrane osobn\u00fdch \u00fadajov tohto internetov\u00e9ho obchodu. Dokumenty \u2013 V\u0161eobecn\u00e9 obchodn\u00e9 podmienky a Z\u00e1sady a pou\u010denia o ochrane osobn\u00fdch \u00fadajov tohto internetov\u00e9ho obchodu s\u00fa zverejnen\u00e9 na dom\u00e9ne Internetov\u00e9ho obchodu Pred\u00e1vaj\u00faceho.<\/p>\n<p>7.2. V pr\u00edpade zmeny v Reklama\u010dnom poriadku, vz\u0165ah medzi Kupuj\u00facim a Pred\u00e1vaj\u00facim sa riadi pod\u013ea Reklama\u010dn\u00e9ho poriadku platn\u00e9ho a \u00fa\u010dinn\u00e9ho pri uzatvoren\u00ed K\u00fapno-predajnej zmluvy, a to a\u017e do momentu jej z\u00e1niku.<\/p>\n<p>7.3. Tento reklama\u010dn\u00fd poriadok je platn\u00fd a \u00fa\u010dinn\u00fd momentom jeho zverejnenia v Internetovom obchode.<\/p>\n","protected":false},"excerpt":{"rendered":"<p>Reklama\u010dn\u00fd poriadok internetov\u00e9ho obchodu www.nedozery.sk\/vcelarstvo\/ \u00a0 V\u0161eobecn\u00e9 ustanovenia 1.1. Tento reklama\u010dn\u00fd poriadok je vydan\u00fd v s\u00falade so z\u00e1konom \u010d. 40\/1964 Zb. Ob\u010diansky z\u00e1konn\u00edk v platnom znen\u00ed (\u010falej len \u201eOb\u010diansky z\u00e1konn\u00edk\u201c), z\u00e1konom \u010d. 250\/2007 Z. z. o ochrane spotrebite\u013ea v platnom znen\u00ed \/\u010falej iba \u201eZ\u00e1kon o ochrane spotrebite\u013ea\u201c\/, z\u00e1kona \u010d.102\/2014 Z. z. o ochrane spotrebite\u013ea pri <a href=\"https:\/\/www.nedozery.sk\/vcelarstvo\/reklamacny-poriadok\/\" class=\"read-more inline\">\u010c\u00edtaj \u010falej<\/a><\/p>\n","protected":false},"author":1,"featured_media":0,"parent":0,"menu_order":0,"comment_status":"closed","ping_status":"closed","template":"","meta":{"footnotes":""},"class_list":["post-2569","page","type-page","status-publish","hentry"],"jetpack_sharing_enabled":true,"_links":{"self":[{"href":"https:\/\/www.nedozery.sk\/vcelarstvo\/wp-json\/wp\/v2\/pages\/2569","targetHints":{"allow":["GET"]}}],"collection":[{"href":"https:\/\/www.nedozery.sk\/vcelarstvo\/wp-json\/wp\/v2\/pages"}],"about":[{"href":"https:\/\/www.nedozery.sk\/vcelarstvo\/wp-json\/wp\/v2\/types\/page"}],"author":[{"embeddable":true,"href":"https:\/\/www.nedozery.sk\/vcelarstvo\/wp-json\/wp\/v2\/users\/1"}],"replies":[{"embeddable":true,"href":"https:\/\/www.nedozery.sk\/vcelarstvo\/wp-json\/wp\/v2\/comments?post=2569"}],"version-history":[{"count":0,"href":"https:\/\/www.nedozery.sk\/vcelarstvo\/wp-json\/wp\/v2\/pages\/2569\/revisions"}],"wp:attachment":[{"href":"https:\/\/www.nedozery.sk\/vcelarstvo\/wp-json\/wp\/v2\/media?parent=2569"}],"curies":[{"name":"wp","href":"https:\/\/api.w.org\/{rel}","templated":true}]}}