{"id":92,"date":"2021-11-01T17:26:12","date_gmt":"2021-11-01T16:26:12","guid":{"rendered":"https:\/\/www.nedozery.sk\/vcelarstvo\/?page_id=92"},"modified":"2022-02-02T08:19:34","modified_gmt":"2022-02-02T07:19:34","slug":"refund_returns","status":"publish","type":"page","link":"https:\/\/www.nedozery.sk\/vcelarstvo\/refund_returns\/","title":{"rendered":"V\u0161eobecn\u00e9 obchodn\u00e9 podmienky"},"content":{"rendered":"<div class=\"elementor-element elementor-element-2e85abd elementor-widget elementor-widget-heading\" data-id=\"2e85abd\" data-element_type=\"widget\" data-widget_type=\"heading.default\">\n<div class=\"elementor-widget-container\">\n<h2 class=\"elementor-heading-title elementor-size-xxl\">Obchodn\u00e9 podmienky<\/h2>\n<\/div>\n<\/div>\n<div class=\"elementor-element elementor-element-3fc5bb9 elementor-widget elementor-widget-spacer\" data-id=\"3fc5bb9\" data-element_type=\"widget\" data-widget_type=\"spacer.default\">\n<div class=\"elementor-widget-container\">\n<div class=\"elementor-spacer\">\n<div class=\"elementor-spacer-inner\"><\/div>\n<\/div>\n<\/div>\n<\/div>\n<div class=\"elementor-element elementor-element-3fffca1 elementor-widget elementor-widget-text-editor\" data-id=\"3fffca1\" data-element_type=\"widget\" data-widget_type=\"text-editor.default\">\n<div class=\"elementor-widget-container\">\n<div class=\"elementor-text-editor elementor-clearfix\">\n<p><strong>Veronika Flimelov\u00e1 \u2013 V\u010del\u00e1rstvo<\/strong><\/p>\n<p>V.B. Nedo\u017eersk\u00e9ho 18\/35<br \/>\n972 12 Nedo\u017eery-Brezany<\/p>\n<p>mobil: +421 918 777 985<br \/>\nmail: vcelarstvo@nedozery.sk<br \/>\nflimel@nedozery.sk<\/p>\n<p>I\u010cO: 54079619<br \/>\nDI\u010c: 1122001991<\/p>\n<p>NIE SOM PLATCA DPH<\/p>\n<div>OBJEDN\u00c1VKA<\/div>\n<p>K\u00fapna zmluva na ktorej z\u00e1klade je realizovan\u00fd predaj tovaru pred\u00e1vaj\u00facim kupuj\u00facemu vznik\u00e1 na z\u00e1klade z\u00e1v\u00e4zn\u00e9ho potvrdenia objedn\u00e1vky. Za z\u00e1v\u00e4zn\u00e9 sa pova\u017euje potvrdenie telefonick\u00e9, pr\u00edpadne e-mailov\u00e9, a to tak\u00e9, ktor\u00e9 je realizovan\u00e9 po predch\u00e1dzaj\u00facom odoslan\u00ed elektronickej objedn\u00e1vky (potvrdenie o prijat\u00ed objedn\u00e1vky do syst\u00e9mu nie je pova\u017eovan\u00e9 za z\u00e1v\u00e4zn\u00e9). Kontakt nutn\u00fd k potvrdeniu objedn\u00e1vky vykon\u00e1va spravidla pred\u00e1vaj\u00faci po overen\u00ed dostupnosti a term\u00ednu dodania po\u017eadovan\u00e9ho tovaru. Pred\u00e1vaj\u00facim potvrden\u00e1 objedn\u00e1vka (alebo jej \u010das\u0165) je pova\u017eovan\u00e1 za z\u00e1v\u00e4zn\u00fa pre obe strany ak ned\u00f4jde k poru\u0161eniu podmienok dohodnut\u00fdch v \u010dase potvrdenia. Za podstatn\u00e9 podmienky sa pova\u017euj\u00fa hlavne obsah objedn\u00e1vky (presn\u00e1 \u0161pecifik\u00e1cia tovaru a jeho po\u010det), cena za tovar a prepravu, sp\u00f4sob a term\u00edn doru\u010denia.<\/p>\n<p>OCHRANA VA\u0160ICH OSOBN\u00ddCH \u00daDAJOV<\/p>\n<p>Bezpe\u010dnos\u0165 osobn\u00fdch \u00fadajov na internete je ve\u013emi diskutovanou t\u00e9mou. Aby sme V\u00e1m mohli pon\u00faknu\u0165 hodnotn\u00e9 slu\u017eby, potrebujeme niektor\u00e9 Va\u0161e osobn\u00e9 \u00fadaje vedie\u0165. V\u0161etky inform\u00e1cie o Va\u0161ej osobe v\u0161ak budeme pou\u017e\u00edva\u0165 iba pre na\u0161u potrebu a neposkytneme ich v \u017eiadnom pr\u00edpade nikomu in\u00e9mu. \u00dadaje, ktor\u00e9 zad\u00e1vate pri objedn\u00e1vke<br \/>\nAko z\u00e1kazn\u00edk (fyzick\u00e1 osoba) mus\u00edte uvies\u0165 nasleduj\u00face \u00fadaje:<\/p>\n<ul>\n<li>Meno a priezvisko<\/li>\n<li>\u00dapln\u00fa po\u0161tov\u00fa adresu a telefonick\u00fd kontakt<\/li>\n<li>Adresu elektronickej po\u0161ty<\/li>\n<\/ul>\n<p>Tieto inform\u00e1cie s\u00fa potrebn\u00e9 pre Va\u0161u identifik\u00e1ciu ako nakupuj\u00faceho. Potrebujeme ich k realiz\u00e1cii a za\u00fa\u010dtovaniu Va\u0161ej platby za nak\u00fapen\u00fd tovar, ku komunik\u00e1cii s Vami a k tomu, aby sme V\u00e1m mohli v poriadku doru\u010di\u0165 objednan\u00fd tovar. Ak si \u017eel\u00e1te doru\u010di\u0165 tovar na in\u00fa adresu, ako je adresa uveden\u00e1 v objedn\u00e1vke, m\u00f4\u017eete uvies\u0165 aj adresu doru\u010denia (napr. ke\u010f posielate dar\u010dek).<\/p>\n<p>Ak nakupujete tovar ako fyzick\u00e1 osoba podnikate\u013e alebo pr\u00e1vnick\u00e1 osoba, mali by ste uvies\u0165 tieto nasleduj\u00face \u00fadaje o firme:<\/p>\n<ul>\n<li>N\u00e1zov firmy<\/li>\n<li>Telef\u00f3n<\/li>\n<li>I\u010cO<\/li>\n<li>DI\u010c<\/li>\n<\/ul>\n<p>Tieto \u00fadaje n\u00e1m umo\u017enia urobi\u0165 nevyhnutn\u00e9 finan\u010dn\u00e9 oper\u00e1cie alebo vyhotovi\u0165 da\u0148ov\u00fd doklad.<\/p>\n<p>\u00dadaje, ktor\u00e9 zad\u00e1vate pri platen\u00ed<\/p>\n<p>N\u00e1kup v E-Shope m\u00f4\u017eete uhradi\u0165 platobnou kartou s vyu\u017eit\u00edm pltobnej br\u00e1ny spolo\u010dnosti <strong>STRIPE a PayPal<\/strong> . Tento sp\u00f4sob \u00fahrady vy\u017eaduje \u0161pecifick\u00e9 inform\u00e1cie, ktor\u00e9 je potrebn\u00e9 uvies\u0165 v okamihu platenia. Tieto \u00fadaje nezhroma\u017e\u010fujeme, pou\u017e\u00edvame ich v\u00fdhradne pre dan\u00fa finan\u010dn\u00fa oper\u00e1ciu. Po jej realiz\u00e1cii s\u00fa zmazan\u00e9.<\/p>\n<p>Platby online kartou sa uskuto\u010dnuj\u00fa prostredn\u00edctvom syst\u00e9mu:<br \/>\n<strong>Stripe.<\/strong>\u00a0Inform\u00e1cie o karte sa nedostan\u00fa k obchodn\u00edkovi. Stripe Inc.; 354 Oyster Point Boulevard, Ju\u017en\u00e9 San Francisco, Kalifornia, 94080; telef\u00f3n: 628-250-1970<br \/>\n<strong>PayPal. <\/strong>Inform\u00e1cie o karte sa nedostan\u00fa k obchodn\u00edkovi. PayPal (Europe) S.\u00e0 r.l. et Cie, S.C.A., Attention: Legal Department, 22-24 Boulevard Royal, 2449 Luxembourg, Luxembursko<\/p>\n<p>\u00dadaje o Va\u0161ej \u010dinnosti na E -SHOPE<\/p>\n<p>\u00dadaje o Va\u0161ich n\u00e1kupoch na E-Shope \u2013 Va\u0161e objedn\u00e1vky \u2013 s\u00fa zhroma\u017e\u010fovan\u00e9. Je to potrebn\u00e9 kv\u00f4li zaisteniu dod\u00e1vok tovaru, vybavovaniu reklam\u00e1ci\u00ed a napokon sl\u00fa\u017eia i k Va\u0161ej sp\u00e4tnej kontrole. Inform\u00e1cie o n\u00e1kupoch s\u00fa ukladan\u00e9 v bezpe\u010dnej datab\u00e1ze a nie s\u00fa poskytovan\u00e9 tretej strane.<\/p>\n<p>Ak\u00e9 je na\u0161e stanovisko k poskytovaniu Va\u0161ich osobn\u00fdch \u00fadajov in\u00fdm spolo\u010dnostiam?<\/p>\n<p>Va\u0161e osobn\u00e9 \u00fadaje, ktor\u00e9 uv\u00e1dzate na E-Shope s\u00fa d\u00f4vern\u00e9 a v \u017eiadnom pr\u00edpade nie s\u00fa poskytovan\u00e9 \u010fal\u0161\u00edm subjektom, s v\u00fdnimkou partnerov zabezpe\u010duj\u00facich platobn\u00fd styk ako s\u00fa banky, spolo\u010dnosti vyd\u00e1vaj\u00face platobn\u00e9 karty a pod. To v\u0161ak v\u017edy iba v r\u00e1mci jednej konkr\u00e9tnej platby s vyu\u017eit\u00edm t\u00fdchto slu\u017eieb.<\/p>\n<p>E-Shop nepred\u00e1va, neprenaj\u00edma a ani inak neposkytuje Va\u0161e \u00fadaje \u017eiadnej tretej strane.<\/p>\n<p>V\u00e1\u0161 s\u00fahlasAk sa stanete z\u00e1kazn\u00edkom internetov\u00e9ho obchodu E-Shopu, d\u00e1vate u\u017e pri potvrden\u00ed objedn\u00e1vky s\u00fahlas s t\u00fdm, \u017ee \u00fadaje o V\u00e1s a Va\u0161ich n\u00e1kupoch bud\u00fa zhroma\u017e\u010fovan\u00e9 a pou\u017e\u00edvan\u00e9. Pravidl\u00e1 zaobch\u00e1dzania s t\u00fdmito inform\u00e1ciami s\u00fa pop\u00edsan\u00e9 v tomto dokumente. Ak pr\u00edde v bud\u00facnosti k ich zmen\u00e1m, budete ma\u0165 mo\u017enos\u0165 sa s nimi zozn\u00e1mi\u0165 na str\u00e1nach E-Shopu.<\/p>\n<p>STORNO OBJEDN\u00c1VKY<\/p>\n<p>Storno objedn\u00e1vky zo strany kupuj\u00faceho:<br \/>\nKupuj\u00faci m\u00e1 pr\u00e1vo stornova\u0165 objedn\u00e1vku bez udania d\u00f4vodu kedyko\u013evek pred jej z\u00e1v\u00e4zn\u00fdm potvrden\u00edm. Po z\u00e1v\u00e4znom potvrden\u00ed objedn\u00e1vky iba v pr\u00edpade, \u017ee pred\u00e1vaj\u00faci nespln\u00ed dohodnut\u00e9 podmienky dodania. V pr\u00edpade stornovania potvrdenej objedn\u00e1vky je kupuj\u00faci povinn\u00fd uhradi\u0165 pred\u00e1vaj\u00facemu \u0161kodu vzniknut\u00fa t\u00fdmto jednan\u00edm. Pred\u00e1vaj\u00faci uplatn\u00ed pr\u00e1vo na \u00fahradu \u0161kody hlavne v pr\u00edpade n\u00e1kupu tovaru \u201cna objedn\u00e1vku\u201d, ktor\u00e9 bolo nutn\u00e9 na \u017eelanie z\u00e1kazn\u00edka zaobstara\u0165 alebo v pr\u00edpade, \u017ee v s\u00favislosti so zaisten\u00edm tovaru do\u0161lo u\u017e k vynalo\u017eeniu preuk\u00e1zate\u013en\u00fdch n\u00e1kladov.<\/p>\n<p>Storno objedn\u00e1vky zo strany pred\u00e1vaj\u00faceho:<\/p>\n<p>Pred\u00e1vaj\u00faci si vyhradzuje pr\u00e1vo zru\u0161i\u0165 objedn\u00e1vku alebo jej \u010das\u0165 v t\u00fdchto pr\u00edpadoch: \u2013 tovar sa u\u017e nevyr\u00e1ba alebo nedod\u00e1va alebo sa v\u00fdrazn\u00fdm sp\u00f4sobom zmenila cena dod\u00e1vate\u013ea tovaru alebo jeho deklarovan\u00e1 dostupnos\u0165. V pr\u00edpade, \u017ee t\u00e1to situ\u00e1cia nastane, pred\u00e1vaj\u00faci bude okam\u017eite kontaktova\u0165 kupuj\u00faceho za \u00fa\u010delom dohody o \u010fal\u0161om postupe. V pr\u00edpade, \u017ee kupuj\u00faci zaplatil u\u017e \u010das\u0165 alebo cel\u00fa sumu k\u00fapnej ceny, bude mu tato \u010diastka preveden\u00e1 sp\u00e4\u0165 na jeho \u00fa\u010det alebo adresu v najkrat\u0161om mo\u017enom term\u00edne.<\/p>\n<p>DODACIE PODMIENKY<\/p>\n<p>Dod\u00e1vky predmetu plnenia (objednan\u00e9ho tovaru) bud\u00fa pod\u013ea dostupnosti produktov a prev\u00e1dzkov\u00fdch mo\u017enost\u00ed pred\u00e1vaj\u00faceho realizovane v \u010do najkrat\u0161om term\u00edne, vo v\u00fdnimo\u010dn\u00fdch pr\u00edpadoch m\u00f4\u017ee by\u0165 dodacia lehota dlh\u0161ia, po dohovore s kupuj\u00facim.<br \/>\nTovar na sklade doru\u010d\u00edme oby\u010dajne do 5 dn\u00ed<br \/>\nPriemern\u00e1 doba naskladnenia tovaru je 14 dn\u00ed<br \/>\nMiesto odberu je stanoven\u00e9 na z\u00e1klade objedn\u00e1vky kupuj\u00faceho. Za splnenie dod\u00e1vky sa pova\u017euje dodanie predmetu plnenia na uveden\u00e9 miesto. S\u00fa\u010das\u0165ou dod\u00e1vky nie je in\u0161tal\u00e1cia predmetu plnenia. Dopravu na adresu ur\u010denia zais\u0165uje pred\u00e1vaj\u00faci. Z\u00e1sielka s tovarom v\u017edy obsahuje da\u0148ov\u00fd doklad. Rozvoz tovaru zais\u0165ujeme po celej Slovenskej republike. N\u00e1klady na dopravu tovaru rozli\u0161ujeme pod\u013ea zvolen\u00e9ho sp\u00f4sobu dodania.<\/p>\n<p>CENY<\/p>\n<p>Ceny s\u00fa stanoven\u00e9 v\u0161eobecn\u00fdm cenn\u00edkom resp. cenami uveden\u00fdmi na internetovom obchode. Ceny sa m\u00f4\u017eu meni\u0165 aj bez predch\u00e1dzaj\u00faceho upozornenia na z\u00e1klade zmien denn\u00fdch kurzov, n\u00e1kupn\u00fdch podmienok, dostupnosti tovaru, pr\u00edpadne zmenou \u010fal\u0161\u00edch vstupn\u00fdch n\u00e1kladov.<\/p>\n<p>MO\u017dNOSTI PLATBY<\/p>\n<ul>\n<li>Platba osobne v kamennej predajni<\/li>\n<li>Prevodom na \u00fa\u010det<\/li>\n<li>Platba platobnou br\u00e1nou STRIPE v e-shope<\/li>\n<li>Platba platobnou br\u00e1nou BARION v e-shope<\/li>\n<li>Platba platobnou br\u00e1nou PayPal v e-shope<\/li>\n<\/ul>\n<p>ZODPOVEDNOS\u0164 ZA VADY TOVARU A Z\u00c1RUKA<\/p>\n<p>Kupuj\u00faci je povinn\u00fd prehliadnu\u0165 tovar bezprostredne pri jeho prevzat\u00ed. Ak je zisten\u00e9 mechanick\u00e9 po\u0161kodenie obalu v\u00fdrobku, je kupuj\u00faci povinn\u00fd skontrolova\u0165 stav tovaru a v pr\u00edpade po\u0161kodenia vyhotovi\u0165 z\u00e1znam o po\u0161koden\u00ed za pr\u00edtomnosti dopravcu. Zodpovednos\u0165 za po\u0161kodenie v priebehu prepravy nesie dopravca, nako\u013eko v\u0161etok tovar je poisten\u00fd. Na z\u00e1klade vyhotoven\u00e9ho z\u00e1znamu bude z\u00e1kazn\u00edkovi po uzavret\u00ed \u0161kodnej udalosti s dopravcom poskytnut\u00e1 primeran\u00e1 z\u013eava alebo dodan\u00fd nov\u00fd v\u00fdrobok.<\/p>\n<p>Reklam\u00e1cie mechanick\u00e9ho po\u0161kodenia v\u00fdrobku, ktor\u00e9 nebolo zjavn\u00e9 pri prevzat\u00ed z\u00e1sielky, je nutn\u00e9 uplatni\u0165 okam\u017eite po jeho odhalen\u00ed, t.j. ihne\u010f po prvom pou\u017eit\u00ed v\u00fdrobku. Neskor\u0161ie reklam\u00e1cie mechanick\u00e9ho po\u0161kodenia v\u00fdrobku u\u017e nieje mo\u017en\u00e9 uzna\u0165. Z\u00e1ruka sa nevz\u0165ahuje na be\u017en\u00e9 opotrebenie veci (alebo ich \u010dast\u00ed) sp\u00f4soben\u00e9 pou\u017e\u00edvan\u00edm. Krat\u0161iu \u017eivotnos\u0165 v\u00fdrobku teda nemo\u017eno pova\u017eova\u0165 za vadu a ned\u00e1 sa ani reklamova\u0165. V pr\u00edpade, \u017ee tovar pri prevzat\u00ed kupuj\u00facim nie je v zhode s k\u00fapnou zmluvou (tzv. rozpor s k\u00fapnou zmluvou), m\u00e1 kupuj\u00faci pr\u00e1vo na to, aby pred\u00e1vaj\u00faci bezplatne a bez zbyto\u010dn\u00e9ho odkladu vec uviedol do stavu odpovedaj\u00faceho k\u00fapnej zmluve , a to pod\u013ea po\u017eiadaviek kupuj\u00faceho bu\u010f v\u00fdmenou tovaru, alebo jeho opravou.<\/p>\n<p>Ak tak\u00fd postup nie je mo\u017en\u00fd, m\u00f4\u017ee kupuj\u00faci po\u017eadova\u0165 primeran\u00fa z\u013eavu z ceny tovaru alebo od zmluvy odst\u00fapi\u0165. To neplat\u00ed, ak kupuj\u00faci pred prevzat\u00edm tovaru o rozpore s k\u00fapnou zmluvou vedel alebo rozpor s k\u00fapnou zmluvou s\u00e1m sp\u00f4sobil. Rozpor s k\u00fapnou zmluvou, ktor\u00fd sa prejav\u00ed v priebehu \u0161iestich mesiacov odo d\u0148a prevzatia tovaru, sa pova\u017euje za rozpor existuj\u00faci u\u017e pri jeho prevzat\u00ed, ak to neodporuje povahe tovaru alebo ak sa nedok\u00e1\u017ee opak. V pr\u00edpade rozporu tovaru so zmluvou m\u00e1 spotrebite\u013e n\u00e1rok na tzv. zjednanie n\u00e1pravy a to:<\/p>\n<ul>\n<li>bezplatn\u00fdm uveden\u00edm spotrebn\u00e9ho tovaru do stavu odpovedaj\u00faceho zmluve prostredn\u00edctvom opravy<\/li>\n<li>primeran\u00fdm zn\u00ed\u017een\u00edm k\u00fapnej ceny<\/li>\n<li>n\u00e1hradn\u00fdm dodan\u00edm tovaru<\/li>\n<li>odst\u00fapen\u00edm od zmluvy<\/li>\n<\/ul>\n<p>Najprv m\u00f4\u017ee spotrebite\u013e po\u017eadova\u0165 od pred\u00e1vaj\u00faceho bezplatn\u00fa opravu alebo bezplatn\u00e9 n\u00e1hradn\u00e9 dodanie spotrebn\u00e9ho tovaru. Kupuj\u00faci m\u00e1 pr\u00e1vo na v\u00fdmenu tovaru len vtedy, ak to nie je vzh\u013eadom k povahe vady ne\u00famern\u00e9. O tom, \u010di je vada \u00famern\u00e1, rozhodne autorizovan\u00e9 servisn\u00e9 stredisko a to formou p\u00edsomn\u00e9ho pos\u00fadenia tejto vady. V tomto pr\u00edpade bude tovar vymenen\u00fd za rovnak\u00fd kus, pr\u00edpadne vr\u00e1ten\u00e1 u\u017e zaplaten\u00e1 suma sp\u00e4\u0165. Pr\u00e1va zo zodpovednosti za vady sa uplat\u0148uj\u00fa u pred\u00e1vaj\u00faceho, u ktor\u00e9ho bola vec zak\u00fapen\u00e1. Av\u0161ak ak je v z\u00e1ru\u010dnom liste uveden\u00fd in\u00fd podnikate\u013e ur\u010den\u00fd k oprave, ktor\u00fd je v mieste pred\u00e1vaj\u00faceho alebo v mieste pre kupuj\u00faceho bli\u017e\u0161ie, uplatn\u00ed kupuj\u00faci pr\u00e1vo na opravu u podnikate\u013ea ur\u010den\u00e9ho k prevedeniu z\u00e1ru\u010dnej opravy. V pr\u00edpade, \u017ee nieje mo\u017en\u00e9 zaisti\u0165 opravu t\u00fdmto sp\u00f4sobom, zaist\u00ed opravu pred\u00e1vaj\u00faci.<\/p>\n<p>POSTUP REKLAM\u00c1CIE<\/p>\n<p>Pri uplat\u0148ovan\u00ed reklam\u00e1cie dodr\u017eujte pros\u00edm nasleduj\u00faci postup:<br \/>\n1. Po\u0161lite n\u00e1m e-mail, kde uvediete hlavne typ v\u00fdrobku, \u010d\u00edslo predajn\u00e9ho dokladu a popis z\u00e1vady.<br \/>\n2. Do 24 hod\u00edn (v pracovn\u00e9 dni) V\u00e1m bud\u00fa zaslan\u00e9 inform\u00e1cie o \u010fal\u0161om postupe.<br \/>\nAk sa z\u00e1vada prejav\u00ed pri prvom pou\u017eit\u00ed v\u00fdrobku, najneskor\u0161ie ale do 3 dn\u00ed od predaja, poskytuje pred\u00e1vaj\u00faci rie\u0161enie reklam\u00e1cie okam\u017eitou v\u00fdmenou za bezchybn\u00fd kus v t\u00fdchto pr\u00edpadoch:<\/p>\n<ul>\n<li>tovar nie je vidite\u013ene pou\u017eit\u00fd<\/li>\n<li>reklam\u00e1cia bola vopred nahl\u00e1sen\u00e1<\/li>\n<li>dan\u00fd tovar je dostupn\u00fd.<\/li>\n<\/ul>\n<p>Z\u00c1KAZN\u00cdCKY SERVIS<\/p>\n<p>Sme tu pre V\u00e1s denne k dispoz\u00edcii, pripraven\u00ed V\u00e1m s \u010d\u00edmko\u013evek poradi\u0165. Ak ste u n\u00e1s prv\u00fdkr\u00e1t, neob\u00e1vajte sa n\u00e1s kontaktova\u0165 a sp\u00fdta\u0165 sa na ak\u00fako\u013evek mali\u010dkos\u0165.<\/p>\n<p>Na Va\u0161e ot\u00e1zky smeruj\u00face na\u00a0<strong>vcelarstvo@nedozery.sk<\/strong>\u00a0odpoved\u00e1me najnesk\u00f4r do 48 hod\u00edn. Budeme radi, ke\u010f V\u00e1\u0161 prv\u00fd n\u00e1kup na internete bude pr\u00e1ve na na\u0161om e-shope a urob\u00edme maximum pre to, aby sme V\u00e1s presved\u010dili o bezpe\u010dnosti a pohodlnosti elektronick\u00e9ho nakupovania.<\/p>\n<p>Z\u00c1VERE\u010cN\u00c9 USTANOVENIE<\/p>\n<p>Vlastn\u00edcke pr\u00e1vo k dodan\u00e9mu tovaru prech\u00e1dza na odberate\u013ea a\u017e po \u00faplnom zaplaten\u00ed k\u00fapnej ceny v plnej v\u00fd\u0161ke, vr\u00e1tane dopravy. Veronika Flimelov\u00e1 &#8211; V\u010del\u00e1rstvo si vyhradzuje pr\u00e1vo zmeni\u0165 V\u0161eobecn\u00e9 obchodn\u00e9 podmienky. Aktu\u00e1lne znenie je na www.nedozery.sk\/vcelarstvo . V pr\u00edpade \u017ee odberate\u013e nes\u00fahlas\u00ed zo znen\u00edm podmienok, m\u00f4\u017ee svoj nes\u00fahlas vyjadi\u0165 p\u00edsomne.<\/p>\n<\/div>\n<\/div>\n<\/div>\n","protected":false},"excerpt":{"rendered":"<p>Obchodn\u00e9 podmienky Veronika Flimelov\u00e1 \u2013 V\u010del\u00e1rstvo V.B. Nedo\u017eersk\u00e9ho 18\/35 972 12 Nedo\u017eery-Brezany mobil: +421 918 777 985 mail: vcelarstvo@nedozery.sk flimel@nedozery.sk I\u010cO: 54079619 DI\u010c: 1122001991 NIE SOM PLATCA DPH OBJEDN\u00c1VKA K\u00fapna zmluva na ktorej z\u00e1klade je realizovan\u00fd predaj tovaru pred\u00e1vaj\u00facim kupuj\u00facemu vznik\u00e1 na z\u00e1klade z\u00e1v\u00e4zn\u00e9ho potvrdenia objedn\u00e1vky. Za z\u00e1v\u00e4zn\u00e9 sa pova\u017euje potvrdenie telefonick\u00e9, pr\u00edpadne e-mailov\u00e9, a <a href=\"https:\/\/www.nedozery.sk\/vcelarstvo\/refund_returns\/\" class=\"read-more inline\">\u010c\u00edtaj \u010falej<\/a><\/p>\n","protected":false},"author":1,"featured_media":0,"parent":0,"menu_order":0,"comment_status":"closed","ping_status":"closed","template":"","meta":{"footnotes":""},"class_list":["post-92","page","type-page","status-publish","hentry"],"jetpack_sharing_enabled":true,"_links":{"self":[{"href":"https:\/\/www.nedozery.sk\/vcelarstvo\/wp-json\/wp\/v2\/pages\/92","targetHints":{"allow":["GET"]}}],"collection":[{"href":"https:\/\/www.nedozery.sk\/vcelarstvo\/wp-json\/wp\/v2\/pages"}],"about":[{"href":"https:\/\/www.nedozery.sk\/vcelarstvo\/wp-json\/wp\/v2\/types\/page"}],"author":[{"embeddable":true,"href":"https:\/\/www.nedozery.sk\/vcelarstvo\/wp-json\/wp\/v2\/users\/1"}],"replies":[{"embeddable":true,"href":"https:\/\/www.nedozery.sk\/vcelarstvo\/wp-json\/wp\/v2\/comments?post=92"}],"version-history":[{"count":0,"href":"https:\/\/www.nedozery.sk\/vcelarstvo\/wp-json\/wp\/v2\/pages\/92\/revisions"}],"wp:attachment":[{"href":"https:\/\/www.nedozery.sk\/vcelarstvo\/wp-json\/wp\/v2\/media?parent=92"}],"curies":[{"name":"wp","href":"https:\/\/api.w.org\/{rel}","templated":true}]}}