{"id":1019,"date":"2022-01-04T18:40:17","date_gmt":"2022-01-04T17:40:17","guid":{"rendered":"https:\/\/www.nedozery.sk\/vcelarstvo\/?post_type=product&#038;p=1019"},"modified":"2025-02-18T19:58:23","modified_gmt":"2025-02-18T18:58:23","slug":"rozperak-nerezovy-bee-s-hakom-210mm","status":"publish","type":"product","link":"https:\/\/www.nedozery.sk\/vcelarstvo\/produkt\/rozperak-nerezovy-bee-s-hakom-210mm\/","title":{"rendered":"Rozper\u00e1k nerezov\u00fd BEE s h\u00e1kom, 210mm"},"content":{"rendered":"<h2>Rozper\u00e1k nerezov\u00fd BEE s h\u00e1kom, 210mm<\/h2>\n<div class=\"in-pane\">\n<div class=\"long-description\">\n<p><strong>Nerezov\u00fd kombinovan\u00fd rozper\u00e1k BEE<\/strong>pre \u013eahk\u00e9 oddelenie propolisom a voskom zlepen\u00fdch \u010dast\u00ed \u00fa\u013ea. Je vyroben\u00fd z nerezovej ocele a vytvarovan\u00fd tak, aby si s n\u00edm mohol pracova\u0165 aj za\u010d\u00ednaj\u00faci v\u010del\u00e1r. Zajisten\u00e1 r\u00fdchla a \u00fa\u010dinn\u00e1 pr\u00e1ca bez toho, aby ste po\u0161kodili \u00fa\u013e.<\/p>\n<p>Rozmery (d x \u0161 x hr\u00fabka plechu): 210 x 35 x 3,5 mm<br \/>\nOrienta\u010dn\u00e1 hmotnos\u0165: 0,150 kg<\/p>\n<\/div>\n<\/div>\n","protected":false},"excerpt":{"rendered":"<p>Rozper\u00e1k nerezov\u00fd BEE s h\u00e1kom, 210mm Nerezov\u00fd kombinovan\u00fd rozper\u00e1k BEEpre \u013eahk\u00e9 oddelenie propolisom a voskom zlepen\u00fdch \u010dast\u00ed \u00fa\u013ea. Je vyroben\u00fd z nerezovej ocele a vytvarovan\u00fd tak, aby si s n\u00edm mohol pracova\u0165 aj za\u010d\u00ednaj\u00faci v\u010del\u00e1r. Zajisten\u00e1 r\u00fdchla a \u00fa\u010dinn\u00e1 pr\u00e1ca bez toho, aby ste po\u0161kodili \u00fa\u013e. Rozmery (d x \u0161 x hr\u00fabka plechu): 210 x <a href=\"https:\/\/www.nedozery.sk\/vcelarstvo\/produkt\/rozperak-nerezovy-bee-s-hakom-210mm\/\" class=\"read-more inline\">\u010c\u00edtaj \u010falej<\/a><\/p>\n","protected":false},"featured_media":302,"comment_status":"open","ping_status":"closed","template":"","meta":[],"product_brand":[],"product_cat":[18],"product_tag":[],"class_list":{"0":"post-1019","1":"product","2":"type-product","3":"status-publish","4":"has-post-thumbnail","6":"product_cat-naradie","8":"first","9":"instock","10":"taxable","11":"shipping-taxable","12":"purchasable","13":"product-type-simple"},"jetpack_sharing_enabled":true,"_links":{"self":[{"href":"https:\/\/www.nedozery.sk\/vcelarstvo\/wp-json\/wp\/v2\/product\/1019","targetHints":{"allow":["GET"]}}],"collection":[{"href":"https:\/\/www.nedozery.sk\/vcelarstvo\/wp-json\/wp\/v2\/product"}],"about":[{"href":"https:\/\/www.nedozery.sk\/vcelarstvo\/wp-json\/wp\/v2\/types\/product"}],"replies":[{"embeddable":true,"href":"https:\/\/www.nedozery.sk\/vcelarstvo\/wp-json\/wp\/v2\/comments?post=1019"}],"version-history":[{"count":0,"href":"https:\/\/www.nedozery.sk\/vcelarstvo\/wp-json\/wp\/v2\/product\/1019\/revisions"}],"wp:featuredmedia":[{"embeddable":true,"href":"https:\/\/www.nedozery.sk\/vcelarstvo\/wp-json\/wp\/v2\/media\/302"}],"wp:attachment":[{"href":"https:\/\/www.nedozery.sk\/vcelarstvo\/wp-json\/wp\/v2\/media?parent=1019"}],"wp:term":[{"taxonomy":"product_brand","embeddable":true,"href":"https:\/\/www.nedozery.sk\/vcelarstvo\/wp-json\/wp\/v2\/product_brand?post=1019"},{"taxonomy":"product_cat","embeddable":true,"href":"https:\/\/www.nedozery.sk\/vcelarstvo\/wp-json\/wp\/v2\/product_cat?post=1019"},{"taxonomy":"product_tag","embeddable":true,"href":"https:\/\/www.nedozery.sk\/vcelarstvo\/wp-json\/wp\/v2\/product_tag?post=1019"}],"curies":[{"name":"wp","href":"https:\/\/api.w.org\/{rel}","templated":true}]}}