{"id":112,"date":"2021-10-24T14:06:54","date_gmt":"2021-10-24T12:06:54","guid":{"rendered":"https:\/\/www.nedozery.sk\/vcelarstvo\/?product=produkt-18"},"modified":"2025-03-24T10:48:36","modified_gmt":"2025-03-24T09:48:36","slug":"produkt-18","status":"publish","type":"product","link":"https:\/\/www.nedozery.sk\/vcelarstvo\/produkt\/produkt-18\/","title":{"rendered":"V\u010del\u00ed v\u00fdklz 8-cestn\u00fd, okr\u00fahly"},"content":{"rendered":"<h2>V\u010del\u00ed v\u00fdklz 8-cestn\u00fd, okr\u00fahly<\/h2>\n<div class=\"in-pane\">\n<div class=\"long-description\">\n<p><strong>Okr\u00fahly plastov\u00fd v\u010del\u00ed v\u00fdklz 8-cestn\u00fd<\/strong>, s priemerom 26 cm sa pou\u017e\u00edva na odv\u010delenie medn\u00edkov pred medobran\u00edm. V\u00fdklz sa vlo\u017e\u00ed aspo\u0148 jeden ve\u010der, ale lep\u0161ie jeden de\u0148 pred vyt\u00e1\u010dan\u00edm medu, medzi medn\u00edk a plodisko. V\u010dely cez otvory vo v\u00fdklze opustia medn\u00edk a nasp\u00e4\u0165 sa u\u017e nevr\u00e1tia. V medn\u00edku nezostan\u00fa \u017eiadne v\u010dely, alebo len minimum v\u010diel, ktor\u00e9 treba ometa\u0165. V\u00fdklz sa upevn\u00ed do dreven\u00e9ho r\u00e1mu kryt\u00e9ho sololitom, s otvorom pod\u013ea typu v\u00fdklzu. Tento v\u00fdklz je \u013eahko demontovate\u013en\u00fd a preto sa d\u00e1 r\u00e1m bez v\u00fdklzu pou\u017ei\u0165 napr. aj ako podlo\u017eka na k\u0155menie v\u010diel pomocou 4 litrov\u00e9ho poh\u00e1ra. Je d\u00f4le\u017eit\u00e9, aby bol r\u00e1m tak vysok\u00fd, aby medzi plodiskov\u00fdmi r\u00e1mikmi a v\u00fdklzom zostalo minim\u00e1lne 25 mm, aby sa v\u010dely mali kde zdr\u017eiava\u0165 a nedotla\u010dili sa.<\/p>\n<p>Orienta\u010dn\u00e1 hmotnos\u0165: 0,084 kg<\/p>\n<p><strong><u>Z\u013dAVA:<\/u>\u00a0Pri odbere nad 30 ks je cena 1,60\u00a0<span class=\"st\">\u20ac<\/span>\/ks.<\/strong><\/p>\n<\/div>\n<\/div>\n","protected":false},"excerpt":{"rendered":"<p>V\u010del\u00ed v\u00fdklz 8-cestn\u00fd, okr\u00fahly Okr\u00fahly plastov\u00fd v\u010del\u00ed v\u00fdklz 8-cestn\u00fd, s priemerom 26 cm sa pou\u017e\u00edva na odv\u010delenie medn\u00edkov pred medobran\u00edm. V\u00fdklz sa vlo\u017e\u00ed aspo\u0148 jeden ve\u010der, ale lep\u0161ie jeden de\u0148 pred vyt\u00e1\u010dan\u00edm medu, medzi medn\u00edk a plodisko. V\u010dely cez otvory vo v\u00fdklze opustia medn\u00edk a nasp\u00e4\u0165 sa u\u017e nevr\u00e1tia. V medn\u00edku nezostan\u00fa \u017eiadne v\u010dely, alebo <a href=\"https:\/\/www.nedozery.sk\/vcelarstvo\/produkt\/produkt-18\/\" class=\"read-more inline\">\u010c\u00edtaj \u010falej<\/a><\/p>\n","protected":false},"featured_media":511,"comment_status":"open","ping_status":"closed","template":"","meta":[],"product_brand":[],"product_cat":[94,16],"product_tag":[],"class_list":{"0":"post-112","1":"product","2":"type-product","3":"status-publish","4":"has-post-thumbnail","6":"product_cat-prislus","7":"product_cat-ule","9":"first","10":"instock","11":"taxable","12":"shipping-taxable","13":"purchasable","14":"product-type-simple"},"jetpack_sharing_enabled":true,"_links":{"self":[{"href":"https:\/\/www.nedozery.sk\/vcelarstvo\/wp-json\/wp\/v2\/product\/112","targetHints":{"allow":["GET"]}}],"collection":[{"href":"https:\/\/www.nedozery.sk\/vcelarstvo\/wp-json\/wp\/v2\/product"}],"about":[{"href":"https:\/\/www.nedozery.sk\/vcelarstvo\/wp-json\/wp\/v2\/types\/product"}],"replies":[{"embeddable":true,"href":"https:\/\/www.nedozery.sk\/vcelarstvo\/wp-json\/wp\/v2\/comments?post=112"}],"version-history":[{"count":0,"href":"https:\/\/www.nedozery.sk\/vcelarstvo\/wp-json\/wp\/v2\/product\/112\/revisions"}],"wp:featuredmedia":[{"embeddable":true,"href":"https:\/\/www.nedozery.sk\/vcelarstvo\/wp-json\/wp\/v2\/media\/511"}],"wp:attachment":[{"href":"https:\/\/www.nedozery.sk\/vcelarstvo\/wp-json\/wp\/v2\/media?parent=112"}],"wp:term":[{"taxonomy":"product_brand","embeddable":true,"href":"https:\/\/www.nedozery.sk\/vcelarstvo\/wp-json\/wp\/v2\/product_brand?post=112"},{"taxonomy":"product_cat","embeddable":true,"href":"https:\/\/www.nedozery.sk\/vcelarstvo\/wp-json\/wp\/v2\/product_cat?post=112"},{"taxonomy":"product_tag","embeddable":true,"href":"https:\/\/www.nedozery.sk\/vcelarstvo\/wp-json\/wp\/v2\/product_tag?post=112"}],"curies":[{"name":"wp","href":"https:\/\/api.w.org\/{rel}","templated":true}]}}