{"id":1278,"date":"2022-04-29T21:13:38","date_gmt":"2022-04-29T19:13:38","guid":{"rendered":"https:\/\/www.nedozery.sk\/vcelarstvo\/?post_type=product&#038;p=1278"},"modified":"2025-04-15T08:32:29","modified_gmt":"2025-04-15T06:32:29","slug":"podlozka-varroa-monitoring","status":"publish","type":"product","link":"https:\/\/www.nedozery.sk\/vcelarstvo\/produkt\/podlozka-varroa-monitoring\/","title":{"rendered":"Podlo\u017eka varroa monitoring"},"content":{"rendered":"<p>Podlo\u017eka varroa monitoring<br \/>\nPodlo\u017eka varroa monitoring je mechanick\u00e1 pom\u00f4cka, ktor\u00e1 sl\u00fa\u017ei na zachyt\u00e1vanie meliva a klie\u0161tika v\u010delieho (Varroa destructor) po\u010das zimn\u00e9ho pokoja. Pou\u017e\u00edvanie varroa monitoring podlo\u017eky je v s\u00fa\u010dasnosti nevyhnutn\u00e9 najm\u00e4 kv\u00f4li roz\u0161\u00edreniu parazita v\u010diel klie\u0161tika v\u010delieho &#8211; Varroa destructor. Po vlo\u017een\u00ed podlo\u017eky do \u00fa\u013ea (do dna &#8211; do podmetu) m\u00f4\u017ee v\u010del\u00e1r sledova\u0165 sp\u00e1d klie\u0161tika nielen pri jesennom a jarnom prelie\u010den\u00ed v\u010delstva, ale aj po\u010das zimy diagnostikova\u0165 po\u010det spadnut\u00fdch klie\u0161\u0165ov.<\/p>\n<p>Varroamonitoring: Varro\u00e1za je parazitn\u00e9 ochorenie v\u010delstva, ktor\u00e9 sp\u00f4sobuje rozto\u010d klie\u0161tik v\u010del\u00ed (Varroa destructor). Pokia\u013e po\u010det rozto\u010dov prekro\u010d\u00ed kritick\u00fa hranicu, zdravie v\u010delstva je ohrozen\u00e9. Preto je nutn\u00e9 v sez\u00f3ne, hlavne v lete a v skor\u00fa jese\u0148 sledova\u0165 prirodzen\u00fd sp\u00e1d rozto\u010dov sami\u010diek klie\u0161tika v\u010delieho na dne \u00fa\u013ea. Ide o rozto\u010da ve\u013ek\u00e9ho cca 2 mm, ov\u00e1lneho, zafarben\u00e9ho do hneda, leskl\u00e9ho a spl\u00fdvaj\u00faceho s farbou meli. Lep\u0161ie je vidite\u013en\u00fd na podlo\u017ek\u00e1ch kontrastne svetlej a\u017e bielej farby. Mno\u017estvo rozto\u010dov spadnut\u00fdch na dno \u00fa\u013ea prepo\u010d\u00edtan\u00fdch na jeden de\u0148, je hodnota prirodzen\u00e9ho denn\u00e9ho sp\u00e1du, ktor\u00fd je priamo \u00famern\u00fd miere varro\u00e1zy vo v\u010delstve. Behom sledovania sp\u00e1du je nevyhnutn\u00e9, aby sa v\u010del\u00e1m zabr\u00e1nilo \u010disteniu podlo\u017eiek a vyn\u00e1\u0161aniu rozto\u010dov von. Ak sa v okol\u00ed \u00fa\u013ea vyskytuj\u00fa mravce, mus\u00ed sa zamedzi\u0165 ich pr\u00edstup na podlo\u017eky. Mravce rozto\u010de odn\u00e1\u0161aj\u00fa a skres\u013euj\u00fa tak odpo\u010det.<br \/>\nIn\u0161tal\u00e1cia monitorovacej podlo\u017eky: Podlo\u017eku zastrihnite pod\u013ea rozmerov \u00fa\u013eov\u00e9ho dna tak, aby zakryla \u010do najv\u00e4\u010d\u0161iu plochu dna (grafick\u00fd n\u00e1vod na in\u0161tal\u00e1ciu je zobrazen\u00fd na druhej strane podlo\u017eky). Podlo\u017eku je mo\u017en\u00e9 pou\u017ei\u0165 do \u00fa\u013ea so z\u00e1suvkami na dne, ale aj do star\u0161\u00edch typov \u00fa\u013eov, ktor\u00e9 tieto z\u00e1suvky nemaj\u00fa:<br \/>\npolo\u017ete podlo\u017eku na vys\u00favaciu z\u00e1suvku pod sitom dna alebo<br \/>\nprekryte podlo\u017eku dvojitou umelohmotnou sie\u0165ovinou, zafixujte na jednej strane a vlo\u017ete do podmetu<br \/>\nVyhodnotenie monitoringu \u2013 tabu\u013eka:<br \/>\nzap\u00ed\u0161te si d\u00e1tum zah\u00e1jenia monitoringu (riadok A), podlo\u017eku o\u010distite;<br \/>\nza 3 a\u017e 5 dn\u00ed spo\u010d\u00edtajte sp\u00e1d (v\u0161etky rozto\u010de na podlo\u017eke), zap\u00ed\u0161te do tabu\u013eky d\u00e1tum (riadok A), sp\u00e1d (riadok B) a podlo\u017eku o\u010distite;<br \/>\nvypo\u010d\u00edtajte pod\u013ea vzorca uveden\u00e9ho na podlo\u017eke priemern\u00fd denn\u00fd sp\u00e1d rozto\u010dov za sledovan\u00fd po\u010det dn\u00ed (riadok C)<br \/>\ntento postup opakujte tak, aby ste z\u00edskali preh\u013ead o priebehu napadnutia v\u010delstva<\/p>\n<p>Rozmer podlo\u017eky: 44,2 x 37cm<br \/>\nOrienta\u010dn\u00e1 hmotnos\u0165: 0,05 kg<\/p>\n","protected":false},"excerpt":{"rendered":"<p>Podlo\u017eka varroa monitoring Podlo\u017eka varroa monitoring je mechanick\u00e1 pom\u00f4cka, ktor\u00e1 sl\u00fa\u017ei na zachyt\u00e1vanie meliva a klie\u0161tika v\u010delieho (Varroa destructor) po\u010das zimn\u00e9ho pokoja. Pou\u017e\u00edvanie varroa monitoring podlo\u017eky je v s\u00fa\u010dasnosti nevyhnutn\u00e9 najm\u00e4 kv\u00f4li roz\u0161\u00edreniu parazita v\u010diel klie\u0161tika v\u010delieho &#8211; Varroa destructor. Po vlo\u017een\u00ed podlo\u017eky do \u00fa\u013ea (do dna &#8211; do podmetu) m\u00f4\u017ee v\u010del\u00e1r sledova\u0165 sp\u00e1d klie\u0161tika <a href=\"https:\/\/www.nedozery.sk\/vcelarstvo\/produkt\/podlozka-varroa-monitoring\/\" class=\"read-more inline\">\u010c\u00edtaj \u010falej<\/a><\/p>\n","protected":false},"featured_media":1279,"comment_status":"open","ping_status":"closed","template":"","meta":[],"product_brand":[],"product_cat":[20,16,73],"product_tag":[],"class_list":{"0":"post-1278","1":"product","2":"type-product","3":"status-publish","4":"has-post-thumbnail","6":"product_cat-lieciva","7":"product_cat-ule","8":"product_cat-varroa","10":"first","11":"instock","12":"taxable","13":"shipping-taxable","14":"purchasable","15":"product-type-simple"},"jetpack_sharing_enabled":true,"_links":{"self":[{"href":"https:\/\/www.nedozery.sk\/vcelarstvo\/wp-json\/wp\/v2\/product\/1278","targetHints":{"allow":["GET"]}}],"collection":[{"href":"https:\/\/www.nedozery.sk\/vcelarstvo\/wp-json\/wp\/v2\/product"}],"about":[{"href":"https:\/\/www.nedozery.sk\/vcelarstvo\/wp-json\/wp\/v2\/types\/product"}],"replies":[{"embeddable":true,"href":"https:\/\/www.nedozery.sk\/vcelarstvo\/wp-json\/wp\/v2\/comments?post=1278"}],"version-history":[{"count":0,"href":"https:\/\/www.nedozery.sk\/vcelarstvo\/wp-json\/wp\/v2\/product\/1278\/revisions"}],"wp:featuredmedia":[{"embeddable":true,"href":"https:\/\/www.nedozery.sk\/vcelarstvo\/wp-json\/wp\/v2\/media\/1279"}],"wp:attachment":[{"href":"https:\/\/www.nedozery.sk\/vcelarstvo\/wp-json\/wp\/v2\/media?parent=1278"}],"wp:term":[{"taxonomy":"product_brand","embeddable":true,"href":"https:\/\/www.nedozery.sk\/vcelarstvo\/wp-json\/wp\/v2\/product_brand?post=1278"},{"taxonomy":"product_cat","embeddable":true,"href":"https:\/\/www.nedozery.sk\/vcelarstvo\/wp-json\/wp\/v2\/product_cat?post=1278"},{"taxonomy":"product_tag","embeddable":true,"href":"https:\/\/www.nedozery.sk\/vcelarstvo\/wp-json\/wp\/v2\/product_tag?post=1278"}],"curies":[{"name":"wp","href":"https:\/\/api.w.org\/{rel}","templated":true}]}}