{"id":1294,"date":"2022-05-05T10:44:19","date_gmt":"2022-05-05T08:44:19","guid":{"rendered":"https:\/\/www.nedozery.sk\/vcelarstvo\/?post_type=product&#038;p=1294"},"modified":"2025-04-08T11:18:04","modified_gmt":"2025-04-08T09:18:04","slug":"b-401-certan-120ml","status":"publish","type":"product","link":"https:\/\/www.nedozery.sk\/vcelarstvo\/produkt\/b-401-certan-120ml\/","title":{"rendered":"B-401 Certan 120ml"},"content":{"rendered":"<p>\u2013 je koncentrovan\u00fd roztok Bacillus thuringiensis zlo\u017e. aizawai, mikroorganizmy<br \/>\n\u2013 ne\u0161kodn\u00fd pre \u010dloveka a v\u010dely<br \/>\n\u2013 m\u00e1 a\u017e 100% \u00fa\u010dinnos\u0165 proti larv\u00e1m z v\u00edja\u010dky vo\u0161tinovej (Galleria mellonella)<br \/>\n\u2013 nezanech\u00e1va zvy\u0161ky vo vosku alebo mede, nemen\u00ed chu\u0165 medu<br \/>\n\u2013 zabezpe\u010duje ochranu po\u010das cel\u00e9ho roku<br \/>\n\u2013 jedna aplik\u00e1cia posta\u010d\u00ed na ochranu r\u00e1mikov do bud\u00faceho zn\u00e1\u0161kov\u00e9ho obdobia<\/p>\n<p>Z jednej f\u013ea\u0161ky 120 ml o\u0161etr\u00edte 100-120 r\u00e1mikov B 10.<\/p>\n<p>Pri pou\u017eit\u00ed B-401 Certan u\u0161etr\u00ed v\u010del\u00e1r,ktor\u00fd vlastn\u00ed 7 rod\u00edn pribli\u017ene 30 \u20ac.<\/p>\n<p>\u010co v kone\u010dnom sum\u00e1ri znamen\u00e1,\u017ee invest\u00edcia do pr\u00edpravku B-401 Certan sa v\u010del\u00e1rovi po\u010das<\/p>\n<p>jednej zimy vr\u00e1ti viac ako 2,5-n\u00e1sobne.<\/p>\n<p>Ekonomika:<\/p>\n<p>O\u0161etrenie 1 r\u00e1mika pr\u00edpravkom B-401 Certan (celoro\u010dn\u00e1 100%ochrana)\u2026.0,135 \u20ac<\/p>\n<p>O\u0161etrenie in\u00fdm sp\u00f4sobom (s\u00edrne kn\u00f4ty,\u2026.),\u00fa\u010dinnos\u0165 medzi 40-50%, vysok\u00e9 riziko napadnutia vija\u010dkou vo\u0161tinovou.Z napadnut\u00fdch r\u00e1mikov je nutn\u00e9 odstr\u00e1ni\u0165 star\u00fd pl\u00e1st.<\/p>\n<p>K vytvoreniu nov\u00e9ho r\u00e1mika je potrebn\u00e9 zak\u00fapi\u0165 nov\u00fa medzistienku a natiahnu\u0165 nov\u00fd dr\u00f4tik.<\/p>\n<p>Nov\u00e1 medzistienka + dr\u00f4tik \u2026\u2026 cca 0,85\u20ac !!!!<\/p>\n<p>Pri pou\u017eit\u00ed pr\u00edpravku B-401 Certan u\u0161etr\u00edte 0,735 \u20ac na ka\u017edom r\u00e1miku.<\/p>\n<p>V priemere vlastn\u00ed v\u010del\u00e1r 7 v\u010delstiev, po\u010das zimn\u00e9ho obdobia usklad\u0148nuje 70 r\u00e1mikov, \u010do znamen\u00e1, \u017ee ak na o\u0161etrenie r\u00e1mikov pou\u017eije s\u00edrne kn\u00f4ty(u\u010dinnos\u0165 40-50%) na jar bude musie\u0165 vymeni\u0165 pribli\u017ene 35 napadnut\u00fdch r\u00e1mikov za nov\u00e9 (35\u00d70,85 \u20ac=29,75 \u20ac).<\/p>\n<p>Pr\u00edrodn\u00e9 rie\u0161enie probl\u00e9mov s v\u00edja\u010dkou vo\u0161tinovou<br \/>\n\u010co je B 401 ?<br \/>\n\u2013 je koncentrovan\u00fd roztok Bacillus thuringiensis zlo\u017e. aizawai, mikroorganizmy<br \/>\n\u2013 ne\u0161kodn\u00fd pre \u010dloveka a v\u010dely<br \/>\n\u2013 m\u00e1 a\u017e 100% \u00fa\u010dinnos\u0165 proti larv\u00e1m z v\u00edja\u010dky vo\u0161tinovej (Galleria mellonella)<br \/>\n\u2013 nezanech\u00e1va zvy\u0161ky vo vosku alebo mede, nemen\u00ed chu\u0165 medu<br \/>\n\u2013 zabezpe\u010duje ochranu po\u010das cel\u00e9ho roku<br \/>\n\u2013 jedna aplik\u00e1cia posta\u010d\u00ed na ochranu r\u00e1mikov do bud\u00faceho zn\u00e1\u0161kov\u00e9ho obdobia<br \/>\nKedy pou\u017e\u00edva\u0165 B 401?<br \/>\n\u2013 po zbere medu, ke\u010f sa r\u00e1miky usklad\u0148uj\u00fa. Ochrana r\u00e1mikov pretrv\u00e1va a\u017e do novej sez\u00f3ny<br \/>\nSkladovanie a ochrana<br \/>\n\u2013 Skladujte B 401 pri teplote medzi 5\u00b0 \u2013 20\u00b0<br \/>\n\u2013 Ak je produkt skladovan\u00fd v chlade (pod 12 \u00b0 C) a vo svojej uzavretej p\u00f4vodnej<br \/>\nf\u013ea\u0161i. B 401 m\u00f4\u017ee by\u0165 uchov\u00e1van\u00fd po dobu nieko\u013ek\u00fdch rokov.<br \/>\nBezpe\u010dnos\u0165 produktu B 401<br \/>\n\u2013 B 401 nezanech\u00e1va \u017eiadne zvy\u0161ky vo vosku a mede na rozdiel od<br \/>\nparadichl\u00f3rbenz\u00e9na, ktor\u00fd je toxick\u00fd a zak\u00e1zan\u00fd v UK na \u017eiadne po\u013enohospod\u00e1rske<br \/>\nvyu\u017eitie<br \/>\n\u2013 B 401 je ne\u0161kodn\u00fd pre v\u010delie larvy a dospel\u00e9 v\u010dely<br \/>\n\u2013 Aizawai s\u00e9rotyp 7 (pr\u00edtomn\u00fd v B 401) je jedin\u00fdm z palety Bacillus thuringiensis,<br \/>\nktor\u00fd m\u00e1 vynikaj\u00face v\u00fdsledky proti v\u00edja\u010dke voskovej.<br \/>\nAko pou\u017ei\u0165 B401-Certan?<br \/>\nPr\u00edpravok sa pou\u017e\u00edva po medobran\u00ed,ke\u010f sa r\u00e1miky usklad\u0148uj\u00fa.<br \/>\nO\u0161etrenie r\u00e1mikov pr\u00edpravkom B 401 zabezpe\u010duje ochranu po\u010das cel\u00e9ho nasleduj\u00faceho obdobia.<br \/>\nN\u00e1vod na pou\u017eitie:<br \/>\n1.F\u013ea\u0161ku pred pou\u017eit\u00edm pretrepa\u0165.<br \/>\n2.Roztok zriedi\u0165 s vodou v pomere 1:19 (5% roztok).<br \/>\nNa o\u0161etrenie 10 ks r\u00e1mikov je potrebn\u00e9 10 ml B 401 zriedi\u0165 s 200 ml pitnej vody.<br \/>\n3.Zrieden\u00fd roztok prelejeme do rozpra\u0161ova\u010da.<br \/>\n4.Roztok aplikujeme rovnomerne na obidve strany r\u00e1mika.<br \/>\n5.Po aplik\u00e1ci\u00ed nech\u00e1me r\u00e1miky vyvetra\u0165 ,aby sa odparila prebyto\u010dn\u00e1 voda z r\u00e1mikov.(Voda sp\u00f4sobuje PLESNE!!!)<br \/>\n6.Pred pou\u017eit\u00edm B 401 je potrebn\u00e9 rozpo\u010d\u00edta\u0165 si objem,ktor\u00fd je potrebn\u00fd na o\u0161etrenie po\u017eadovan\u00e9ho<br \/>\nmno\u017estva r\u00e1mikov.<br \/>\nZrieden\u00fd 5% roztok sa nesmie usklad\u0148ova\u0165 !!!!<br \/>\nNa 100% ochranu r\u00e1mika je potrebn\u00e9 aplikova\u0165 1,5 ml koncentrovan\u00e9ho 5% roztoku B 401 na 10 cm2.<\/p>\n","protected":false},"excerpt":{"rendered":"<p>\u2013 je koncentrovan\u00fd roztok Bacillus thuringiensis zlo\u017e. aizawai, mikroorganizmy \u2013 ne\u0161kodn\u00fd pre \u010dloveka a v\u010dely \u2013 m\u00e1 a\u017e 100% \u00fa\u010dinnos\u0165 proti larv\u00e1m z v\u00edja\u010dky vo\u0161tinovej (Galleria mellonella) \u2013 nezanech\u00e1va zvy\u0161ky vo vosku alebo mede, nemen\u00ed chu\u0165 medu \u2013 zabezpe\u010duje ochranu po\u010das cel\u00e9ho roku \u2013 jedna aplik\u00e1cia posta\u010d\u00ed na ochranu r\u00e1mikov do bud\u00faceho zn\u00e1\u0161kov\u00e9ho obdobia Z <a href=\"https:\/\/www.nedozery.sk\/vcelarstvo\/produkt\/b-401-certan-120ml\/\" class=\"read-more inline\">\u010c\u00edtaj \u010falej<\/a><\/p>\n","protected":false},"featured_media":1296,"comment_status":"open","ping_status":"closed","template":"elementor_theme","meta":[],"product_brand":[],"product_cat":[20,75],"product_tag":[],"class_list":{"0":"post-1294","1":"product","2":"type-product","3":"status-publish","4":"has-post-thumbnail","6":"product_cat-lieciva","7":"product_cat-vijacka","9":"first","10":"instock","11":"taxable","12":"shipping-taxable","13":"purchasable","14":"product-type-simple"},"jetpack_sharing_enabled":true,"_links":{"self":[{"href":"https:\/\/www.nedozery.sk\/vcelarstvo\/wp-json\/wp\/v2\/product\/1294","targetHints":{"allow":["GET"]}}],"collection":[{"href":"https:\/\/www.nedozery.sk\/vcelarstvo\/wp-json\/wp\/v2\/product"}],"about":[{"href":"https:\/\/www.nedozery.sk\/vcelarstvo\/wp-json\/wp\/v2\/types\/product"}],"replies":[{"embeddable":true,"href":"https:\/\/www.nedozery.sk\/vcelarstvo\/wp-json\/wp\/v2\/comments?post=1294"}],"version-history":[{"count":0,"href":"https:\/\/www.nedozery.sk\/vcelarstvo\/wp-json\/wp\/v2\/product\/1294\/revisions"}],"wp:featuredmedia":[{"embeddable":true,"href":"https:\/\/www.nedozery.sk\/vcelarstvo\/wp-json\/wp\/v2\/media\/1296"}],"wp:attachment":[{"href":"https:\/\/www.nedozery.sk\/vcelarstvo\/wp-json\/wp\/v2\/media?parent=1294"}],"wp:term":[{"taxonomy":"product_brand","embeddable":true,"href":"https:\/\/www.nedozery.sk\/vcelarstvo\/wp-json\/wp\/v2\/product_brand?post=1294"},{"taxonomy":"product_cat","embeddable":true,"href":"https:\/\/www.nedozery.sk\/vcelarstvo\/wp-json\/wp\/v2\/product_cat?post=1294"},{"taxonomy":"product_tag","embeddable":true,"href":"https:\/\/www.nedozery.sk\/vcelarstvo\/wp-json\/wp\/v2\/product_tag?post=1294"}],"curies":[{"name":"wp","href":"https:\/\/api.w.org\/{rel}","templated":true}]}}