{"id":1335,"date":"2022-05-16T11:37:11","date_gmt":"2022-05-16T09:37:11","guid":{"rendered":"https:\/\/www.nedozery.sk\/vcelarstvo\/?post_type=product&#038;p=1335"},"modified":"2023-10-27T14:31:43","modified_gmt":"2023-10-27T12:31:43","slug":"odvieckovacia-vidlicka-bee-s-rovnymi-ihlami-drevena-rukovat","status":"publish","type":"product","link":"https:\/\/www.nedozery.sk\/vcelarstvo\/produkt\/odvieckovacia-vidlicka-bee-s-rovnymi-ihlami-drevena-rukovat\/","title":{"rendered":"Odvie\u010dkovacia vidli\u010dka BEE s rovn\u00fdmi ihlami, dreven\u00e1 rukov\u00e4\u0165"},"content":{"rendered":"<h2><b style=\"font-family: inherit; font-size: 15px; font-style: inherit; color: #58585a;\">Odvie\u010dkovacia vidli\u010dka BEE s drevenou rukov\u00e4\u0165ou<\/b><span style=\"font-size: 15px; color: #58585a;\">\u00a0m\u00e1 17 rovn\u00fdch nerezov\u00fdch ihiel so \u0161\u00edrkou z\u00e1beru 6 cm. Dreven\u00e1 rukov\u00e4\u0165 s d\u013a\u017ekou 12 cm je vhodne tvarovan\u00e1 a dobre sadne do ruky. Vidli\u010dka je nepostr\u00e1date\u013en\u00e1 v\u010del\u00e1rska pom\u00f4cka, ktor\u00e1 zaru\u010duje r\u00fdchlu a spo\u013eahliv\u00fa pr\u00e1cu pri odvie\u010dkovan\u00ed pl\u00e1stov.<\/span><\/h2>\n<div class=\"in-pane\">\n<div class=\"long-description\">\n<p>Rozmery (d x \u0161): 22,5 x 6,5<br \/>\nOrienta\u010dn\u00e1 hmotnos\u0165: 0,080 kg<\/p>\n<\/div>\n<\/div>\n","protected":false},"excerpt":{"rendered":"<p>Odvie\u010dkovacia vidli\u010dka BEE s drevenou rukov\u00e4\u0165ou\u00a0m\u00e1 17 rovn\u00fdch nerezov\u00fdch ihiel so \u0161\u00edrkou z\u00e1beru 6 cm. Dreven\u00e1 rukov\u00e4\u0165 s d\u013a\u017ekou 12 cm je vhodne tvarovan\u00e1 a dobre sadne do ruky. Vidli\u010dka je nepostr\u00e1date\u013en\u00e1 v\u010del\u00e1rska pom\u00f4cka, ktor\u00e1 zaru\u010duje r\u00fdchlu a spo\u013eahliv\u00fa pr\u00e1cu pri odvie\u010dkovan\u00ed pl\u00e1stov. Rozmery (d x \u0161): 22,5 x 6,5 Orienta\u010dn\u00e1 hmotnos\u0165: 0,080 kg<\/p>\n","protected":false},"featured_media":1336,"comment_status":"open","ping_status":"closed","template":"","meta":[],"product_brand":[],"product_cat":[18,30],"product_tag":[],"class_list":{"0":"post-1335","1":"product","2":"type-product","3":"status-publish","4":"has-post-thumbnail","6":"product_cat-naradie","7":"product_cat-odvieckovanie","9":"first","10":"outofstock","11":"taxable","12":"shipping-taxable","13":"purchasable","14":"product-type-simple"},"jetpack_sharing_enabled":true,"_links":{"self":[{"href":"https:\/\/www.nedozery.sk\/vcelarstvo\/wp-json\/wp\/v2\/product\/1335","targetHints":{"allow":["GET"]}}],"collection":[{"href":"https:\/\/www.nedozery.sk\/vcelarstvo\/wp-json\/wp\/v2\/product"}],"about":[{"href":"https:\/\/www.nedozery.sk\/vcelarstvo\/wp-json\/wp\/v2\/types\/product"}],"replies":[{"embeddable":true,"href":"https:\/\/www.nedozery.sk\/vcelarstvo\/wp-json\/wp\/v2\/comments?post=1335"}],"version-history":[{"count":0,"href":"https:\/\/www.nedozery.sk\/vcelarstvo\/wp-json\/wp\/v2\/product\/1335\/revisions"}],"wp:featuredmedia":[{"embeddable":true,"href":"https:\/\/www.nedozery.sk\/vcelarstvo\/wp-json\/wp\/v2\/media\/1336"}],"wp:attachment":[{"href":"https:\/\/www.nedozery.sk\/vcelarstvo\/wp-json\/wp\/v2\/media?parent=1335"}],"wp:term":[{"taxonomy":"product_brand","embeddable":true,"href":"https:\/\/www.nedozery.sk\/vcelarstvo\/wp-json\/wp\/v2\/product_brand?post=1335"},{"taxonomy":"product_cat","embeddable":true,"href":"https:\/\/www.nedozery.sk\/vcelarstvo\/wp-json\/wp\/v2\/product_cat?post=1335"},{"taxonomy":"product_tag","embeddable":true,"href":"https:\/\/www.nedozery.sk\/vcelarstvo\/wp-json\/wp\/v2\/product_tag?post=1335"}],"curies":[{"name":"wp","href":"https:\/\/api.w.org\/{rel}","templated":true}]}}