{"id":145,"date":"2021-10-24T14:07:15","date_gmt":"2021-10-24T12:07:15","guid":{"rendered":"https:\/\/www.nedozery.sk\/vcelarstvo\/?product=produkt-51"},"modified":"2023-10-27T14:31:18","modified_gmt":"2023-10-27T12:31:18","slug":"produkt-51","status":"publish","type":"product","link":"https:\/\/www.nedozery.sk\/vcelarstvo\/produkt\/produkt-51\/","title":{"rendered":"Metli\u010dka s pr\u00edrodn\u00fdm vlasom 2-radov\u00e1 dlh\u00e1, dreven\u00e1 r\u00fa\u010dka, BEE"},"content":{"rendered":"<h2>Metli\u010dka s pr\u00edrodn\u00fdm vlasom 2-radov\u00e1 dlh\u00e1, dreven\u00e1 r\u00fa\u010dka, BEE<\/h2>\n<div class=\"in-pane\">\n<div class=\"long-description\">\n<p>Pre ru\u010dn\u00e9 ometanie v\u010diel pon\u00fakame\u00a0<strong>dvojradov\u00fa dlh\u00fa metli\u010dku s konsk\u00fdm vlasom a drevenou rukov\u00e4\u0165ou<\/strong>. V\u010faka kvalitn\u00e9mu spracovaniu je vhodn\u00e1 k jemn\u00e9mu a oh\u013eadupln\u00e9mu ometaniu v\u010diel z pl\u00e1stov. Dreven\u00fd zmet\u00e1\u010dik m\u00e1 kvalitn\u00e9 pr\u00edrodn\u00e9 hebk\u00e9 vl\u00e1kna, ktor\u00e9 neubl\u00ed\u017eia v\u010del\u00e1m ani pl\u00e1stom s medom.<\/p>\n<p>D\u013a\u017eka radu vlasov: 21 x 6,5 cm<br \/>\nRozmery (d x \u0161): 41 x 8 cm<br \/>\nOrienta\u010dn\u00e1 hmotnos\u0165: 0,07 kg<\/p>\n<p><em>Produkt priamo od v\u00fdrobcu.<\/em><\/p>\n<\/div>\n<\/div>\n","protected":false},"excerpt":{"rendered":"<p>Metli\u010dka s pr\u00edrodn\u00fdm vlasom 2-radov\u00e1 dlh\u00e1, dreven\u00e1 r\u00fa\u010dka, BEE Pre ru\u010dn\u00e9 ometanie v\u010diel pon\u00fakame\u00a0dvojradov\u00fa dlh\u00fa metli\u010dku s konsk\u00fdm vlasom a drevenou rukov\u00e4\u0165ou. V\u010faka kvalitn\u00e9mu spracovaniu je vhodn\u00e1 k jemn\u00e9mu a oh\u013eadupln\u00e9mu ometaniu v\u010diel z pl\u00e1stov. Dreven\u00fd zmet\u00e1\u010dik m\u00e1 kvalitn\u00e9 pr\u00edrodn\u00e9 hebk\u00e9 vl\u00e1kna, ktor\u00e9 neubl\u00ed\u017eia v\u010del\u00e1m ani pl\u00e1stom s medom. D\u013a\u017eka radu vlasov: 21 x 6,5 <a href=\"https:\/\/www.nedozery.sk\/vcelarstvo\/produkt\/produkt-51\/\" class=\"read-more inline\">\u010c\u00edtaj \u010falej<\/a><\/p>\n","protected":false},"featured_media":404,"comment_status":"open","ping_status":"closed","template":"","meta":[],"product_brand":[],"product_cat":[18],"product_tag":[],"class_list":{"0":"post-145","1":"product","2":"type-product","3":"status-publish","4":"has-post-thumbnail","6":"product_cat-naradie","8":"first","9":"outofstock","10":"taxable","11":"shipping-taxable","12":"purchasable","13":"product-type-simple"},"jetpack_sharing_enabled":true,"_links":{"self":[{"href":"https:\/\/www.nedozery.sk\/vcelarstvo\/wp-json\/wp\/v2\/product\/145","targetHints":{"allow":["GET"]}}],"collection":[{"href":"https:\/\/www.nedozery.sk\/vcelarstvo\/wp-json\/wp\/v2\/product"}],"about":[{"href":"https:\/\/www.nedozery.sk\/vcelarstvo\/wp-json\/wp\/v2\/types\/product"}],"replies":[{"embeddable":true,"href":"https:\/\/www.nedozery.sk\/vcelarstvo\/wp-json\/wp\/v2\/comments?post=145"}],"version-history":[{"count":0,"href":"https:\/\/www.nedozery.sk\/vcelarstvo\/wp-json\/wp\/v2\/product\/145\/revisions"}],"wp:featuredmedia":[{"embeddable":true,"href":"https:\/\/www.nedozery.sk\/vcelarstvo\/wp-json\/wp\/v2\/media\/404"}],"wp:attachment":[{"href":"https:\/\/www.nedozery.sk\/vcelarstvo\/wp-json\/wp\/v2\/media?parent=145"}],"wp:term":[{"taxonomy":"product_brand","embeddable":true,"href":"https:\/\/www.nedozery.sk\/vcelarstvo\/wp-json\/wp\/v2\/product_brand?post=145"},{"taxonomy":"product_cat","embeddable":true,"href":"https:\/\/www.nedozery.sk\/vcelarstvo\/wp-json\/wp\/v2\/product_cat?post=145"},{"taxonomy":"product_tag","embeddable":true,"href":"https:\/\/www.nedozery.sk\/vcelarstvo\/wp-json\/wp\/v2\/product_tag?post=145"}],"curies":[{"name":"wp","href":"https:\/\/api.w.org\/{rel}","templated":true}]}}