{"id":169,"date":"2021-10-24T14:07:36","date_gmt":"2021-10-24T12:07:36","guid":{"rendered":"https:\/\/www.nedozery.sk\/vcelarstvo\/?product=produkt-75"},"modified":"2025-03-24T10:48:20","modified_gmt":"2025-03-24T09:48:20","slug":"produkt-75","status":"publish","type":"product","link":"https:\/\/www.nedozery.sk\/vcelarstvo\/produkt\/produkt-75\/","title":{"rendered":"\u010c\u00edsla na \u00fale &#8211; SIV\u00c9 \u010d\u00edslice"},"content":{"rendered":"<h2>\u010c\u00edsla na \u00fale &#8211; SIV\u00c9 \u010d\u00edslice<\/h2>\n<div class=\"in-pane\">\n<div class=\"long-description\">\n<p><strong>Plastov\u00e9 siv\u00e9 \u010d\u00edslice na o\u010d\u00edslovanie \u00fa\u013eov<\/strong>. Jedno balenie obsahuje 3 kr\u00e1t \u010d\u00edslicu 1, ostatn\u00e9 \u010d\u00edslice s\u00fa jeden kr\u00e1t. V\u00fd\u0161ka \u010d\u00edslic: 27 mm.<\/p>\n<p><strong>VIDEO: https:\/\/youtu.be\/HDd7zjwBDvk<\/strong><\/p>\n<\/div>\n<\/div>\n","protected":false},"excerpt":{"rendered":"<p>\u010c\u00edsla na \u00fale &#8211; SIV\u00c9 \u010d\u00edslice Plastov\u00e9 siv\u00e9 \u010d\u00edslice na o\u010d\u00edslovanie \u00fa\u013eov. Jedno balenie obsahuje 3 kr\u00e1t \u010d\u00edslicu 1, ostatn\u00e9 \u010d\u00edslice s\u00fa jeden kr\u00e1t. V\u00fd\u0161ka \u010d\u00edslic: 27 mm. VIDEO: https:\/\/youtu.be\/HDd7zjwBDvk<\/p>\n","protected":false},"featured_media":314,"comment_status":"open","ping_status":"closed","template":"","meta":[],"product_brand":[],"product_cat":[94,16],"product_tag":[],"class_list":{"0":"post-169","1":"product","2":"type-product","3":"status-publish","4":"has-post-thumbnail","6":"product_cat-prislus","7":"product_cat-ule","9":"first","10":"outofstock","11":"taxable","12":"shipping-taxable","13":"purchasable","14":"product-type-simple"},"jetpack_sharing_enabled":true,"_links":{"self":[{"href":"https:\/\/www.nedozery.sk\/vcelarstvo\/wp-json\/wp\/v2\/product\/169","targetHints":{"allow":["GET"]}}],"collection":[{"href":"https:\/\/www.nedozery.sk\/vcelarstvo\/wp-json\/wp\/v2\/product"}],"about":[{"href":"https:\/\/www.nedozery.sk\/vcelarstvo\/wp-json\/wp\/v2\/types\/product"}],"replies":[{"embeddable":true,"href":"https:\/\/www.nedozery.sk\/vcelarstvo\/wp-json\/wp\/v2\/comments?post=169"}],"version-history":[{"count":0,"href":"https:\/\/www.nedozery.sk\/vcelarstvo\/wp-json\/wp\/v2\/product\/169\/revisions"}],"wp:featuredmedia":[{"embeddable":true,"href":"https:\/\/www.nedozery.sk\/vcelarstvo\/wp-json\/wp\/v2\/media\/314"}],"wp:attachment":[{"href":"https:\/\/www.nedozery.sk\/vcelarstvo\/wp-json\/wp\/v2\/media?parent=169"}],"wp:term":[{"taxonomy":"product_brand","embeddable":true,"href":"https:\/\/www.nedozery.sk\/vcelarstvo\/wp-json\/wp\/v2\/product_brand?post=169"},{"taxonomy":"product_cat","embeddable":true,"href":"https:\/\/www.nedozery.sk\/vcelarstvo\/wp-json\/wp\/v2\/product_cat?post=169"},{"taxonomy":"product_tag","embeddable":true,"href":"https:\/\/www.nedozery.sk\/vcelarstvo\/wp-json\/wp\/v2\/product_tag?post=169"}],"curies":[{"name":"wp","href":"https:\/\/api.w.org\/{rel}","templated":true}]}}