{"id":1812,"date":"2022-08-04T20:12:00","date_gmt":"2022-08-04T18:12:00","guid":{"rendered":"https:\/\/www.nedozery.sk\/vcelarstvo\/?post_type=product&#038;p=1812"},"modified":"2023-10-27T14:31:55","modified_gmt":"2023-10-27T12:31:55","slug":"pleva-ustny-sprej-s-propolisom-25-g","status":"publish","type":"product","link":"https:\/\/www.nedozery.sk\/vcelarstvo\/produkt\/pleva-ustny-sprej-s-propolisom-25-g\/","title":{"rendered":"Pleva \u00dastny sprej s propolisom 25 g"},"content":{"rendered":"<p>\u2022 obsahuje antimikrobi\u00e1lne l\u00e1tky<br \/>\n\u2022 pr\u00edjemne osvie\u017ei a zvlh\u010d\u00ed \u00fastnu dutinu<br \/>\n\u2022 odstr\u00e1ni nepr\u00edjemn\u00e9 pocity v \u00fastnej dutine pri vir\u00f3zach a ang\u00edne<\/p>\n<p>&nbsp;<\/p>\n<p>N\u00e1vod na pou\u017eitie<\/p>\n<p>Strieka sa nieko\u013ekokr\u00e1t denne do \u00fast. Pred pou\u017eit\u00edm pretrepte, sediment a pr\u00edpadn\u00e9 vzn\u00e1\u0161aj\u00face sa kusy usaden\u00e9ho propolisu s\u00fa prirodzen\u00e9. Vznikaj\u00fa v d\u00f4sledku pou\u017eitia poctiv\u00e9ho mno\u017estvo propolisu, aby sme v spreji dosiahli jeho maxim\u00e1lnej koncentr\u00e1cie.<\/p>\n","protected":false},"excerpt":{"rendered":"<h5>Popis<\/h5>\n<p><strong>Kedy \u00fastny sprej pou\u017ei\u0165<\/strong><\/p>\n<p>Pozn\u00e1te to \u2013 obdobie chr\u00edpok a vir\u00f3z je v\u0161ade okolo a vy u\u017e tie\u017e za\u010d\u00ednate c\u00edti\u0165 nepr\u00edjemn\u00e9 po\u0161krabk\u00e1vanie v krku. Sk\u00faste si prevent\u00edvne strekn\u00fa\u0165 tento \u00fastny spray s propolisom. V\u010faka obsiahnut\u00fdm antimikrobi\u00e1lnym l\u00e1tkam tak pom\u00f4\u017ee zahna\u0165 prv\u00e9 pr\u00edznaky toho, \u017ee \u201cna v\u00e1s nie\u010do lezie\u201d. V\u010del\u00e1m pre ochranu \u00fa\u013ea pred bakt\u00e9riami a ples\u0148ami sl\u00fa\u017ei u\u017e mili\u00f3ny rokov!<\/p>\n<p>\u00dastny sprej m\u00f4\u017eete tie\u017e nosi\u0165 v kabelke alebo kufr\u00edku a strekn\u00fa\u0165 si kedyko\u013evek v pr\u00edpade potreby pre pr\u00edjemn\u00e9 osvie\u017eenie dychu po\u010das d\u0148a. Pr\u00edpravky s propolisom tie\u017e m\u00f4\u017eu pou\u017e\u00edva\u0165 osoby s drobn\u00fdmi z\u00e1palmi alebo pri v\u00fdskyte \u00e1ft v dutine \u00fastnej.<\/p>\n<p>&nbsp;<\/p>\n<p><strong>\u010co je to ten propolis?<\/strong><\/p>\n<p>Propolis je tuh\u00e1, hned\u00e1 \u017eivicov\u00e1 l\u00e1tka vyr\u00e1ban\u00e1 v\u010dielkami k dezinfek\u010dn\u00fdm a stavebn\u00fdm \u00fa\u010delom. Z\u00e1kladom je \u017eivica z\u00edskan\u00e1 zo stromov, ktor\u00fa v\u010dely spracov\u00e1vaj\u00fa za pomoci enz\u00fdmov vo svojich \u017e\u013eaz\u00e1ch. Na rozdiel od v\u010delieho vosku m\u00e1 okrem in\u00e9ho aj antibakteri\u00e1lne \u00fa\u010dinky, tak\u017ee ho v\u010dielky pou\u017e\u00edvaj\u00fa na utesnenie drobn\u00fdch medzier v \u00fali alebo pokrytie cudz\u00edch telies ako ochranu proti n\u00e1kaze.<\/p>\n<p>&nbsp;<\/p>\n<p><strong>V\u00e4\u010d\u0161ie balenia v skle<\/strong><\/p>\n<p>Novo pon\u00fakame \u00dastne spray vo v\u00e4\u010d\u0161om, sklenenom balen\u00ed. Zak\u00fapi\u0165 ho m\u00f4\u017eete \u013eahko \u2013 sta\u010d\u00ed zvoli\u0165 hmotnos\u0165 100 g.<\/p>\n<p>&nbsp;<\/p>\n<p><strong>Dostato\u010dn\u00e1 vlhkos\u0165 je nutnos\u0165ou<\/strong><\/p>\n<p>Pre pr\u00edjemn\u00fd pocit v \u00fastnej dutine je vhodn\u00e9 ju udr\u017eova\u0165 riadne vlhk\u00fa. Sliny prirodzene pom\u00e1haj\u00fa \u00fasta \u010disti\u0165 a samy o sebe s\u00fa tie\u017e zbra\u0148 proti najr\u00f4znej\u0161\u00edm bakt\u00e9ri\u00e1m.<\/p>\n<p>R\u00e1no \u00fastnu dutinu (zuby) poriadne vy\u010distite a v priebehu d\u0148a zvlh\u010dujte \u2013 dostato\u010dne pite, \u017eujte m\u00e4tu alebo osvie\u017eujte \u00fastnym sprejom s propolisom.<\/p>\n<p>&nbsp;<\/p>\n<div class=\"pd-ingredients\">\n<h4>Zlo\u017eenie: Aqua, Alcohol, Glycerin, Propolis extract<\/h4>\n<\/div>\n","protected":false},"featured_media":1813,"comment_status":"open","ping_status":"closed","template":"","meta":[],"product_brand":[],"product_cat":[37],"product_tag":[],"class_list":{"0":"post-1812","1":"product","2":"type-product","3":"status-publish","4":"has-post-thumbnail","6":"product_cat-kozmetika","8":"first","9":"outofstock","10":"taxable","11":"shipping-taxable","12":"purchasable","13":"product-type-simple"},"jetpack_sharing_enabled":true,"_links":{"self":[{"href":"https:\/\/www.nedozery.sk\/vcelarstvo\/wp-json\/wp\/v2\/product\/1812","targetHints":{"allow":["GET"]}}],"collection":[{"href":"https:\/\/www.nedozery.sk\/vcelarstvo\/wp-json\/wp\/v2\/product"}],"about":[{"href":"https:\/\/www.nedozery.sk\/vcelarstvo\/wp-json\/wp\/v2\/types\/product"}],"replies":[{"embeddable":true,"href":"https:\/\/www.nedozery.sk\/vcelarstvo\/wp-json\/wp\/v2\/comments?post=1812"}],"version-history":[{"count":0,"href":"https:\/\/www.nedozery.sk\/vcelarstvo\/wp-json\/wp\/v2\/product\/1812\/revisions"}],"wp:featuredmedia":[{"embeddable":true,"href":"https:\/\/www.nedozery.sk\/vcelarstvo\/wp-json\/wp\/v2\/media\/1813"}],"wp:attachment":[{"href":"https:\/\/www.nedozery.sk\/vcelarstvo\/wp-json\/wp\/v2\/media?parent=1812"}],"wp:term":[{"taxonomy":"product_brand","embeddable":true,"href":"https:\/\/www.nedozery.sk\/vcelarstvo\/wp-json\/wp\/v2\/product_brand?post=1812"},{"taxonomy":"product_cat","embeddable":true,"href":"https:\/\/www.nedozery.sk\/vcelarstvo\/wp-json\/wp\/v2\/product_cat?post=1812"},{"taxonomy":"product_tag","embeddable":true,"href":"https:\/\/www.nedozery.sk\/vcelarstvo\/wp-json\/wp\/v2\/product_tag?post=1812"}],"curies":[{"name":"wp","href":"https:\/\/api.w.org\/{rel}","templated":true}]}}