{"id":1820,"date":"2022-08-04T20:26:17","date_gmt":"2022-08-04T18:26:17","guid":{"rendered":"https:\/\/www.nedozery.sk\/vcelarstvo\/?post_type=product&#038;p=1820"},"modified":"2023-10-27T14:31:55","modified_gmt":"2023-10-27T12:31:55","slug":"pleva-mast-s-propolisom-20-g","status":"publish","type":"product","link":"https:\/\/www.nedozery.sk\/vcelarstvo\/produkt\/pleva-mast-s-propolisom-20-g\/","title":{"rendered":"Pleva Mas\u0165 s propolisom 20 g"},"content":{"rendered":"<p>\u2022 m\u00e1 v\u00fdrazn\u00fd regenera\u010dn\u00fd \u00fa\u010dinok<br \/>\n\u2022 vhodn\u00e1 na such\u00fa a problematick\u00fa ple\u0165<br \/>\n\u2022 porad\u00ed si s popraskan\u00fdmi a such\u00fdmi miestami<\/p>\n<p>\u2022 akt\u00edvna l\u00e1tka propolis<br \/>\n\u2022 na ko\u017eu n\u00e1chyln\u00fa na plesne, ekz\u00e9my \u010di v oblasti hemoroidov<\/p>\n<p><strong>N\u00e1vod na pou\u017eitie:<\/strong><\/p>\n<p>Propolisov\u00e1 mas\u0165 by mala by\u0165 s\u00fa\u010das\u0165ou ka\u017edej dom\u00e1cej lek\u00e1rni\u010dky. Pou\u017e\u00edvajte ju na vysu\u0161en\u00fa, podr\u00e1\u017eden\u00fa aj po\u0161koden\u00fa ko\u017eu. Jemne vmas\u00edrujte na postihnut\u00e9 miesto a pod\u013ea potreby opakujte trikr\u00e1t denne. V\u00fdsledok na seba nenech\u00e1 dlho \u010daka\u0165. Propolis farb\u00ed, je vhodn\u00e9 pou\u017e\u00edva\u0165 tmav\u00e9 oble\u010denie, alebo necha\u0165 mas\u0165 najprv vstreba\u0165.<\/p>\n<p>Propolisov\u00e1 mas\u0165 by mala by\u0165 s\u00fa\u010das\u0165ou ka\u017edej dom\u00e1cej lek\u00e1rni\u010dky. Pou\u017e\u00edvajte ju na vysu\u0161en\u00fa, podr\u00e1\u017eden\u00fa aj po\u0161koden\u00fa ko\u017eu. Jemne vmas\u00edrujte na postihnut\u00e9 miesto a pod\u013ea potreby opakujte trikr\u00e1t denne. V\u00fdsledok na seba nenech\u00e1 dlho \u010daka\u0165. Propolis farb\u00ed, je vhodn\u00e9 pou\u017e\u00edva\u0165 tmav\u00e9 oble\u010denie, alebo necha\u0165 mas\u0165 najprv vstreba\u0165.<\/p>\n","protected":false},"excerpt":{"rendered":"<h5>Popis<\/h5>\n<p><strong>Vonkaj\u0161ie vplyvy d\u00e1vaj\u00fa poko\u017eke zabra\u0165<\/strong><\/p>\n<p>Va\u0161a ko\u017ea je neust\u00e1le vystaven\u00e1 vonkaj\u0161\u00edm vplyvom a jej \u00falohou je chr\u00e1ni\u0165 cel\u00e9 telo. Preto by ste sa naopak vy mali dobre postara\u0165 o \u0148u. Pokia\u013e o poko\u017eku pravidelne nestar\u00e1, m\u00f4\u017ee po \u010dase doch\u00e1dza\u0165 k jej vys\u00fa\u0161aniu, podr\u00e1\u017edenie \u010di popraskanie.<\/p>\n<p>Ochrann\u00fa bari\u00e9ru poko\u017eky toti\u017e naru\u0161uje pomerne ve\u013ek\u00e9 mno\u017estvo vonkaj\u0161\u00edch vplyvov: zmeny teploty, siln\u00fd vietor, such\u00fd vzduch \u010di pobyt v prostred\u00ed s n\u00edzkou vlhkos\u0165ou, pr\u00edli\u0161 \u010dast\u00e9 um\u00fdvanie poko\u017eky, pr\u00e1ca s dezinfekciou \u010di oby\u010dajn\u00fdm prostriedkom na um\u00fdvanie riadu.<\/p>\n<p>D\u00f4sledkom m\u00f4\u017ee by\u0165 strata potrebnej hydrat\u00e1cie a prienik \u0161kodliv\u00edn a alerg\u00e9nov do poko\u017eky.<\/p>\n<p><img fetchpriority=\"high\" decoding=\"async\" class=\"\" src=\"https:\/\/pleva.s6.cdn-upgates.com\/z\/z604801581bba0-2-1-190327-exterier-mast-s-propolisem-sklo-15-1000x.jpg\" alt=\"Mast s propolisem Pleva\" width=\"353\" height=\"233\" \/><\/p>\n<p><strong>Propolisov\u00e1 mas\u0165 si porad\u00ed s r\u00f4znymi pr\u00ed\u010dinami vysu\u0161enej ko\u017ee<\/strong><\/p>\n<p>Such\u00e1 a popraskan\u00e1 ko\u017ea m\u00f4\u017ee ma\u0165 ve\u013ea pr\u00ed\u010din. Naj\u010dastej\u0161ie to b\u00fdva zl\u00e9 prekrvenie, pou\u017e\u00edvanie nevhodn\u00fdch a nekvalitn\u00fdch mydiel a \u010dast\u00fd kontakt ko\u017ee s \u010distiacimi prostriedkami. Vplyv m\u00e1 samozrejme neprimerane dlh\u00e9 slnenie, ktor\u00fd sa len n\u00e1sob\u00ed, ak nepou\u017eijete kvalitn\u00e9 opa\u013eovac\u00ed kr\u00e9m \u010di mlieko.<\/p>\n<p>Pr\u00ed\u010diny vysu\u0161ovaniu ko\u017ee m\u00f4\u017eu ma\u0165 ale aj v\u00edrusov\u00fd a bakteri\u00e1lny p\u00f4vod, \u010di u\u017e sa prejav\u00ed formou ekz\u00e9mu, vyr\u00e1\u017eky, alergick\u00e9 reakcie \u010di plesne. V\u0161etk\u00fdm t\u00fdmto neduhom m\u00f4\u017eete \u00fa\u010dinne predch\u00e1dza\u0165.<\/p>\n<p><img decoding=\"async\" class=\"\" src=\"https:\/\/pleva.s6.cdn-upgates.com\/a\/a6047ffd6963ea-2-1-190327-exterier-mast-s-propolisem-sklo-13-700x.jpg\" alt=\"Mast s propolisem Pleva\" width=\"346\" height=\"229\" \/><\/p>\n<p><strong>Balen\u00e9 v skle<\/strong><\/p>\n<p>Mysl\u00edme na pr\u00edrodu, a preto sa sna\u017e\u00edme obmedzova\u0165 mno\u017estvo plastov\u00e9ho odpadu zhodnoten\u00e9ho pre na\u0161e produkty. Na\u0161\u00edm cie\u013eom je postupn\u00fd n\u00e1vrat ku sklenen\u00fdm obalom, priate\u013esk\u00fdm k \u017eivotn\u00e9mu prostrediu.<\/p>\n<p><img decoding=\"async\" class=\"\" src=\"https:\/\/pleva.s6.cdn-upgates.com\/p\/p604f6c3b406e1-2-9-190318-stacenimastspropolisemveskle-30-1000x.jpg\" alt=\"Propolisov\u00e1 mast, velk\u00e9 balen\u00ed Pleva\" width=\"329\" height=\"218\" \/><\/p>\n<p><strong>Hmotnos\u0165: 20g alebo 90g<\/strong><\/p>\n<p><strong>Teraz aj vo v\u00e4\u010d\u0161om balen\u00ed<\/strong><\/p>\n<p>Aby v\u00e1m Mas\u0165 s propolisom dlh\u0161ie vydr\u017eala, m\u00e1me pre v\u00e1s nov\u00e9 v\u00fdhodn\u00e9 90g balenie.<\/p>\n<div class=\"pd-ingredients\">\n<h4>Zlo\u017eenie:<\/h4>\n<p class=\"mb-0\">Petrolatum, Lanolin, Propolis extract , Propylene glycol<\/p>\n<\/div>\n","protected":false},"featured_media":1823,"comment_status":"open","ping_status":"closed","template":"","meta":[],"product_brand":[],"product_cat":[37],"product_tag":[],"class_list":{"0":"post-1820","1":"product","2":"type-product","3":"status-publish","4":"has-post-thumbnail","6":"product_cat-kozmetika","8":"first","9":"outofstock","10":"taxable","11":"shipping-taxable","12":"purchasable","13":"product-type-simple"},"jetpack_sharing_enabled":true,"_links":{"self":[{"href":"https:\/\/www.nedozery.sk\/vcelarstvo\/wp-json\/wp\/v2\/product\/1820","targetHints":{"allow":["GET"]}}],"collection":[{"href":"https:\/\/www.nedozery.sk\/vcelarstvo\/wp-json\/wp\/v2\/product"}],"about":[{"href":"https:\/\/www.nedozery.sk\/vcelarstvo\/wp-json\/wp\/v2\/types\/product"}],"replies":[{"embeddable":true,"href":"https:\/\/www.nedozery.sk\/vcelarstvo\/wp-json\/wp\/v2\/comments?post=1820"}],"version-history":[{"count":0,"href":"https:\/\/www.nedozery.sk\/vcelarstvo\/wp-json\/wp\/v2\/product\/1820\/revisions"}],"wp:featuredmedia":[{"embeddable":true,"href":"https:\/\/www.nedozery.sk\/vcelarstvo\/wp-json\/wp\/v2\/media\/1823"}],"wp:attachment":[{"href":"https:\/\/www.nedozery.sk\/vcelarstvo\/wp-json\/wp\/v2\/media?parent=1820"}],"wp:term":[{"taxonomy":"product_brand","embeddable":true,"href":"https:\/\/www.nedozery.sk\/vcelarstvo\/wp-json\/wp\/v2\/product_brand?post=1820"},{"taxonomy":"product_cat","embeddable":true,"href":"https:\/\/www.nedozery.sk\/vcelarstvo\/wp-json\/wp\/v2\/product_cat?post=1820"},{"taxonomy":"product_tag","embeddable":true,"href":"https:\/\/www.nedozery.sk\/vcelarstvo\/wp-json\/wp\/v2\/product_tag?post=1820"}],"curies":[{"name":"wp","href":"https:\/\/api.w.org\/{rel}","templated":true}]}}