{"id":185,"date":"2021-10-24T14:07:47","date_gmt":"2021-10-24T12:07:47","guid":{"rendered":"https:\/\/www.nedozery.sk\/vcelarstvo\/?product=produkt-91"},"modified":"2024-01-13T16:08:43","modified_gmt":"2024-01-13T15:08:43","slug":"produkt-91","status":"publish","type":"product","link":"https:\/\/www.nedozery.sk\/vcelarstvo\/produkt\/produkt-91\/","title":{"rendered":"EKOPOL proti varro\u00e1ze a akarapid\u00f3ze"},"content":{"rendered":"<h2>EKOPOL proti varro\u00e1ze a akarapid\u00f3ze<\/h2>\n<div class=\"in-pane\">\n<div class=\"long-description\">\n<p><strong>EKOPOL\u00a0<\/strong>je<strong>\u00a0<\/strong>veterin\u00e1rny pr\u00edpravok na podporu lie\u010dby a prevenciu varro\u00e1zy a akarapid\u00f3zy v\u010diel. Jedn\u00e1 sa o akaric\u00eddny a repelentn\u00fd prvok proti varro\u00e1ze, akarapid\u00f3ze a vija\u010dke vo\u0161tinovej.\u00a0<strong>Nesp\u00f4sobuje vznik rezistentn\u00fdch popul\u00e1ci\u00ed klie\u0161tika.<\/strong><\/p>\n<p><u>Zlo\u017eenie:<\/u><br \/>\nDyhov\u00e9 p\u00e1siky ve\u013ekosti 200 x 20 x 0,8 mm, napusten\u00e9 ekologicky \u010dist\u00fdmi esenci\u00e1lnymi olejmi z paliny horkej (30 mg), koriandra (80 mg), tymi\u00e1nu (50 mg) a mentolu (20 mg) balen\u00e9 v ochrannom obale po 10ks.<\/p>\n<p><u>Pou\u017eitie:<\/u><br \/>\nVklad\u00e1 sa do v\u010delstva po prvej jarnej prehliadke a v letn\u00fdch \u2013 jesenn\u00fdch mesiacoch v\u017edy po vyto\u010den\u00ed medu. Aplikuj\u00fa sa 2 p\u00e1siky na 10 \u2013 12 vysok\u00fdch r\u00e1mikov (jeden medzi 3. \u2013 4. r\u00e1mik, druh\u00fd medzi 7. \u2013 8. r\u00e1mik). V slab\u0161\u00edch rodin\u00e1ch, n\u00edzkych nadstavkoch a odlo\u017eencoch sa doporu\u010duje pou\u017ei\u0165 1 p\u00e1sik do prostriedku plodov\u00e9ho telesa.<br \/>\nPre fix\u00e1ciu m\u00f4\u017eeme pou\u017ei\u0165 kancel\u00e1rsku spinku, cez ktor\u00fa sa prevle\u010die k\u00fasok drievka alebo \u0161p\u00e1radlo a potom sa p\u00e1sik zaves\u00ed vertik\u00e1lne do stredu uli\u010dky v stredovej \u010dasti v\u010delstva. P\u00e1siky zost\u00e1vaj\u00fa v \u00fali po dobu 3 a\u017e 30 dn\u00ed v z\u00e1vislosti od mno\u017estva zavie\u010dkovan\u00e9ho plodu.<\/p>\n<p><u>Upozornenie:<\/u><br \/>\nBalenie je potrebn\u00e9 otvori\u0165 tesne pred pou\u017eit\u00edm vo v\u010delstv\u00e1ch. Med vyto\u010den\u00fd z prelie\u010den\u00fdch v\u010delstiev je pou\u017eite\u013en\u00fd na be\u017en\u00fa konzum\u00e1ciu. Originalitu veterin\u00e1rneho pr\u00edpravku potvrdzuje bezpe\u010dnostn\u00fd kruhov\u00fd hologram na obale. V\u00fdrobok je schv\u00e1len\u00fd na Slovensku.<\/p>\n<p><u>Sp\u00f4sob uschov\u00e1vania:<\/u><br \/>\nUchov\u00e1va\u0165 na suchom tmavom mieste, nedostupnom de\u0165om a zvierat\u00e1m, oddelene od potrav\u00edn a krm\u00edv, pri teplote od 0 &#8211; 25\u00b0C. Uchov\u00e1va\u0165 mimo doh\u013eadu a dosahu det\u00ed.<\/p>\n<p><u>Trvanlivos\u0165:<\/u><br \/>\nMinim\u00e1lna doba trvanlivosti je 2 roky odo d\u0148a v\u00fdroby.<\/p>\n<p>Orienta\u010dn\u00e1 hmotnos\u0165: 0,030 kg<\/p>\n<\/div>\n<\/div>\n","protected":false},"excerpt":{"rendered":"<p>EKOPOL proti varro\u00e1ze a akarapid\u00f3ze EKOPOL\u00a0je\u00a0veterin\u00e1rny pr\u00edpravok na podporu lie\u010dby a prevenciu varro\u00e1zy a akarapid\u00f3zy v\u010diel. Jedn\u00e1 sa o akaric\u00eddny a repelentn\u00fd prvok proti varro\u00e1ze, akarapid\u00f3ze a vija\u010dke vo\u0161tinovej.\u00a0Nesp\u00f4sobuje vznik rezistentn\u00fdch popul\u00e1ci\u00ed klie\u0161tika. Zlo\u017eenie: Dyhov\u00e9 p\u00e1siky ve\u013ekosti 200 x 20 x 0,8 mm, napusten\u00e9 ekologicky \u010dist\u00fdmi esenci\u00e1lnymi olejmi z paliny horkej (30 mg), koriandra (80 <a href=\"https:\/\/www.nedozery.sk\/vcelarstvo\/produkt\/produkt-91\/\" class=\"read-more inline\">\u010c\u00edtaj \u010falej<\/a><\/p>\n","protected":false},"featured_media":248,"comment_status":"open","ping_status":"closed","template":"","meta":[],"product_brand":[],"product_cat":[20,73],"product_tag":[],"class_list":{"0":"post-185","1":"product","2":"type-product","3":"status-publish","4":"has-post-thumbnail","6":"product_cat-lieciva","7":"product_cat-varroa","9":"first","10":"outofstock","11":"taxable","12":"shipping-taxable","13":"purchasable","14":"product-type-simple"},"jetpack_sharing_enabled":true,"_links":{"self":[{"href":"https:\/\/www.nedozery.sk\/vcelarstvo\/wp-json\/wp\/v2\/product\/185","targetHints":{"allow":["GET"]}}],"collection":[{"href":"https:\/\/www.nedozery.sk\/vcelarstvo\/wp-json\/wp\/v2\/product"}],"about":[{"href":"https:\/\/www.nedozery.sk\/vcelarstvo\/wp-json\/wp\/v2\/types\/product"}],"replies":[{"embeddable":true,"href":"https:\/\/www.nedozery.sk\/vcelarstvo\/wp-json\/wp\/v2\/comments?post=185"}],"version-history":[{"count":0,"href":"https:\/\/www.nedozery.sk\/vcelarstvo\/wp-json\/wp\/v2\/product\/185\/revisions"}],"wp:featuredmedia":[{"embeddable":true,"href":"https:\/\/www.nedozery.sk\/vcelarstvo\/wp-json\/wp\/v2\/media\/248"}],"wp:attachment":[{"href":"https:\/\/www.nedozery.sk\/vcelarstvo\/wp-json\/wp\/v2\/media?parent=185"}],"wp:term":[{"taxonomy":"product_brand","embeddable":true,"href":"https:\/\/www.nedozery.sk\/vcelarstvo\/wp-json\/wp\/v2\/product_brand?post=185"},{"taxonomy":"product_cat","embeddable":true,"href":"https:\/\/www.nedozery.sk\/vcelarstvo\/wp-json\/wp\/v2\/product_cat?post=185"},{"taxonomy":"product_tag","embeddable":true,"href":"https:\/\/www.nedozery.sk\/vcelarstvo\/wp-json\/wp\/v2\/product_tag?post=185"}],"curies":[{"name":"wp","href":"https:\/\/api.w.org\/{rel}","templated":true}]}}