{"id":187,"date":"2021-10-24T14:07:48","date_gmt":"2021-10-24T12:07:48","guid":{"rendered":"https:\/\/www.nedozery.sk\/vcelarstvo\/?product=produkt-93"},"modified":"2024-01-13T16:08:22","modified_gmt":"2024-01-13T15:08:22","slug":"produkt-93","status":"publish","type":"product","link":"https:\/\/www.nedozery.sk\/vcelarstvo\/produkt\/produkt-93\/","title":{"rendered":"Odparova\u010d kyseliny mrav\u010dej s regul\u00e1ciou, 120 ml"},"content":{"rendered":"<h2>Odparova\u010d kyseliny mrav\u010dej s regul\u00e1ciou, 120 ml<\/h2>\n<div class=\"in-pane\">\n<div class=\"long-description\">\n<p>Kyselina mrav\u010dia sa pou\u017e\u00edva predov\u0161etk\u00fdm na tlmenie varro\u00e1zy v\u010del. Pomocou mechanick\u00e9ho\u00a0<strong>odparova\u010da kyseliny mrav\u010dej s kapacitou 120ml<\/strong>\u00a0je mo\u017en\u00e9 t\u00fato l\u00e1tku pohodlne aplikova\u0165 do postihnut\u00e9ho \u00fa\u013ea. Odparova\u010d m\u00e1 na vrchnej strane oto\u010dn\u00fa regul\u00e1ciu odparu.<\/p>\n<p>Rozmer (priemer x v\u00fd\u0161ka): 12 x 3 cm<br \/>\nPriemer oto\u010dn\u00e9ho regul\u00e1tora: 6 cm<br \/>\nOrienta\u010dn\u00e1 hmotnos\u0165: 0,050 kg<\/p>\n<\/div>\n<\/div>\n","protected":false},"excerpt":{"rendered":"<p>Odparova\u010d kyseliny mrav\u010dej s regul\u00e1ciou, 120 ml Kyselina mrav\u010dia sa pou\u017e\u00edva predov\u0161etk\u00fdm na tlmenie varro\u00e1zy v\u010del. Pomocou mechanick\u00e9ho\u00a0odparova\u010da kyseliny mrav\u010dej s kapacitou 120ml\u00a0je mo\u017en\u00e9 t\u00fato l\u00e1tku pohodlne aplikova\u0165 do postihnut\u00e9ho \u00fa\u013ea. Odparova\u010d m\u00e1 na vrchnej strane oto\u010dn\u00fa regul\u00e1ciu odparu. Rozmer (priemer x v\u00fd\u0161ka): 12 x 3 cm Priemer oto\u010dn\u00e9ho regul\u00e1tora: 6 cm Orienta\u010dn\u00e1 hmotnos\u0165: 0,050 <a href=\"https:\/\/www.nedozery.sk\/vcelarstvo\/produkt\/produkt-93\/\" class=\"read-more inline\">\u010c\u00edtaj \u010falej<\/a><\/p>\n","protected":false},"featured_media":300,"comment_status":"open","ping_status":"closed","template":"","meta":[],"product_brand":[],"product_cat":[20,73],"product_tag":[],"class_list":{"0":"post-187","1":"product","2":"type-product","3":"status-publish","4":"has-post-thumbnail","6":"product_cat-lieciva","7":"product_cat-varroa","9":"first","10":"instock","11":"taxable","12":"shipping-taxable","13":"purchasable","14":"product-type-simple"},"jetpack_sharing_enabled":true,"_links":{"self":[{"href":"https:\/\/www.nedozery.sk\/vcelarstvo\/wp-json\/wp\/v2\/product\/187","targetHints":{"allow":["GET"]}}],"collection":[{"href":"https:\/\/www.nedozery.sk\/vcelarstvo\/wp-json\/wp\/v2\/product"}],"about":[{"href":"https:\/\/www.nedozery.sk\/vcelarstvo\/wp-json\/wp\/v2\/types\/product"}],"replies":[{"embeddable":true,"href":"https:\/\/www.nedozery.sk\/vcelarstvo\/wp-json\/wp\/v2\/comments?post=187"}],"version-history":[{"count":0,"href":"https:\/\/www.nedozery.sk\/vcelarstvo\/wp-json\/wp\/v2\/product\/187\/revisions"}],"wp:featuredmedia":[{"embeddable":true,"href":"https:\/\/www.nedozery.sk\/vcelarstvo\/wp-json\/wp\/v2\/media\/300"}],"wp:attachment":[{"href":"https:\/\/www.nedozery.sk\/vcelarstvo\/wp-json\/wp\/v2\/media?parent=187"}],"wp:term":[{"taxonomy":"product_brand","embeddable":true,"href":"https:\/\/www.nedozery.sk\/vcelarstvo\/wp-json\/wp\/v2\/product_brand?post=187"},{"taxonomy":"product_cat","embeddable":true,"href":"https:\/\/www.nedozery.sk\/vcelarstvo\/wp-json\/wp\/v2\/product_cat?post=187"},{"taxonomy":"product_tag","embeddable":true,"href":"https:\/\/www.nedozery.sk\/vcelarstvo\/wp-json\/wp\/v2\/product_tag?post=187"}],"curies":[{"name":"wp","href":"https:\/\/api.w.org\/{rel}","templated":true}]}}