{"id":204,"date":"2021-10-24T14:07:59","date_gmt":"2021-10-24T12:07:59","guid":{"rendered":"https:\/\/www.nedozery.sk\/vcelarstvo\/?product=produkt-110"},"modified":"2023-10-27T14:31:23","modified_gmt":"2023-10-27T12:31:23","slug":"produkt-110","status":"publish","type":"product","link":"https:\/\/www.nedozery.sk\/vcelarstvo\/produkt\/produkt-110\/","title":{"rendered":"Ar\u00f3ma do svie\u010dok, 25g &#8211; borovica"},"content":{"rendered":"<h2>Ar\u00f3ma do svie\u010dok, 25g &#8211; borovica<\/h2>\n<div class=\"in-pane\">\n<div class=\"long-description\">\n<p><strong>Ar\u00f3ma do svie\u010dok<\/strong>\u00a0sa pou\u017e\u00edva pri v\u00fdrobe vonn\u00fdch svie\u010dok a predstavuje vonn\u00e9 kompoz\u00edcie z r\u00f4znych druhov rastl\u00edn, kvietkov, parfumov, sil\u00edc a ich vz\u00e1jomn\u00e9 kombin\u00e1cie. Do svie\u010dkov\u00fdch zmes\u00ed, paraf\u00ednu sta\u010d\u00ed prida\u0165 maxim\u00e1lne 2-3 kvapky.<\/p>\n<p>Dod\u00e1va sa v balen\u00ed 25 g<br \/>\nV\u00e1ha netto: 0,025 kg \/ V\u00e1ha brutto: 0,026 kg<\/p>\n<\/div>\n<\/div>\n","protected":false},"excerpt":{"rendered":"<p>Ar\u00f3ma do svie\u010dok, 25g &#8211; borovica Ar\u00f3ma do svie\u010dok\u00a0sa pou\u017e\u00edva pri v\u00fdrobe vonn\u00fdch svie\u010dok a predstavuje vonn\u00e9 kompoz\u00edcie z r\u00f4znych druhov rastl\u00edn, kvietkov, parfumov, sil\u00edc a ich vz\u00e1jomn\u00e9 kombin\u00e1cie. Do svie\u010dkov\u00fdch zmes\u00ed, paraf\u00ednu sta\u010d\u00ed prida\u0165 maxim\u00e1lne 2-3 kvapky. Dod\u00e1va sa v balen\u00ed 25 g V\u00e1ha netto: 0,025 kg \/ V\u00e1ha brutto: 0,026 kg<\/p>\n","protected":false},"featured_media":265,"comment_status":"open","ping_status":"closed","template":"","meta":[],"product_brand":[],"product_cat":[24,22],"product_tag":[],"class_list":{"0":"post-204","1":"product","2":"type-product","3":"status-publish","4":"has-post-thumbnail","6":"product_cat-vosk","7":"product_cat-sviecky","9":"first","10":"outofstock","11":"taxable","12":"shipping-taxable","13":"purchasable","14":"product-type-simple"},"jetpack_sharing_enabled":true,"_links":{"self":[{"href":"https:\/\/www.nedozery.sk\/vcelarstvo\/wp-json\/wp\/v2\/product\/204","targetHints":{"allow":["GET"]}}],"collection":[{"href":"https:\/\/www.nedozery.sk\/vcelarstvo\/wp-json\/wp\/v2\/product"}],"about":[{"href":"https:\/\/www.nedozery.sk\/vcelarstvo\/wp-json\/wp\/v2\/types\/product"}],"replies":[{"embeddable":true,"href":"https:\/\/www.nedozery.sk\/vcelarstvo\/wp-json\/wp\/v2\/comments?post=204"}],"version-history":[{"count":0,"href":"https:\/\/www.nedozery.sk\/vcelarstvo\/wp-json\/wp\/v2\/product\/204\/revisions"}],"wp:featuredmedia":[{"embeddable":true,"href":"https:\/\/www.nedozery.sk\/vcelarstvo\/wp-json\/wp\/v2\/media\/265"}],"wp:attachment":[{"href":"https:\/\/www.nedozery.sk\/vcelarstvo\/wp-json\/wp\/v2\/media?parent=204"}],"wp:term":[{"taxonomy":"product_brand","embeddable":true,"href":"https:\/\/www.nedozery.sk\/vcelarstvo\/wp-json\/wp\/v2\/product_brand?post=204"},{"taxonomy":"product_cat","embeddable":true,"href":"https:\/\/www.nedozery.sk\/vcelarstvo\/wp-json\/wp\/v2\/product_cat?post=204"},{"taxonomy":"product_tag","embeddable":true,"href":"https:\/\/www.nedozery.sk\/vcelarstvo\/wp-json\/wp\/v2\/product_tag?post=204"}],"curies":[{"name":"wp","href":"https:\/\/api.w.org\/{rel}","templated":true}]}}