{"id":211,"date":"2021-10-24T14:08:03","date_gmt":"2021-10-24T12:08:03","guid":{"rendered":"https:\/\/www.nedozery.sk\/vcelarstvo\/?product=produkt-117"},"modified":"2026-02-14T13:10:04","modified_gmt":"2026-02-14T12:10:04","slug":"produkt-117","status":"publish","type":"product","link":"https:\/\/www.nedozery.sk\/vcelarstvo\/produkt\/produkt-117\/","title":{"rendered":"Poh\u00e1r Faceta 720ml nebalen\u00fd &#8211;  (Len osobn\u00fd odber !)"},"content":{"rendered":"<p style=\"text-align: left;\">Poh\u00e1r na balenie medu&#8230;<\/p>\n<p><img data-recalc-dims=\"1\" fetchpriority=\"high\" decoding=\"async\" class=\"alignnone size-medium wp-image-71\" src=\"https:\/\/i0.wp.com\/www.nedozery.sk\/vcelarstvo\/wp-content\/uploads\/2021\/10\/56c871eb454d196a3238d8eb4ca7.jpeg?resize=300%2C300&#038;ssl=1\" alt=\"\" width=\"300\" height=\"300\" srcset=\"https:\/\/i0.wp.com\/www.nedozery.sk\/vcelarstvo\/wp-content\/uploads\/2021\/10\/56c871eb454d196a3238d8eb4ca7.jpeg?resize=300%2C300&amp;ssl=1 300w, https:\/\/i0.wp.com\/www.nedozery.sk\/vcelarstvo\/wp-content\/uploads\/2021\/10\/56c871eb454d196a3238d8eb4ca7.jpeg?resize=150%2C150&amp;ssl=1 150w, https:\/\/i0.wp.com\/www.nedozery.sk\/vcelarstvo\/wp-content\/uploads\/2021\/10\/56c871eb454d196a3238d8eb4ca7.jpeg?w=600&amp;ssl=1 600w\" sizes=\"(max-width: 300px) 100vw, 300px\" \/><\/p>\n","protected":false},"excerpt":{"rendered":"<p>Najob\u013e\u00fabenej\u0161\u00ed poh\u00e1r na balenie medu, alebo zav\u00e1ranie.\u00a0 Poh\u00e1re s\u00fa na palete volne ukladan\u00e9.<\/p>\n","protected":false},"featured_media":71,"comment_status":"open","ping_status":"closed","template":"","meta":[],"product_brand":[],"product_cat":[17,77],"product_tag":[],"class_list":{"0":"post-211","1":"product","2":"type-product","3":"status-publish","4":"has-post-thumbnail","6":"product_cat-obaly","7":"product_cat-pohare","9":"first","10":"instock","11":"taxable","12":"shipping-taxable","13":"purchasable","14":"product-type-simple"},"jetpack_sharing_enabled":true,"_links":{"self":[{"href":"https:\/\/www.nedozery.sk\/vcelarstvo\/wp-json\/wp\/v2\/product\/211","targetHints":{"allow":["GET"]}}],"collection":[{"href":"https:\/\/www.nedozery.sk\/vcelarstvo\/wp-json\/wp\/v2\/product"}],"about":[{"href":"https:\/\/www.nedozery.sk\/vcelarstvo\/wp-json\/wp\/v2\/types\/product"}],"replies":[{"embeddable":true,"href":"https:\/\/www.nedozery.sk\/vcelarstvo\/wp-json\/wp\/v2\/comments?post=211"}],"version-history":[{"count":0,"href":"https:\/\/www.nedozery.sk\/vcelarstvo\/wp-json\/wp\/v2\/product\/211\/revisions"}],"wp:featuredmedia":[{"embeddable":true,"href":"https:\/\/www.nedozery.sk\/vcelarstvo\/wp-json\/wp\/v2\/media\/71"}],"wp:attachment":[{"href":"https:\/\/www.nedozery.sk\/vcelarstvo\/wp-json\/wp\/v2\/media?parent=211"}],"wp:term":[{"taxonomy":"product_brand","embeddable":true,"href":"https:\/\/www.nedozery.sk\/vcelarstvo\/wp-json\/wp\/v2\/product_brand?post=211"},{"taxonomy":"product_cat","embeddable":true,"href":"https:\/\/www.nedozery.sk\/vcelarstvo\/wp-json\/wp\/v2\/product_cat?post=211"},{"taxonomy":"product_tag","embeddable":true,"href":"https:\/\/www.nedozery.sk\/vcelarstvo\/wp-json\/wp\/v2\/product_tag?post=211"}],"curies":[{"name":"wp","href":"https:\/\/api.w.org\/{rel}","templated":true}]}}