{"id":4311,"date":"2024-04-05T10:56:25","date_gmt":"2024-04-05T08:56:25","guid":{"rendered":"https:\/\/www.nedozery.sk\/vcelarstvo\/?post_type=product&#038;p=4311"},"modified":"2026-03-31T09:14:13","modified_gmt":"2026-03-31T07:14:13","slug":"pvc-podlozka-do-pel-dna-b10-hruba","status":"publish","type":"product","link":"https:\/\/www.nedozery.sk\/vcelarstvo\/produkt\/pvc-podlozka-do-pel-dna-b10-hruba\/","title":{"rendered":"PVC podlo\u017eka do pe\u013e. dna B10 (hrub\u00e1)"},"content":{"rendered":"<p>PVC podlo\u017eka sl\u00fa\u017ei na kontrolu sp\u00e1du klie\u0161tika ale rovnako na kontrolu meliva. Vklad\u00e1 sa priamo do \u0161upl\u00edka, ktor\u00fd sl\u00fa\u017ei na zber pe\u013eu.<\/p>\n<p>Podlo\u017eka je hrub\u00e1,\u00a0 rozmner: 44 \u00d7 34 \u00d7 2 mm<\/p>\n","protected":false},"excerpt":{"rendered":"<p>PVC podlo\u017eka sl\u00fa\u017ei na kontrolu sp\u00e1du klie\u0161tika ale rovnako na kontrolu meliva. Vklad\u00e1 sa priamo do \u0161upl\u00edka, ktor\u00fd sl\u00fa\u017ei na zber pe\u013eu. Podlo\u017eka je hrub\u00e1,\u00a0 rozmner: 44 \u00d7 34 \u00d7 2 mm<\/p>\n","protected":false},"featured_media":4312,"comment_status":"open","ping_status":"closed","template":"","meta":[],"product_brand":[],"product_cat":[94,16],"product_tag":[],"class_list":{"0":"post-4311","1":"product","2":"type-product","3":"status-publish","4":"has-post-thumbnail","6":"product_cat-prislus","7":"product_cat-ule","9":"first","10":"instock","11":"taxable","12":"shipping-taxable","13":"purchasable","14":"product-type-simple"},"jetpack_sharing_enabled":true,"_links":{"self":[{"href":"https:\/\/www.nedozery.sk\/vcelarstvo\/wp-json\/wp\/v2\/product\/4311","targetHints":{"allow":["GET"]}}],"collection":[{"href":"https:\/\/www.nedozery.sk\/vcelarstvo\/wp-json\/wp\/v2\/product"}],"about":[{"href":"https:\/\/www.nedozery.sk\/vcelarstvo\/wp-json\/wp\/v2\/types\/product"}],"replies":[{"embeddable":true,"href":"https:\/\/www.nedozery.sk\/vcelarstvo\/wp-json\/wp\/v2\/comments?post=4311"}],"version-history":[{"count":0,"href":"https:\/\/www.nedozery.sk\/vcelarstvo\/wp-json\/wp\/v2\/product\/4311\/revisions"}],"wp:featuredmedia":[{"embeddable":true,"href":"https:\/\/www.nedozery.sk\/vcelarstvo\/wp-json\/wp\/v2\/media\/4312"}],"wp:attachment":[{"href":"https:\/\/www.nedozery.sk\/vcelarstvo\/wp-json\/wp\/v2\/media?parent=4311"}],"wp:term":[{"taxonomy":"product_brand","embeddable":true,"href":"https:\/\/www.nedozery.sk\/vcelarstvo\/wp-json\/wp\/v2\/product_brand?post=4311"},{"taxonomy":"product_cat","embeddable":true,"href":"https:\/\/www.nedozery.sk\/vcelarstvo\/wp-json\/wp\/v2\/product_cat?post=4311"},{"taxonomy":"product_tag","embeddable":true,"href":"https:\/\/www.nedozery.sk\/vcelarstvo\/wp-json\/wp\/v2\/product_tag?post=4311"}],"curies":[{"name":"wp","href":"https:\/\/api.w.org\/{rel}","templated":true}]}}