{"id":5248,"date":"2024-10-21T18:40:15","date_gmt":"2024-10-21T16:40:15","guid":{"rendered":"https:\/\/www.nedozery.sk\/vcelarstvo\/?post_type=product&#038;p=5248"},"modified":"2024-10-21T18:43:14","modified_gmt":"2024-10-21T16:43:14","slug":"esencialny-olej-eukalyptus-citronovy-10-ml","status":"publish","type":"product","link":"https:\/\/www.nedozery.sk\/vcelarstvo\/produkt\/esencialny-olej-eukalyptus-citronovy-10-ml\/","title":{"rendered":"Esenci\u00e1lny olej, eukalyptus citr\u00f3nov\u00fd 10 ml"},"content":{"rendered":"<p>Olej m\u00e1<strong>\u00a0jemn\u00fa a svie\u017eu v\u00f4\u0148u.<\/strong>\u00a0P\u00f4sob\u00ed\u00a0<strong>antibakteri\u00e1lne a analgeticky<\/strong>.<\/p>\n<p>Vhodn\u00fd je predov\u0161etk\u00fdm pre\u00a0<strong>mastn\u00fa a problematick\u00fa ple\u0165 so sklonom k z\u00e1palom.<\/strong>\u00a0S\u0165ahuje p\u00f3ry. M\u00e1 tie\u017e\u00a0<strong>antivirotick\u00e9 \u00fa\u010dinky<\/strong>. Mo\u017eno ho pou\u017ei\u0165 aj ako doplnok lie\u010dby p\u00e1sov\u00e9ho oparu (Herpes zoster). Hoj\u00ed a regeneruje\u00a0<strong>popraskan\u00e9 pery<\/strong>.<\/p>\n<p>Olej mo\u017eno pou\u017ei\u0165 ako\u00a0<strong>s\u00fa\u010das\u0165 mydiel, kondicion\u00e9rov, sprchov\u00fdch g\u00e9lov, balzamov na pery.<\/strong><\/p>\n<p>V\u0161etky dod\u00e1van\u00e9 suroviny s\u00fa\u00a0<strong>v kozmetickej kvalite<\/strong>, nevhodn\u00e9 na vn\u00fatorn\u00e9 pou\u017eitie. Pri manipul\u00e1cii pou\u017e\u00edvajte vhodn\u00e9 ochrann\u00e9 prostriedky.<\/p>\n<p>V\u0161etky dod\u00e1van\u00e9 suroviny s\u00fa v kozmetickej kvalite, nevhodn\u00e9 na vn\u00fatorn\u00e9 pou\u017eitie. Pri manipul\u00e1cii pou\u017e\u00edvajte vhodn\u00e9 ochrann\u00e9 prostriedky.<\/p>\n<p>Esenci\u00e1lne oleje alebo tie\u017e \u00e9terick\u00e9 oleje s\u00fa pr\u00edrodn\u00e9 aromatick\u00e9 l\u00e1tky, ktor\u00e9 poch\u00e1dzaj\u00fa z r\u00f4znych \u010dast\u00ed rastl\u00edn &#8211; kme\u0148ov, kore\u0148ov, semien, kvetov, listov a pod. Rastlin\u00e1m dod\u00e1vaj\u00fa ich charakteristick\u00fa v\u00f4\u0148u a okrem toho maj\u00fa aj ochrann\u00e9 \u00fa\u010dinky. Ich chemick\u00e9 zlo\u017eenie je pomerne komplikovan\u00e9. Silice sa z\u00edskavaj\u00fa z rastl\u00edn naj\u010dastej\u0161ie destil\u00e1ciou, extrakciou alebo lisovan\u00edm. Esenci\u00e1lne oleje s\u00fa \u010dist\u00e9 a ve\u013emi \u013eahko sa vstrebaj\u00fa do poko\u017eky. S\u00fa rozpustn\u00e9 v tukoch.<\/p>\n<p>Ako m\u00f4\u017eete esenci\u00e1lne oleje vyu\u017ei\u0165?<br \/>\nV\u00fdroba kozmetiky a mydiel \u2013 potrebn\u00e9 mno\u017estvo esenci\u00e1lneho oleja z\u00e1vis\u00ed od konkr\u00e9tneho receptu a vyr\u00e1ban\u00e9ho mno\u017estva.<br \/>\nInhal\u00e1cia &#8211; nakvapkajte 3 a\u017e 8 kvapiek EO do aromalampy, z\u00e1le\u017e\u00ed na ve\u013ekosti miestnosti.<br \/>\nK\u00fape\u013e &#8211; 3 a\u017e 8 kvapiek rozmie\u0161ajte v 1 dcl mlieka alebo v ly\u017ei\u010dke medu.<br \/>\nMas\u00e1\u017e &#8211; do rastlinn\u00e9ho oleja lisovan\u00e9ho za studena (cca 50 ml) pridajte 5 &#8211; 15 kvapiek esenci\u00e1lneho oleja a dobre premie\u0161ajte. Pr\u00edjemn\u00fa mas\u00e1\u017e.<br \/>\nSauna \u2013 do sauny sa pou\u017e\u00edvaj\u00fa naj\u010dastej\u0161ie svie\u017ee a \u010distiace oleje. Na v\u00fdber m\u00e1te z ihli\u010dnanov, rozmar\u00ednu, eukalyptu, \u0161alvie, m\u00e4ty alebo citrusov\u00fdch v\u00f4n\u00ed. Pod\u013ea ve\u013ekosti sauny a v\u00e1\u0161ho vkusu pou\u017eite 10 &#8211; 20 kvapiek.<br \/>\nStarostlivos\u0165 o ple\u0165 &#8211; 1 kvapka EO.<br \/>\nLok\u00e1lne pou\u017eitie &#8211; 5 a\u017e 10 kvapiek EO.<br \/>\nMaska na vlasy &#8211; 2 kvapky EO.<\/p>\n","protected":false},"excerpt":{"rendered":"<p>Olej m\u00e1\u00a0jemn\u00fa a svie\u017eu v\u00f4\u0148u.\u00a0P\u00f4sob\u00ed\u00a0antibakteri\u00e1lne a analgeticky. Vhodn\u00fd je predov\u0161etk\u00fdm pre\u00a0mastn\u00fa a problematick\u00fa ple\u0165 so sklonom k z\u00e1palom.\u00a0S\u0165ahuje p\u00f3ry. M\u00e1 tie\u017e\u00a0antivirotick\u00e9 \u00fa\u010dinky. Mo\u017eno ho pou\u017ei\u0165 aj ako doplnok lie\u010dby p\u00e1sov\u00e9ho oparu (Herpes zoster). Hoj\u00ed a regeneruje\u00a0popraskan\u00e9 pery. Olej mo\u017eno pou\u017ei\u0165 ako\u00a0s\u00fa\u010das\u0165 mydiel, kondicion\u00e9rov, sprchov\u00fdch g\u00e9lov, balzamov na pery. V\u0161etky dod\u00e1van\u00e9 suroviny s\u00fa\u00a0v kozmetickej kvalite, nevhodn\u00e9 <a href=\"https:\/\/www.nedozery.sk\/vcelarstvo\/produkt\/esencialny-olej-eukalyptus-citronovy-10-ml\/\" class=\"read-more inline\">\u010c\u00edtaj \u010falej<\/a><\/p>\n","protected":false},"featured_media":683,"comment_status":"open","ping_status":"closed","template":"","meta":[],"product_brand":[],"product_cat":[24,22],"product_tag":[],"class_list":{"0":"post-5248","1":"product","2":"type-product","3":"status-publish","4":"has-post-thumbnail","6":"product_cat-vosk","7":"product_cat-sviecky","9":"first","10":"outofstock","11":"taxable","12":"shipping-taxable","13":"purchasable","14":"product-type-simple"},"jetpack_sharing_enabled":true,"_links":{"self":[{"href":"https:\/\/www.nedozery.sk\/vcelarstvo\/wp-json\/wp\/v2\/product\/5248","targetHints":{"allow":["GET"]}}],"collection":[{"href":"https:\/\/www.nedozery.sk\/vcelarstvo\/wp-json\/wp\/v2\/product"}],"about":[{"href":"https:\/\/www.nedozery.sk\/vcelarstvo\/wp-json\/wp\/v2\/types\/product"}],"replies":[{"embeddable":true,"href":"https:\/\/www.nedozery.sk\/vcelarstvo\/wp-json\/wp\/v2\/comments?post=5248"}],"version-history":[{"count":0,"href":"https:\/\/www.nedozery.sk\/vcelarstvo\/wp-json\/wp\/v2\/product\/5248\/revisions"}],"wp:featuredmedia":[{"embeddable":true,"href":"https:\/\/www.nedozery.sk\/vcelarstvo\/wp-json\/wp\/v2\/media\/683"}],"wp:attachment":[{"href":"https:\/\/www.nedozery.sk\/vcelarstvo\/wp-json\/wp\/v2\/media?parent=5248"}],"wp:term":[{"taxonomy":"product_brand","embeddable":true,"href":"https:\/\/www.nedozery.sk\/vcelarstvo\/wp-json\/wp\/v2\/product_brand?post=5248"},{"taxonomy":"product_cat","embeddable":true,"href":"https:\/\/www.nedozery.sk\/vcelarstvo\/wp-json\/wp\/v2\/product_cat?post=5248"},{"taxonomy":"product_tag","embeddable":true,"href":"https:\/\/www.nedozery.sk\/vcelarstvo\/wp-json\/wp\/v2\/product_tag?post=5248"}],"curies":[{"name":"wp","href":"https:\/\/api.w.org\/{rel}","templated":true}]}}