{"id":5252,"date":"2024-10-21T19:09:14","date_gmt":"2024-10-21T17:09:14","guid":{"rendered":"https:\/\/www.nedozery.sk\/vcelarstvo\/?post_type=product&#038;p=5252"},"modified":"2026-03-05T10:49:09","modified_gmt":"2026-03-05T09:49:09","slug":"esencialny-olej-sibirska-jedla-10-ml","status":"publish","type":"product","link":"https:\/\/www.nedozery.sk\/vcelarstvo\/produkt\/esencialny-olej-sibirska-jedla-10-ml\/","title":{"rendered":"Esenci\u00e1lny olej, sib\u00edrska jed\u013ea, 10 ml"},"content":{"rendered":"<p><strong>Botanick\u00fd n\u00e1zov rastliny:\u00a0<\/strong>Abies Sibirica<\/p>\n<p><strong>\u010cas\u0165 rastliny:<\/strong>\u00a0ihli\u010die a vetvi\u010dky<\/p>\n<p><strong>Jed\u013eov\u00fd esenci\u00e1lny olej<\/strong>\u00a0sa z\u00edskava parnou destil\u00e1ciou ihli\u010dia a vetvi\u010diek rastliny Jedle sib\u00edrskej, Abies Sibirica, Pinaceae, ktor\u00e1 rastie preva\u017ene v Rusku. M\u00e1\u00a0<strong>osvie\u017euj\u00facu, drevit\u00fa v\u00f4\u0148u,<\/strong>\u00a0ktor\u00e1 m\u00e1\u00a0<strong>upokojuj\u00face a relaxa\u010dn\u00e9 vlastnost<\/strong>i. P\u00f4sob\u00ed upokojuj\u00faco na poko\u017eku, je ve\u013emi ob\u013e\u00faben\u00e1 v mas\u00e1\u017enych pr\u00edpravkoch.<br \/>\nPom\u00e1ha zni\u017eova\u0165 stres, upokojuje em\u00f3cie a uzem\u0148uje.<\/p>\n<p>Rozpustn\u00fd v etanole v pomere 1:5.<br \/>\nObsiahnut\u00e9 alerg\u00e9ny: citral, eugenol, geraniol, limonene<\/p>\n<p>V\u0161etky dod\u00e1van\u00e9 suroviny s\u00fa\u00a0<strong>v kozmetickej kvalite,<\/strong>\u00a0nevhodn\u00e9 na vn\u00fatorn\u00e9 pou\u017eitie. Pri manipul\u00e1cii pou\u017e\u00edvajte vhodn\u00e9 ochrann\u00e9 prostriedky.<\/p>\n<p><strong>\u010cO S\u00da ESENCI\u00c1LNE OLEJE?<\/strong><\/p>\n<p>Esenci\u00e1lne oleje alebo tie\u017e \u00e9terick\u00e9 oleje s\u00fa\u00a0<strong>pr\u00edrodn\u00e9 aromatick\u00e9 l\u00e1tky<\/strong>, ktor\u00e9 poch\u00e1dzaj\u00fa z r\u00f4znych \u010dast\u00ed rastl\u00edn &#8211; kme\u0148ov, kore\u0148ov, semien, kvetov, listov a pod. Rastlin\u00e1m dod\u00e1vaj\u00fa ich charakteristick\u00fa v\u00f4\u0148u a okrem toho maj\u00fa aj lie\u010div\u00e9 a ochrann\u00e9 \u00fa\u010dinky. Ve\u013emi pozit\u00edvne p\u00f4sobia na sympt\u00f3my na \u00farovni fyzickej, emocion\u00e1lnej \u010di ment\u00e1lnej.<\/p>\n<p>Ich chemick\u00e9 zlo\u017eenie je pomerne komplikovan\u00e9. Silice sa z\u00edskavaj\u00fa z rastl\u00edn naj\u010dastej\u0161ie destil\u00e1ciou, extrakciou alebo lisovan\u00edm. Esenci\u00e1lne oleje s\u00fa vysoko koncentrovan\u00e9 a priamo na poko\u017eku sa pou\u017e\u00edvaj\u00fa a\u017e po zrieden\u00ed s nosn\u00fdmi rastlinn\u00fdmi olejmi (mand\u013eov\u00fd, marhu\u013eov\u00fd, jojobov\u00fd a pod.). V\u00fdnimku tvor\u00ed iba esenci\u00e1lny olej z tea tree a levandule, ktor\u00e9 m\u00f4\u017eete aplikova\u0165 priamo.<\/p>\n<p>Esenci\u00e1lne oleje pou\u017e\u00edvajte\u00a0<strong>na inhal\u00e1ciu<\/strong>\u00a0alebo\u00a0<strong>do va\u0161ich kozmetick\u00fdch produktov<\/strong>, konzum\u00e1ciu \u017eiadnych esenci\u00e1lnych olejov ak\u00fdchko\u013evek zna\u010diek\u00a0<strong>neodpor\u00fa\u010dame<\/strong>.<\/p>\n<p>Esenci\u00e1lne oleje s\u00fa rozpustn\u00e9 v tukoch, preto ak ich chcete pou\u017ei\u0165 do produktov bez obsahu olejov a masiel, pou\u017eite\u00a0<strong>rozp\u00fa\u0161\u0165adlo<\/strong>\u00a0\/solubiliz\u00e1tor\/.<\/p>\n<p>&nbsp;<\/p>\n<p><strong>AKO VYU\u017dIJEM ESENCI\u00c1LNY OLEJ?<br \/>\n<\/strong><\/p>\n<p>&nbsp;<\/p>\n<p><strong>V\u00fdroba kozmetiky a mydiel<\/strong>\u00a0\u2013 potrebn\u00e9 mno\u017estvo esenci\u00e1lneho oleja z\u00e1vis\u00ed od konkr\u00e9tneho receptu a vyr\u00e1ban\u00e9ho mno\u017estva.<br \/>\n<strong>Inhal\u00e1cia, naparovanie\u00a0<\/strong>&#8211; nakvapkajte nieko\u013eko kvapiek esenci\u00e1lneho oleja do aromalampy, dif\u00fazera, do n\u00e1doby s hor\u00facou vodou.<br \/>\n<strong>K\u00fape\u013e<\/strong>\u00a0&#8211; kvapky oleja rozmie\u0161ajte v z\u00e1kladnom oleji \/kokosov\u00fd, olivov\u00fd&#8230;\/, v 1 dcl mlieka alebo v ly\u017ei\u010dke medu, t\u00fato zmes vylejte do vane. Samotn\u00e9 esenci\u00e1lne oleje s\u00fa vo vode nerozpustn\u00e9, kvapky by pl\u00e1vali na povrchu.<br \/>\n<strong>Mas\u00e1\u017e<\/strong>\u00a0&#8211; do rastlinn\u00e9ho oleja lisovan\u00e9ho za studena (cca 50 ml) pridajte nieko\u013eko kvapiek esenci\u00e1lneho oleja a dobre premie\u0161ajte. Pr\u00edjemn\u00fa mas\u00e1\u017e.<br \/>\n<strong>Sauna<\/strong>\u00a0\u2013 na v\u00fdber m\u00e1te z ihli\u010dnanov, rozmar\u00ednu, eukalyptu, \u0161alvie, m\u00e4ty alebo citrusov\u00fdch v\u00f4n\u00ed. Mno\u017estvo kvapiek z\u00e1vis\u00ed od ve\u013ekosti sauny a v\u00e1\u0161ho vkusu.<\/p>\n<p>Esenci\u00e1lne oleje sa s ob\u013eubou vyu\u017e\u00edvaj\u00fa aj<strong>\u00a0v starostlivosti o ple\u0165, lok\u00e1lnych obkladoch, mask\u00e1ch na vlasy, v starostlivosti o \u00fastnu hygienu&#8230;<\/strong><\/p>\n<p>Viete, ak\u00fa maj\u00fa \u017eivotnos\u0165 esenci\u00e1lne oleje, ako ich spr\u00e1vne skladova\u0165, \u010di ak\u00e9 esenci\u00e1lne oleje kombinova\u0165? V\u0161etko o esenci\u00e1lnych olejoch si pre\u010d\u00edtate na na\u0161om\u00a0<a title=\"Esenci\u00e1lne oleje a ich pou\u017eitie\" href=\"https:\/\/www.handymade.sk\/esencialne-oleje-a-ich-pouzitie\/\" target=\"_blank\" rel=\"noopener\">blogu<\/a>.<\/p>\n","protected":false},"excerpt":{"rendered":"<p>Botanick\u00fd n\u00e1zov rastliny:\u00a0Abies Sibirica \u010cas\u0165 rastliny:\u00a0ihli\u010die a vetvi\u010dky Jed\u013eov\u00fd esenci\u00e1lny olej\u00a0sa z\u00edskava parnou destil\u00e1ciou ihli\u010dia a vetvi\u010diek rastliny Jedle sib\u00edrskej, Abies Sibirica, Pinaceae, ktor\u00e1 rastie preva\u017ene v Rusku. M\u00e1\u00a0osvie\u017euj\u00facu, drevit\u00fa v\u00f4\u0148u,\u00a0ktor\u00e1 m\u00e1\u00a0upokojuj\u00face a relaxa\u010dn\u00e9 vlastnosti. P\u00f4sob\u00ed upokojuj\u00faco na poko\u017eku, je ve\u013emi ob\u013e\u00faben\u00e1 v mas\u00e1\u017enych pr\u00edpravkoch. Pom\u00e1ha zni\u017eova\u0165 stres, upokojuje em\u00f3cie a uzem\u0148uje. Rozpustn\u00fd v etanole <a href=\"https:\/\/www.nedozery.sk\/vcelarstvo\/produkt\/esencialny-olej-sibirska-jedla-10-ml\/\" class=\"read-more inline\">\u010c\u00edtaj \u010falej<\/a><\/p>\n","protected":false},"featured_media":683,"comment_status":"open","ping_status":"closed","template":"","meta":[],"product_brand":[],"product_cat":[24,22],"product_tag":[],"class_list":{"0":"post-5252","1":"product","2":"type-product","3":"status-publish","4":"has-post-thumbnail","6":"product_cat-vosk","7":"product_cat-sviecky","9":"first","10":"instock","11":"taxable","12":"shipping-taxable","13":"purchasable","14":"product-type-simple"},"jetpack_sharing_enabled":true,"_links":{"self":[{"href":"https:\/\/www.nedozery.sk\/vcelarstvo\/wp-json\/wp\/v2\/product\/5252","targetHints":{"allow":["GET"]}}],"collection":[{"href":"https:\/\/www.nedozery.sk\/vcelarstvo\/wp-json\/wp\/v2\/product"}],"about":[{"href":"https:\/\/www.nedozery.sk\/vcelarstvo\/wp-json\/wp\/v2\/types\/product"}],"replies":[{"embeddable":true,"href":"https:\/\/www.nedozery.sk\/vcelarstvo\/wp-json\/wp\/v2\/comments?post=5252"}],"version-history":[{"count":0,"href":"https:\/\/www.nedozery.sk\/vcelarstvo\/wp-json\/wp\/v2\/product\/5252\/revisions"}],"wp:featuredmedia":[{"embeddable":true,"href":"https:\/\/www.nedozery.sk\/vcelarstvo\/wp-json\/wp\/v2\/media\/683"}],"wp:attachment":[{"href":"https:\/\/www.nedozery.sk\/vcelarstvo\/wp-json\/wp\/v2\/media?parent=5252"}],"wp:term":[{"taxonomy":"product_brand","embeddable":true,"href":"https:\/\/www.nedozery.sk\/vcelarstvo\/wp-json\/wp\/v2\/product_brand?post=5252"},{"taxonomy":"product_cat","embeddable":true,"href":"https:\/\/www.nedozery.sk\/vcelarstvo\/wp-json\/wp\/v2\/product_cat?post=5252"},{"taxonomy":"product_tag","embeddable":true,"href":"https:\/\/www.nedozery.sk\/vcelarstvo\/wp-json\/wp\/v2\/product_tag?post=5252"}],"curies":[{"name":"wp","href":"https:\/\/api.w.org\/{rel}","templated":true}]}}