{"id":6313,"date":"2025-09-30T09:20:58","date_gmt":"2025-09-30T07:20:58","guid":{"rendered":"https:\/\/www.nedozery.sk\/vcelarstvo\/?post_type=product&#038;p=6313"},"modified":"2026-02-24T08:34:17","modified_gmt":"2026-02-24T07:34:17","slug":"vceli-vyklz-1-cestny-rohovy","status":"publish","type":"product","link":"https:\/\/www.nedozery.sk\/vcelarstvo\/produkt\/vceli-vyklz-1-cestny-rohovy\/","title":{"rendered":"V\u010del\u00ed v\u00fdklz 1-cestn\u00fd, rohov\u00fd"},"content":{"rendered":"<h2>V\u010del\u00ed v\u00fdklz 1-cestn\u00fd, rohov\u00fd<\/h2>\n<div class=\"in-pane\">\n<div class=\"long-description\">\n<p><strong>Rohov\u00fd plastov\u00fd v\u010del\u00ed v\u00fdklz 1-cestn\u00fd<\/strong>\u00a0sa pou\u017e\u00edva na odv\u010delenie medn\u00edkov pred medobran\u00edm. V\u00fdklz sa umiestni aspo\u0148 jeden ve\u010der, ale lep\u0161ie jeden de\u0148 pred vyt\u00e1\u010dan\u00edm medu, do rohov medzi medn\u00edk a plodisko. V\u010dely cez otvory vo v\u00fdklze opustia medn\u00edk a nasp\u00e4\u0165 sa u\u017e nevr\u00e1tia. V medn\u00edku nezostan\u00fa \u017eiadne v\u010dely, alebo len minimum v\u010diel, ktor\u00e9 treba ometa\u0165. V\u00fdklz sa upevn\u00ed do dreven\u00e9ho r\u00e1mu kryt\u00e9ho sololitom, s otvorom pod\u013ea typu v\u00fdklzu. Je d\u00f4le\u017eit\u00e9, aby bol r\u00e1m tak vysok\u00fd, aby medzi plodiskov\u00fdmi r\u00e1mikmi a v\u00fdklzom zostalo minim\u00e1lne 25 mm, aby sa v\u010dely mali kde zdr\u017eiava\u0165 a nedotla\u010dili sa.<\/p>\n<\/div>\n<\/div>\n","protected":false},"excerpt":{"rendered":"<p>V\u010del\u00ed v\u00fdklz 1-cestn\u00fd, rohov\u00fd Rohov\u00fd plastov\u00fd v\u010del\u00ed v\u00fdklz 1-cestn\u00fd\u00a0sa pou\u017e\u00edva na odv\u010delenie medn\u00edkov pred medobran\u00edm. V\u00fdklz sa umiestni aspo\u0148 jeden ve\u010der, ale lep\u0161ie jeden de\u0148 pred vyt\u00e1\u010dan\u00edm medu, do rohov medzi medn\u00edk a plodisko. V\u010dely cez otvory vo v\u00fdklze opustia medn\u00edk a nasp\u00e4\u0165 sa u\u017e nevr\u00e1tia. V medn\u00edku nezostan\u00fa \u017eiadne v\u010dely, alebo len minimum v\u010diel, <a href=\"https:\/\/www.nedozery.sk\/vcelarstvo\/produkt\/vceli-vyklz-1-cestny-rohovy\/\" class=\"read-more inline\">\u010c\u00edtaj \u010falej<\/a><\/p>\n","protected":false},"featured_media":6314,"comment_status":"open","ping_status":"closed","template":"","meta":[],"product_brand":[],"product_cat":[94,16],"product_tag":[],"class_list":{"0":"post-6313","1":"product","2":"type-product","3":"status-publish","4":"has-post-thumbnail","6":"product_cat-prislus","7":"product_cat-ule","9":"first","10":"outofstock","11":"taxable","12":"shipping-taxable","13":"purchasable","14":"product-type-simple"},"jetpack_sharing_enabled":true,"_links":{"self":[{"href":"https:\/\/www.nedozery.sk\/vcelarstvo\/wp-json\/wp\/v2\/product\/6313","targetHints":{"allow":["GET"]}}],"collection":[{"href":"https:\/\/www.nedozery.sk\/vcelarstvo\/wp-json\/wp\/v2\/product"}],"about":[{"href":"https:\/\/www.nedozery.sk\/vcelarstvo\/wp-json\/wp\/v2\/types\/product"}],"replies":[{"embeddable":true,"href":"https:\/\/www.nedozery.sk\/vcelarstvo\/wp-json\/wp\/v2\/comments?post=6313"}],"version-history":[{"count":0,"href":"https:\/\/www.nedozery.sk\/vcelarstvo\/wp-json\/wp\/v2\/product\/6313\/revisions"}],"wp:featuredmedia":[{"embeddable":true,"href":"https:\/\/www.nedozery.sk\/vcelarstvo\/wp-json\/wp\/v2\/media\/6314"}],"wp:attachment":[{"href":"https:\/\/www.nedozery.sk\/vcelarstvo\/wp-json\/wp\/v2\/media?parent=6313"}],"wp:term":[{"taxonomy":"product_brand","embeddable":true,"href":"https:\/\/www.nedozery.sk\/vcelarstvo\/wp-json\/wp\/v2\/product_brand?post=6313"},{"taxonomy":"product_cat","embeddable":true,"href":"https:\/\/www.nedozery.sk\/vcelarstvo\/wp-json\/wp\/v2\/product_cat?post=6313"},{"taxonomy":"product_tag","embeddable":true,"href":"https:\/\/www.nedozery.sk\/vcelarstvo\/wp-json\/wp\/v2\/product_tag?post=6313"}],"curies":[{"name":"wp","href":"https:\/\/api.w.org\/{rel}","templated":true}]}}