{"id":6489,"date":"2025-10-07T09:41:27","date_gmt":"2025-10-07T07:41:27","guid":{"rendered":"https:\/\/www.nedozery.sk\/vcelarstvo\/?post_type=product&#038;p=6489"},"modified":"2025-10-20T09:16:56","modified_gmt":"2025-10-20T07:16:56","slug":"vceli-vosk-ako-si-vyrobit","status":"publish","type":"product","link":"https:\/\/www.nedozery.sk\/vcelarstvo\/produkt\/vceli-vosk-ako-si-vyrobit\/","title":{"rendered":"V\u010del\u00ed vosk, Ako si vyrobi\u0165"},"content":{"rendered":"<p><span class=\"HwtZe\" lang=\"sk\"><span class=\"jCAhz ChMk0b\"><span class=\"ryNqvb\">V\u010del\u00ed vosk &#8211; Ako si vyrobi\u0165 dom\u00e1ce svie\u010dky, mydl\u00e1, balzamy &#8211; Petra Ahnertov\u00e1<\/span><\/span><\/span><\/p>\n<p><span class=\"HwtZe\" lang=\"sk\"><span class=\"jCAhz\"><span class=\"ryNqvb\">V\u010del\u00ed vosk je z\u00e1zrak v\u010delieho \u00fa\u013ea.<\/span><\/span>\u00a0<span class=\"jCAhz ChMk0b\"><span class=\"ryNqvb\">V\u010dely ho pou\u017e\u00edvaj\u00fa na vytv\u00e1ranie pl\u00e1stov, v ktor\u00fdch sa liahnu a vyv\u00edjaj\u00fa larvy.<\/span><\/span>\u00a0<span class=\"jCAhz\"><span class=\"ryNqvb\">Vy z neho m\u00f4\u017eete zhotovi\u0165 \u010doko\u013evek, od svie\u010dok, cez balzam na pery a\u017e po dekora\u010dn\u00fa l\u00e1tku.<\/span><\/span>\u00a0<span class=\"jCAhz\"><span class=\"ryNqvb\">Vedeli ste, \u017ee v\u010del\u00ed vosk je vodeodoln\u00fd?<\/span><\/span>\u00a0<span class=\"jCAhz ChMk0b\"><span class=\"ryNqvb\">Naimpregnujte si top\u00e1nky \u010di tkaniny.\u00a0<\/span><\/span><span class=\"jCAhz ChMk0b\"><span class=\"ryNqvb\">\u010ci u\u017e ste sk\u00fasen\u00ed v\u010del\u00e1ri, alebo sa v\u00e1m len p\u00e1\u010di, ako v\u010del\u00ed vosk vyzer\u00e1 a vonia, v\u010del\u00e1rka a podnikate\u013eka Petra Ahnertov\u00e1 v\u00e1s nau\u010dia, ako premeni\u0165 tento z\u00e1zra\u010dn\u00fd materi\u00e1l na kr\u00e1sne a u\u017eito\u010dn\u00e9 veci.<\/span><\/span><\/span><\/p>\n","protected":false},"excerpt":{"rendered":"<p>V\u010del\u00ed vosk &#8211; Ako si vyrobi\u0165 dom\u00e1ce svie\u010dky, mydl\u00e1, balzamy &#8211; Petra Ahnertov\u00e1 V\u010del\u00ed vosk je z\u00e1zrak v\u010delieho \u00fa\u013ea.\u00a0V\u010dely ho pou\u017e\u00edvaj\u00fa na vytv\u00e1ranie pl\u00e1stov, v ktor\u00fdch sa liahnu a vyv\u00edjaj\u00fa larvy.\u00a0Vy z neho m\u00f4\u017eete zhotovi\u0165 \u010doko\u013evek, od svie\u010dok, cez balzam na pery a\u017e po dekora\u010dn\u00fa l\u00e1tku.\u00a0Vedeli ste, \u017ee v\u010del\u00ed vosk je vodeodoln\u00fd?\u00a0Naimpregnujte si top\u00e1nky \u010di <a href=\"https:\/\/www.nedozery.sk\/vcelarstvo\/produkt\/vceli-vosk-ako-si-vyrobit\/\" class=\"read-more inline\">\u010c\u00edtaj \u010falej<\/a><\/p>\n","protected":false},"featured_media":6490,"comment_status":"open","ping_status":"closed","template":"","meta":[],"product_brand":[],"product_cat":[68],"product_tag":[],"class_list":{"0":"post-6489","1":"product","2":"type-product","3":"status-publish","4":"has-post-thumbnail","6":"product_cat-literatura","8":"first","9":"outofstock","10":"taxable","11":"shipping-taxable","12":"purchasable","13":"product-type-simple"},"jetpack_sharing_enabled":true,"_links":{"self":[{"href":"https:\/\/www.nedozery.sk\/vcelarstvo\/wp-json\/wp\/v2\/product\/6489","targetHints":{"allow":["GET"]}}],"collection":[{"href":"https:\/\/www.nedozery.sk\/vcelarstvo\/wp-json\/wp\/v2\/product"}],"about":[{"href":"https:\/\/www.nedozery.sk\/vcelarstvo\/wp-json\/wp\/v2\/types\/product"}],"replies":[{"embeddable":true,"href":"https:\/\/www.nedozery.sk\/vcelarstvo\/wp-json\/wp\/v2\/comments?post=6489"}],"version-history":[{"count":0,"href":"https:\/\/www.nedozery.sk\/vcelarstvo\/wp-json\/wp\/v2\/product\/6489\/revisions"}],"wp:featuredmedia":[{"embeddable":true,"href":"https:\/\/www.nedozery.sk\/vcelarstvo\/wp-json\/wp\/v2\/media\/6490"}],"wp:attachment":[{"href":"https:\/\/www.nedozery.sk\/vcelarstvo\/wp-json\/wp\/v2\/media?parent=6489"}],"wp:term":[{"taxonomy":"product_brand","embeddable":true,"href":"https:\/\/www.nedozery.sk\/vcelarstvo\/wp-json\/wp\/v2\/product_brand?post=6489"},{"taxonomy":"product_cat","embeddable":true,"href":"https:\/\/www.nedozery.sk\/vcelarstvo\/wp-json\/wp\/v2\/product_cat?post=6489"},{"taxonomy":"product_tag","embeddable":true,"href":"https:\/\/www.nedozery.sk\/vcelarstvo\/wp-json\/wp\/v2\/product_tag?post=6489"}],"curies":[{"name":"wp","href":"https:\/\/api.w.org\/{rel}","templated":true}]}}