{"id":6733,"date":"2025-12-02T20:02:53","date_gmt":"2025-12-02T19:02:53","guid":{"rendered":"https:\/\/www.nedozery.sk\/vcelarstvo\/?post_type=product&#038;p=6733"},"modified":"2025-12-04T09:25:16","modified_gmt":"2025-12-04T08:25:16","slug":"preco-sa-vcelam-potia-nohy-a-pocuvaju-kolenom","status":"publish","type":"product","link":"https:\/\/www.nedozery.sk\/vcelarstvo\/produkt\/preco-sa-vcelam-potia-nohy-a-pocuvaju-kolenom\/","title":{"rendered":"Pre\u010do sa v\u010del\u00e1m potia nohy a po\u010d\u00favaj\u00fa kolenom"},"content":{"rendered":"<h3>Podrobn\u00fd popis produktu<\/h3>\n<p>Vydavatelstv\u00ed: Br\u00e1zda, po\u010det stran: 144 str., pevn\u00e1 vazba, form\u00e1t: 170 x 235 mm V\u010dely medonosn\u00e9 sa v\u0161eobecne te\u0161ia \u0161irokej ob\u013eube \u2013 \u010di u\u017e u v\u010del\u00e1rov \u010di nev\u010del\u00e1rov, vedcov i laikov, mal\u00fdch alebo ve\u013ek\u00fdch. A niet sa \u010domu divi\u0165, ve\u010f v\u010dely maj\u00fa v ruk\u00e1ve cel\u00fd rad neuverite\u013en\u00fdch superschopnost\u00ed: u\u010dia sa jedna od druhej, prem\u00fd\u0161\u013eaj\u00fa, sn\u00edvaj\u00fa, pl\u00e1nuj\u00fa, po\u010d\u00edtaj\u00fa, ba dokonca vraj dok\u00e1\u017eu rozl\u00ed\u0161i\u0165 jednotliv\u00e9 v\u00fdtvarn\u00e9 \u0161t\u00fdly alebo rozpozn\u00e1va\u0165 \u013eudsk\u00e9 tv\u00e1re&#8230; A ako by to samo o sebe nesta\u010dilo, k tomu v\u0161etk\u00e9mu s\u00fa vraj navy\u0161e najpracovitej\u0161ie zo v\u0161etk\u00fdch ope\u013eova\u010dov! A vedci \u010falej ne\u00fanavne odha\u013euj\u00fa \u010fal\u0161ie a \u010fal\u0161ie \u010driepky z ich z\u00e1zra\u010dn\u00fdch schopnost\u00ed medonosn\u00fdch. Jeden z popredn\u00fdch v\u00fdskumn\u00edkov v\u010diel, profesor J\u00fcrgen Tautz, niektor\u00e9 z t\u00fdchto fascinuj\u00facich faktov zhrnul v tejto knihe \u2013 zauj\u00edmavosti a fascinuj\u00face \u010driepky, ktor\u00e9 v\u00e1s udivia, pobavia i ohromia.<\/p>\n","protected":false},"excerpt":{"rendered":"<p>Podrobn\u00fd popis produktu Vydavatelstv\u00ed: Br\u00e1zda, po\u010det stran: 144 str., pevn\u00e1 vazba, form\u00e1t: 170 x 235 mm V\u010dely medonosn\u00e9 sa v\u0161eobecne te\u0161ia \u0161irokej ob\u013eube \u2013 \u010di u\u017e u v\u010del\u00e1rov \u010di nev\u010del\u00e1rov, vedcov i laikov, mal\u00fdch alebo ve\u013ek\u00fdch. A niet sa \u010domu divi\u0165, ve\u010f v\u010dely maj\u00fa v ruk\u00e1ve cel\u00fd rad neuverite\u013en\u00fdch superschopnost\u00ed: u\u010dia sa jedna od druhej, <a href=\"https:\/\/www.nedozery.sk\/vcelarstvo\/produkt\/preco-sa-vcelam-potia-nohy-a-pocuvaju-kolenom\/\" class=\"read-more inline\">\u010c\u00edtaj \u010falej<\/a><\/p>\n","protected":false},"featured_media":6731,"comment_status":"open","ping_status":"closed","template":"","meta":[],"product_brand":[],"product_cat":[68],"product_tag":[],"class_list":{"0":"post-6733","1":"product","2":"type-product","3":"status-publish","4":"has-post-thumbnail","6":"product_cat-literatura","8":"first","9":"instock","10":"taxable","11":"shipping-taxable","12":"purchasable","13":"product-type-simple"},"jetpack_sharing_enabled":true,"_links":{"self":[{"href":"https:\/\/www.nedozery.sk\/vcelarstvo\/wp-json\/wp\/v2\/product\/6733","targetHints":{"allow":["GET"]}}],"collection":[{"href":"https:\/\/www.nedozery.sk\/vcelarstvo\/wp-json\/wp\/v2\/product"}],"about":[{"href":"https:\/\/www.nedozery.sk\/vcelarstvo\/wp-json\/wp\/v2\/types\/product"}],"replies":[{"embeddable":true,"href":"https:\/\/www.nedozery.sk\/vcelarstvo\/wp-json\/wp\/v2\/comments?post=6733"}],"version-history":[{"count":0,"href":"https:\/\/www.nedozery.sk\/vcelarstvo\/wp-json\/wp\/v2\/product\/6733\/revisions"}],"wp:featuredmedia":[{"embeddable":true,"href":"https:\/\/www.nedozery.sk\/vcelarstvo\/wp-json\/wp\/v2\/media\/6731"}],"wp:attachment":[{"href":"https:\/\/www.nedozery.sk\/vcelarstvo\/wp-json\/wp\/v2\/media?parent=6733"}],"wp:term":[{"taxonomy":"product_brand","embeddable":true,"href":"https:\/\/www.nedozery.sk\/vcelarstvo\/wp-json\/wp\/v2\/product_brand?post=6733"},{"taxonomy":"product_cat","embeddable":true,"href":"https:\/\/www.nedozery.sk\/vcelarstvo\/wp-json\/wp\/v2\/product_cat?post=6733"},{"taxonomy":"product_tag","embeddable":true,"href":"https:\/\/www.nedozery.sk\/vcelarstvo\/wp-json\/wp\/v2\/product_tag?post=6733"}],"curies":[{"name":"wp","href":"https:\/\/api.w.org\/{rel}","templated":true}]}}