{"id":709,"date":"2021-11-17T15:27:17","date_gmt":"2021-11-17T14:27:17","guid":{"rendered":"https:\/\/www.nedozery.sk\/vcelarstvo\/?post_type=product&#038;p=709"},"modified":"2023-11-18T11:40:44","modified_gmt":"2023-11-18T10:40:44","slug":"voskotopka-nerezova-mini-bee-1ks","status":"publish","type":"product","link":"https:\/\/www.nedozery.sk\/vcelarstvo\/produkt\/voskotopka-nerezova-mini-bee-1ks\/","title":{"rendered":"Voskotopka nerezov\u00e1 MINI BEE &#8211; 1ks"},"content":{"rendered":"<h2><strong style=\"font-size: 15px;color: #58585a\">Nerezov\u00e1 okr\u00fahla MINI voskotopka s vodn\u00fdm pl\u00e1\u0161\u0165om<\/strong><span style=\"font-size:15px;color:#58585a\"> je zariadenie, ktor\u00e9 je navrhnut\u00e9 na v\u00fdrobu svie\u010dok z vosku, ale taktie\u017e sa vyu\u017e\u00edva na rozt\u00e1panie vosku. Vn\u00fatorn\u00fd objem n\u00e1doby je 1,5 litra, rovnako ako aj objem v\u00fdhrevn\u00e9ho pl\u00e1\u0161\u0165a. Vodn\u00fd pl\u00e1\u0161\u0165 zabezpe\u010duje rovnomern\u00fd ohrev vosku a udr\u017eanie stabilnej teploty.<\/span><\/h2>\n<div class=\"in-pane\">\n<div class=\"long-description\"><u>Technick\u00e9 parametre mini voskotopky:<\/u><\/p>\n<ul>\n<li>Rozmery (priemer x v\u00fd\u0161ka): ? x ? mm<\/li>\n<li>Materi\u00e1l: kyselinovzdorn\u00e1 nerezov\u00e1 oce\u013e<\/li>\n<li>Objem vn\u00fatornej n\u00e1doby: 1,5 litrov<\/li>\n<li>Hmotnos\u0165: ? kg<\/li>\n<\/ul>\n<\/div>\n<\/div>\n","protected":false},"excerpt":{"rendered":"<p>Nerezov\u00e1 okr\u00fahla MINI voskotopka s vodn\u00fdm pl\u00e1\u0161\u0165om je zariadenie, ktor\u00e9 je navrhnut\u00e9 na v\u00fdrobu svie\u010dok z vosku, ale taktie\u017e sa vyu\u017e\u00edva na rozt\u00e1panie vosku. Vn\u00fatorn\u00fd objem n\u00e1doby je 1,5 litra, rovnako ako aj objem v\u00fdhrevn\u00e9ho pl\u00e1\u0161\u0165a. Vodn\u00fd pl\u00e1\u0161\u0165 zabezpe\u010duje rovnomern\u00fd ohrev vosku a udr\u017eanie stabilnej teploty. Technick\u00e9 parametre mini voskotopky: Rozmery (priemer x v\u00fd\u0161ka): ? <a href=\"https:\/\/www.nedozery.sk\/vcelarstvo\/produkt\/voskotopka-nerezova-mini-bee-1ks\/\" class=\"read-more inline\">\u010c\u00edtaj \u010falej<\/a><\/p>\n","protected":false},"featured_media":712,"comment_status":"open","ping_status":"closed","template":"","meta":[],"product_brand":[],"product_cat":[24,22],"product_tag":[],"class_list":{"0":"post-709","1":"product","2":"type-product","3":"status-publish","4":"has-post-thumbnail","6":"product_cat-vosk","7":"product_cat-sviecky","9":"first","10":"outofstock","11":"sold-individually","12":"taxable","13":"shipping-taxable","14":"purchasable","15":"product-type-simple"},"jetpack_sharing_enabled":true,"_links":{"self":[{"href":"https:\/\/www.nedozery.sk\/vcelarstvo\/wp-json\/wp\/v2\/product\/709","targetHints":{"allow":["GET"]}}],"collection":[{"href":"https:\/\/www.nedozery.sk\/vcelarstvo\/wp-json\/wp\/v2\/product"}],"about":[{"href":"https:\/\/www.nedozery.sk\/vcelarstvo\/wp-json\/wp\/v2\/types\/product"}],"replies":[{"embeddable":true,"href":"https:\/\/www.nedozery.sk\/vcelarstvo\/wp-json\/wp\/v2\/comments?post=709"}],"version-history":[{"count":0,"href":"https:\/\/www.nedozery.sk\/vcelarstvo\/wp-json\/wp\/v2\/product\/709\/revisions"}],"wp:featuredmedia":[{"embeddable":true,"href":"https:\/\/www.nedozery.sk\/vcelarstvo\/wp-json\/wp\/v2\/media\/712"}],"wp:attachment":[{"href":"https:\/\/www.nedozery.sk\/vcelarstvo\/wp-json\/wp\/v2\/media?parent=709"}],"wp:term":[{"taxonomy":"product_brand","embeddable":true,"href":"https:\/\/www.nedozery.sk\/vcelarstvo\/wp-json\/wp\/v2\/product_brand?post=709"},{"taxonomy":"product_cat","embeddable":true,"href":"https:\/\/www.nedozery.sk\/vcelarstvo\/wp-json\/wp\/v2\/product_cat?post=709"},{"taxonomy":"product_tag","embeddable":true,"href":"https:\/\/www.nedozery.sk\/vcelarstvo\/wp-json\/wp\/v2\/product_tag?post=709"}],"curies":[{"name":"wp","href":"https:\/\/api.w.org\/{rel}","templated":true}]}}