{"id":816,"date":"2021-11-26T15:55:57","date_gmt":"2021-11-26T14:55:57","guid":{"rendered":"https:\/\/www.nedozery.sk\/vcelarstvo\/?post_type=product&#038;p=816"},"modified":"2025-02-19T20:49:13","modified_gmt":"2025-02-19T19:49:13","slug":"flasticka-na-propolis-s-kvapatkom-30ml","status":"publish","type":"product","link":"https:\/\/www.nedozery.sk\/vcelarstvo\/produkt\/flasticka-na-propolis-s-kvapatkom-30ml\/","title":{"rendered":"F\u013ea\u0161ti\u010dka na propolis s kvap\u00e1tkom, 30ml"},"content":{"rendered":"<p>F\u013ea\u0161ti\u010dka na propolis 30 ml z tmav\u00e9ho plastu je doplnen\u00e1 kvap\u00e1tkom pre pohodln\u00e9 d\u00e1vkovanie. F\u013ea\u0161ti\u010dky sa dod\u00e1vaj\u00fa s plastov\u00fdm uz\u00e1verom.<\/p>\n<p>UPOZORNENIE: Propolisov\u00e9 f\u013ea\u0161ti\u010dky sa neodpor\u00fa\u010da vystavova\u0165 priamemu slne\u010dn\u00e9mu \u017eiareniu.<\/p>\n","protected":false},"excerpt":{"rendered":"<p>F\u013ea\u0161ti\u010dka na propolis 30 ml z tmav\u00e9ho plastu je doplnen\u00e1 kvap\u00e1tkom pre pohodln\u00e9 d\u00e1vkovanie. F\u013ea\u0161ti\u010dky sa dod\u00e1vaj\u00fa s plastov\u00fdm uz\u00e1verom. UPOZORNENIE: Propolisov\u00e9 f\u013ea\u0161ti\u010dky sa neodpor\u00fa\u010da vystavova\u0165 priamemu slne\u010dn\u00e9mu \u017eiareniu.<\/p>\n","protected":false},"featured_media":817,"comment_status":"open","ping_status":"closed","template":"","meta":[],"product_brand":[],"product_cat":[17,77],"product_tag":[],"class_list":{"0":"post-816","1":"product","2":"type-product","3":"status-publish","4":"has-post-thumbnail","6":"product_cat-obaly","7":"product_cat-pohare","9":"first","10":"instock","11":"taxable","12":"shipping-taxable","13":"purchasable","14":"product-type-simple"},"jetpack_sharing_enabled":true,"_links":{"self":[{"href":"https:\/\/www.nedozery.sk\/vcelarstvo\/wp-json\/wp\/v2\/product\/816","targetHints":{"allow":["GET"]}}],"collection":[{"href":"https:\/\/www.nedozery.sk\/vcelarstvo\/wp-json\/wp\/v2\/product"}],"about":[{"href":"https:\/\/www.nedozery.sk\/vcelarstvo\/wp-json\/wp\/v2\/types\/product"}],"replies":[{"embeddable":true,"href":"https:\/\/www.nedozery.sk\/vcelarstvo\/wp-json\/wp\/v2\/comments?post=816"}],"version-history":[{"count":0,"href":"https:\/\/www.nedozery.sk\/vcelarstvo\/wp-json\/wp\/v2\/product\/816\/revisions"}],"wp:featuredmedia":[{"embeddable":true,"href":"https:\/\/www.nedozery.sk\/vcelarstvo\/wp-json\/wp\/v2\/media\/817"}],"wp:attachment":[{"href":"https:\/\/www.nedozery.sk\/vcelarstvo\/wp-json\/wp\/v2\/media?parent=816"}],"wp:term":[{"taxonomy":"product_brand","embeddable":true,"href":"https:\/\/www.nedozery.sk\/vcelarstvo\/wp-json\/wp\/v2\/product_brand?post=816"},{"taxonomy":"product_cat","embeddable":true,"href":"https:\/\/www.nedozery.sk\/vcelarstvo\/wp-json\/wp\/v2\/product_cat?post=816"},{"taxonomy":"product_tag","embeddable":true,"href":"https:\/\/www.nedozery.sk\/vcelarstvo\/wp-json\/wp\/v2\/product_tag?post=816"}],"curies":[{"name":"wp","href":"https:\/\/api.w.org\/{rel}","templated":true}]}}