{"id":923,"date":"2021-12-03T20:11:46","date_gmt":"2021-12-03T19:11:46","guid":{"rendered":"https:\/\/www.nedozery.sk\/vcelarstvo\/?post_type=product&#038;p=923"},"modified":"2023-10-27T14:31:34","modified_gmt":"2023-10-27T12:31:34","slug":"darcekova-tasticka-set15-ks","status":"publish","type":"product","link":"https:\/\/www.nedozery.sk\/vcelarstvo\/produkt\/darcekova-tasticka-set15-ks\/","title":{"rendered":"Dar\u010dekov\u00e1 ta\u0161ti\u010dka SET15 \/ ks"},"content":{"rendered":"<p>Dar\u010dekov\u00e1 ta\u0161ti\u010dka obsahuje:<\/p>\n<p>Ple\u0165ov\u00fd kr\u00e9m s medom denn\u00fd &#8211; 1x<br \/>\nMydlo medov\u00e9 s tymi\u00e1nom &#8211; 1x<br \/>\nSvie\u010dka zo v\u010delieho vosku (\u017elt\u00e1-pr\u00edrodn\u00e1) 12&#215;4,5cm &#8211; 1x<\/p>\n<p>(V\u0161etky v\u00fdrobky s\u00fa vyroben\u00e9 z pr\u00edrodn\u00fdch produktov)<\/p>\n","protected":false},"excerpt":{"rendered":"<p>Dar\u010dekov\u00e1 ta\u0161ti\u010dka obsahuje: Ple\u0165ov\u00fd kr\u00e9m s medom denn\u00fd &#8211; 1x Mydlo medov\u00e9 s tymi\u00e1nom &#8211; 1x Svie\u010dka zo v\u010delieho vosku (\u017elt\u00e1-pr\u00edrodn\u00e1) 12&#215;4,5cm &#8211; 1x (V\u0161etky v\u00fdrobky s\u00fa vyroben\u00e9 z pr\u00edrodn\u00fdch produktov)<\/p>\n","protected":false},"featured_media":926,"comment_status":"open","ping_status":"closed","template":"","meta":[],"product_brand":[],"product_cat":[31],"product_tag":[],"class_list":{"0":"post-923","1":"product","2":"type-product","3":"status-publish","4":"has-post-thumbnail","6":"product_cat-darceky","8":"first","9":"outofstock","10":"taxable","11":"shipping-taxable","12":"purchasable","13":"product-type-simple"},"jetpack_sharing_enabled":true,"_links":{"self":[{"href":"https:\/\/www.nedozery.sk\/vcelarstvo\/wp-json\/wp\/v2\/product\/923","targetHints":{"allow":["GET"]}}],"collection":[{"href":"https:\/\/www.nedozery.sk\/vcelarstvo\/wp-json\/wp\/v2\/product"}],"about":[{"href":"https:\/\/www.nedozery.sk\/vcelarstvo\/wp-json\/wp\/v2\/types\/product"}],"replies":[{"embeddable":true,"href":"https:\/\/www.nedozery.sk\/vcelarstvo\/wp-json\/wp\/v2\/comments?post=923"}],"version-history":[{"count":0,"href":"https:\/\/www.nedozery.sk\/vcelarstvo\/wp-json\/wp\/v2\/product\/923\/revisions"}],"wp:featuredmedia":[{"embeddable":true,"href":"https:\/\/www.nedozery.sk\/vcelarstvo\/wp-json\/wp\/v2\/media\/926"}],"wp:attachment":[{"href":"https:\/\/www.nedozery.sk\/vcelarstvo\/wp-json\/wp\/v2\/media?parent=923"}],"wp:term":[{"taxonomy":"product_brand","embeddable":true,"href":"https:\/\/www.nedozery.sk\/vcelarstvo\/wp-json\/wp\/v2\/product_brand?post=923"},{"taxonomy":"product_cat","embeddable":true,"href":"https:\/\/www.nedozery.sk\/vcelarstvo\/wp-json\/wp\/v2\/product_cat?post=923"},{"taxonomy":"product_tag","embeddable":true,"href":"https:\/\/www.nedozery.sk\/vcelarstvo\/wp-json\/wp\/v2\/product_tag?post=923"}],"curies":[{"name":"wp","href":"https:\/\/api.w.org\/{rel}","templated":true}]}}